/*
Navicat MySQL Data Transfer

Source Server         : localhost
Source Server Version : 50505
Source Host           : localhost:3306
Source Database       : invoice

Target Server Type    : MYSQL
Target Server Version : 50505
File Encoding         : 65001

Date: 2017-05-25 15:08:05
*/


-- ----------------------------
-- Table structure for `banks`
-- ----------------------------
CREATE TABLE `banks` (
  `id` int(10) unsigned NOT NULL AUTO_INCREMENT,
  `bank` varchar(255) COLLATE utf8_unicode_ci NOT NULL,
  `city` varchar(255) COLLATE utf8_unicode_ci NOT NULL,
  `swift_code` varchar(255) COLLATE utf8_unicode_ci NOT NULL,
  `account` varchar(255) COLLATE utf8_unicode_ci DEFAULT NULL,
  `active` tinyint(1) NOT NULL,
  `created_at` timestamp NULL DEFAULT NULL,
  `updated_at` timestamp NULL DEFAULT NULL,
  PRIMARY KEY (`id`)
) ENGINE=MyISAM AUTO_INCREMENT=148 DEFAULT CHARSET=utf8 COLLATE=utf8_unicode_ci;

-- ----------------------------
-- Records of banks
-- ----------------------------
INSERT INTO `banks` VALUES ('1', 'AFFIN BANK BERHAD', 'KUALA LUMPUR', 'PHBMMYKL', null, '0', null, '2017-05-22 07:31:46');
INSERT INTO `banks` VALUES ('2', 'AFFIN HWANG INVESTMENT BANK BERHAD', 'KUALA LUMPUR', 'HDSBMY2P', null, '0', null, null);
INSERT INTO `banks` VALUES ('3', 'AFFIN ISLAMIC BANK BERHAD', 'KUALA LUMPUR', 'AIBBMYKL', null, '0', null, null);
INSERT INTO `banks` VALUES ('4', 'AIA BHD.', 'KUALA LUMPUR', 'AIACMYKL', null, '0', null, null);
INSERT INTO `banks` VALUES ('5', 'AL RAJHI BANKING AND INVESTMENT CORPORATION (MALAYSIA) BHD', 'KUALA LUMPUR', 'RJHIMYKL', null, '0', null, null);
INSERT INTO `banks` VALUES ('6', 'ALKHAIR INTERNATIONAL ISLAMIC BANK BERHAD', 'KUALA LUMPUR', 'UIIBMYKL', null, '0', null, null);
INSERT INTO `banks` VALUES ('7', 'ALLIANCE BANK MALAYSIA BERHAD', 'KUALA LUMPUR', 'MFBBMYKL', null, '0', null, null);
INSERT INTO `banks` VALUES ('8', 'ALLIANCE INVESTMENT BANK BERHAD', 'KUALA LUMPUR', 'MBAMMYKL', null, '0', null, null);
INSERT INTO `banks` VALUES ('9', 'ALLIANCE ISLAMIC BANK BERHAD', 'KUALA LUMPUR', 'ALSRMYKL', null, '0', null, null);
INSERT INTO `banks` VALUES ('10', 'AMBANK (M) BERHAD', 'KUALA LUMPUR', 'ARBKMYKL', null, '0', null, null);
INSERT INTO `banks` VALUES ('11', 'AMBANK (M) BERHAD', 'LABUAN', 'ARBKMYKLLAB', null, '0', null, null);
INSERT INTO `banks` VALUES ('12', 'AMINVESTMENT BANK BERHAD (FORMERLY KNOWN AS AMMERCHANT BANK BERHAD)', 'KUALA LUMPUR', 'AMMBMYKL', null, '0', null, null);
INSERT INTO `banks` VALUES ('13', 'AMISLAMIC BANK BERHAD', 'KUALA LUMPUR', 'AISLMYKL', null, '0', null, null);
INSERT INTO `banks` VALUES ('14', 'ASIAN FINANCE BANK BERHAD', 'KUALA LUMPUR', 'AFBQMYKL', null, '0', null, null);
INSERT INTO `banks` VALUES ('15', 'ASIAN TRADE INVESTMENT BANK LTD', 'LABUAN', 'ATBLMY2A', null, '0', null, null);
INSERT INTO `banks` VALUES ('16', 'BANGKOK BANK BERHAD', 'KUALA LUMPUR', 'BKKBMYKL', null, '0', null, null);
INSERT INTO `banks` VALUES ('17', 'BANK AL HABIB LIMITED', 'LABUAN', 'BAHLMY2A', null, '0', null, null);
INSERT INTO `banks` VALUES ('18', 'BANK ISLAM MALAYSIA BERHAD', 'KUALA LUMPUR', 'BIMBMYKL', null, '0', null, null);
INSERT INTO `banks` VALUES ('19', 'BANK ISLAM MALAYSIA BERHAD LABUAN OFFSHORE BRANCH', 'LABUAN', 'BISLMYKA', null, '0', null, null);
INSERT INTO `banks` VALUES ('20', 'BANK KERJASAMA RAKYAT MALAYSIA BERHAD (BANK RAKYAT)', 'KUALA LUMPUR', 'BKRMMYKL', null, '0', null, null);
INSERT INTO `banks` VALUES ('21', 'BANK MUAMALAT MALAYSIA BERHAD (6175-W)', 'KUALA LUMPUR', 'BMMBMYKLTFD', null, '0', null, null);
INSERT INTO `banks` VALUES ('22', 'BANK MUAMALAT MALAYSIA BERHAD (6175-W)', 'KUALA LUMPUR', 'BMMBMYKL', null, '0', null, null);
INSERT INTO `banks` VALUES ('23', 'BANK NEGARA MALAYSIA', 'KUALA LUMPUR', 'BNMAMYKL', null, '0', null, null);
INSERT INTO `banks` VALUES ('24', 'BANK NEGARA MALAYSIA', 'KUALA LUMPUR', 'BNMAMY2K', null, '0', null, null);
INSERT INTO `banks` VALUES ('25', 'BANK OF AMERICA, MALAYSIA BERHAD', 'KUALA LUMPUR', 'BOFAMY2X', null, '0', null, null);
INSERT INTO `banks` VALUES ('26', 'BANK OF AMERICA, MALAYSIA BERHAD', 'KUALA LUMPUR', 'BOFAMY2XGRC', null, '0', null, null);
INSERT INTO `banks` VALUES ('27', 'BANK OF AMERICA, MALAYSIA BERHAD', 'KUALA LUMPUR', 'BOFAMY2XLMY', null, '0', null, null);
INSERT INTO `banks` VALUES ('28', 'BANK OF AMERICA, MALAYSIA BERHAD', 'LABUAN', 'BOFAMY2XLBN', null, '0', null, null);
INSERT INTO `banks` VALUES ('29', 'BANK OF CHINA (MALAYSIA) BERHAD', 'KUALA LUMPUR', 'BKCHMYKL', null, '0', null, null);
INSERT INTO `banks` VALUES ('30', 'BANK OF NOVA SCOTIA, THE', 'LABUAN', 'NOSCMY2L', null, '0', null, null);
INSERT INTO `banks` VALUES ('31', 'BANK OF TOKYO-MITSUBISHI UFJ (MALAYSIA) BERHAD', 'KUALA LUMPUR', 'BOTKMYKX', null, '0', null, null);
INSERT INTO `banks` VALUES ('32', 'BANK OF TOKYO-MITSUBISHI UFJ, LTD., THE', 'LABUAN', 'BOTKMYKA', null, '0', null, null);
INSERT INTO `banks` VALUES ('33', 'BANK PERTANIAN MALAYSIA BERHAD-AGROBANK', 'KUALA LUMPUR', 'AGOBMYKL', null, '0', null, null);
INSERT INTO `banks` VALUES ('34', 'BNP PARIBAS', 'LABUAN', 'BNPAMYKA', null, '0', null, null);
INSERT INTO `banks` VALUES ('35', 'BNP PARIBAS MALAYSIA BERHAD', 'KUALA LUMPUR', 'BNPAMYKLSPI', null, '0', null, null);
INSERT INTO `banks` VALUES ('36', 'BNP PARIBAS MALAYSIA BERHAD', 'KUALA LUMPUR', 'BNPAMYKL', null, '0', null, null);
INSERT INTO `banks` VALUES ('37', 'CAGAMAS BERHAD', 'KUALA LUMPUR', 'CAGAMYKL', null, '0', null, null);
INSERT INTO `banks` VALUES ('38', 'CIMB BANK (L) LIMITED', 'LABUAN', 'CIBBMYKA', null, '0', null, null);
INSERT INTO `banks` VALUES ('39', 'CIMB BANK BERHAD', 'KUALA LUMPUR', 'CIBBMYKLSBL', null, '0', null, null);
INSERT INTO `banks` VALUES ('40', 'CIMB BANK BERHAD', 'KUALA LUMPUR', 'CIBBMYKL', null, '0', null, null);
INSERT INTO `banks` VALUES ('41', 'CIMB BANK BERHAD, LABUAN OFFSHORE BRANCH', 'LABUAN', 'CIBBMY2L', null, '0', null, null);
INSERT INTO `banks` VALUES ('42', 'CIMB INVESTMENT BANK BERHAD', 'KUALA LUMPUR', 'COIMMYKL', null, '0', null, null);
INSERT INTO `banks` VALUES ('43', 'CIMB ISLAMIC BANK BERHAD', 'KUALA LUMPUR', 'CTBBMYKL', null, '1', null, '2017-05-12 03:30:44');
INSERT INTO `banks` VALUES ('44', 'CIMB-PRINCIPAL ASSET MANAGEMENT BERHAD', 'KUALA LUMPUR', 'CANHMYKL', null, '0', null, null);
INSERT INTO `banks` VALUES ('45', 'CITIBANK BERHAD', 'GEORGETOWN', 'CITIMYKLPEN', null, '0', null, null);
INSERT INTO `banks` VALUES ('46', 'CITIBANK BERHAD', 'JOHOR BAHRU, JOHOR', 'CITIMYKLJOD', null, '0', null, null);
INSERT INTO `banks` VALUES ('47', 'CITIBANK BERHAD', 'KUALA LUMPUR', 'CITIMYKL', null, '0', null, null);
INSERT INTO `banks` VALUES ('48', 'CITIBANK BERHAD', 'KUALA LUMPUR', 'CITIMYKLLAB', null, '0', null, null);
INSERT INTO `banks` VALUES ('49', 'DBS BANK LTD, LABUAN BRANCH', 'LABUAN', 'DBSSMY2A', null, '0', null, null);
INSERT INTO `banks` VALUES ('50', 'DEUTSCHE BANK (MALAYSIA) BERHAD', 'KUALA LUMPUR', 'DEUTMYKLISB', null, '0', null, null);
INSERT INTO `banks` VALUES ('51', 'DEUTSCHE BANK (MALAYSIA) BERHAD', 'KUALA LUMPUR', 'DEUTMYKL', null, '0', null, null);
INSERT INTO `banks` VALUES ('52', 'DEUTSCHE BANK (MALAYSIA) BERHAD', 'KUALA LUMPUR', 'DEUTMYKLGMO', null, '0', null, null);
INSERT INTO `banks` VALUES ('53', 'DEUTSCHE BANK (MALAYSIA) BERHAD', 'KUALA LUMPUR', 'DEUTMYKLIBW', null, '0', null, null);
INSERT INTO `banks` VALUES ('54', 'DEUTSCHE BANK (MALAYSIA) BERHAD', 'LABUAN', 'DEUTMYKLBLB', null, '0', null, null);
INSERT INTO `banks` VALUES ('55', 'EXPORT-IMPORT BANK OF MALAYSIA BERHAD', 'KUALA LUMPUR', 'EXMBMYKL', null, '0', null, null);
INSERT INTO `banks` VALUES ('56', 'FELDA GLOBAL VENTURES CAPITAL SDN. BHD.', 'KUALA LUMPUR', 'FGVCMYKL', null, '0', null, null);
INSERT INTO `banks` VALUES ('57', 'FIDELITY ASIA BANK LTD', 'LABUAN', 'FABEMY22', null, '0', null, null);
INSERT INTO `banks` VALUES ('58', 'HONG LEONG BANK BERHAD', 'JOHOR BAHRU, JOHOR', 'HLBBMYKLJBU', null, '0', null, null);
INSERT INTO `banks` VALUES ('59', 'HONG LEONG BANK BERHAD', 'KUALA LUMPUR', 'HLBBMYKLIBU', null, '0', null, null);
INSERT INTO `banks` VALUES ('60', 'HONG LEONG BANK BERHAD', 'KUALA LUMPUR', 'HLBBMYKL', null, '0', null, null);
INSERT INTO `banks` VALUES ('61', 'HONG LEONG BANK BERHAD', 'KUCHING, SARAWAK', 'HLBBMYKLKCH', null, '0', null, null);
INSERT INTO `banks` VALUES ('62', 'HONG LEONG BANK BERHAD', 'PENANG, PENANG', 'HLBBMYKLPNG', null, '0', null, null);
INSERT INTO `banks` VALUES ('63', 'HONG LEONG INVESTMENT BANK BERHAD', 'KUALA LUMPUR', 'HLIVMYKL', null, '0', null, null);
INSERT INTO `banks` VALUES ('64', 'HONG LEONG ISLAMIC BANK BERHAD', 'KUALA LUMPUR', 'HLIBMYKL', null, '0', null, null);
INSERT INTO `banks` VALUES ('65', 'HONGKONG AND SHANGHAI BANKING CORPORATION LTD.,THE', 'LABUAN', 'HSBCMYKA', null, '0', null, null);
INSERT INTO `banks` VALUES ('66', 'HSBC (MALAYSIA) TRUSTEE BERHAD', 'KUALA LUMPUR', 'HSTMMYKLGWS', null, '0', null, null);
INSERT INTO `banks` VALUES ('67', 'HSBC (MALAYSIA) TRUSTEE BERHAD', 'KUALA LUMPUR', 'HSTMMYKL', null, '0', null, null);
INSERT INTO `banks` VALUES ('68', 'HSBC AMANAH MALAYSIA BERHAD', 'KUALA LUMPUR', 'HMABMYKL', null, '0', null, null);
INSERT INTO `banks` VALUES ('69', 'HSBC BANK MALAYSIA BERHAD', 'KUALA LUMPUR', 'HBMBMYKL', null, '0', null, null);
INSERT INTO `banks` VALUES ('70', 'INDIA INTERNATIONAL BANK (MALAYSIA) BERHAD', 'KUALA LUMPUR', 'IIMBMYKL', null, '0', null, null);
INSERT INTO `banks` VALUES ('71', 'INDUSTRIAL AND COMMERCIAL BANK OF CHINA (MALAYSIA) BERHAD.', 'KUALA LUMPUR', 'ICBKMYKL', null, '0', null, null);
INSERT INTO `banks` VALUES ('72', 'INDUSTRIAL AND COMMERCIAL BANK OF CHINA (MALAYSIA) BERHAD.', 'LABUAN', 'ICBKMYKLLAB', null, '0', null, null);
INSERT INTO `banks` VALUES ('73', 'J.P.MORGAN CHASE BANK BERHAD', 'KUALA LUMPUR', 'CHASMYKXSEC', null, '0', null, null);
INSERT INTO `banks` VALUES ('74', 'J.P.MORGAN CHASE BANK BERHAD', 'KUALA LUMPUR', 'CHASMYKXKEY', null, '0', null, null);
INSERT INTO `banks` VALUES ('75', 'J.P.MORGAN CHASE BANK BERHAD', 'KUALA LUMPUR', 'CHASMYKX', null, '0', null, null);
INSERT INTO `banks` VALUES ('76', 'JPMORGAN CHASE BANK, N.A., LABUAN BRANCH', 'LABUAN', 'CHASMY2A', null, '0', null, null);
INSERT INTO `banks` VALUES ('77', 'KAF INVESTMENT BANK BERHAD', 'KUALA LUMPUR', 'KAFBMYKL', null, '0', null, null);
INSERT INTO `banks` VALUES ('78', 'KENANGA INVESTMENT BANK BERHAD', 'KUALA LUMPUR', 'ECMLMYKL', null, '0', null, null);
INSERT INTO `banks` VALUES ('79', 'KUWAIT FINANCE HOUSE (MALAYSIA) BERHAD', 'KUALA LUMPUR', 'KFHOMYKL', null, '0', null, null);
INSERT INTO `banks` VALUES ('80', 'MALAYAN BANKING BERHAD (MAYBANK)', 'BUTTERWORTH, PENANG', 'MBBEMYKLBWC', null, '0', null, null);
INSERT INTO `banks` VALUES ('81', 'MALAYAN BANKING BERHAD (MAYBANK)', 'IPOH, PERAK', 'MBBEMYKLIPH', null, '0', null, null);
INSERT INTO `banks` VALUES ('82', 'MALAYAN BANKING BERHAD (MAYBANK)', 'JOHOR BAHRU, JOHOR', 'MBBEMYKLJOB', null, '0', null, null);
INSERT INTO `banks` VALUES ('83', 'MALAYAN BANKING BERHAD (MAYBANK)', 'KOTA KINABALU, SABAH', 'MBBEMYKLKIN', null, '0', null, null);
INSERT INTO `banks` VALUES ('84', 'MALAYAN BANKING BERHAD (MAYBANK)', 'KUALA LUMPU', 'MBBEMYKLBAN', null, '0', null, null);
INSERT INTO `banks` VALUES ('85', 'MALAYAN BANKING BERHAD (MAYBANK)', 'KUALA LUMPUR', 'MBBEMYKLBBG', null, '0', null, null);
INSERT INTO `banks` VALUES ('86', 'MALAYAN BANKING BERHAD (MAYBANK)', 'KUALA LUMPUR', 'MBBEMYKLWEB', null, '0', null, null);
INSERT INTO `banks` VALUES ('87', 'MALAYAN BANKING BERHAD (MAYBANK)', 'KUALA LUMPUR', 'MBBEMYKLCSD', null, '0', null, null);
INSERT INTO `banks` VALUES ('88', 'MALAYAN BANKING BERHAD (MAYBANK)', 'KUALA LUMPUR', 'MBBEMYKLKEP', null, '0', null, null);
INSERT INTO `banks` VALUES ('89', 'MALAYAN BANKING BERHAD (MAYBANK)', 'KUALA LUMPUR', 'MBBEMYKLPUD', null, '0', null, null);
INSERT INTO `banks` VALUES ('90', 'MALAYAN BANKING BERHAD (MAYBANK)', 'KUALA LUMPUR', 'MBBEMYKLSUB', null, '0', null, null);
INSERT INTO `banks` VALUES ('91', 'MALAYAN BANKING BERHAD (MAYBANK)', 'KUALA LUMPUR', 'MBBEMYKLKLC', null, '0', null, null);
INSERT INTO `banks` VALUES ('92', 'MALAYAN BANKING BERHAD (MAYBANK)', 'KUALA LUMPUR', 'MBBEMYKLWSD', null, '0', null, null);
INSERT INTO `banks` VALUES ('93', 'MALAYAN BANKING BERHAD (MAYBANK)', 'KUALA LUMPUR', 'MBBEMYKL', null, '0', null, null);
INSERT INTO `banks` VALUES ('94', 'MALAYAN BANKING BERHAD (MAYBANK)', 'MALACCA, MALACCA', 'MBBEMYKLMAL', null, '0', null, null);
INSERT INTO `banks` VALUES ('95', 'MALAYAN BANKING BERHAD (MAYBANK)', 'PASIR GUDANG, JOHOR', 'MBBEMYKLPSG', null, '0', null, null);
INSERT INTO `banks` VALUES ('96', 'MALAYAN BANKING BERHAD (MAYBANK)', 'PENANG, PENANG', 'MBBEMYKLPGC', null, '0', null, null);
INSERT INTO `banks` VALUES ('97', 'MALAYAN BANKING BERHAD (MAYBANK)', 'PENANG, PENANG', 'MBBEMYKLPEN', null, '0', null, null);
INSERT INTO `banks` VALUES ('98', 'MALAYAN BANKING BERHAD (MAYBANK)', 'PETALING JAYA, SELANGOR', 'MBBEMYKLPJC', null, '0', null, null);
INSERT INTO `banks` VALUES ('99', 'MALAYAN BANKING BERHAD (MAYBANK)', 'PETALING JAYA, SELANGOR', 'MBBEMYKLYSL', null, '0', null, null);
INSERT INTO `banks` VALUES ('100', 'MALAYAN BANKING BERHAD (MAYBANK)', 'PETALING JAYA, SELANGOR', 'MBBEMYKLPJY', null, '0', null, null);
INSERT INTO `banks` VALUES ('101', 'MALAYAN BANKING BERHAD (MAYBANK)', 'PORT KLANG, SELANGOR', 'MBBEMYKLPKG', null, '0', null, null);
INSERT INTO `banks` VALUES ('102', 'MALAYAN BANKING BERHAD (MAYBANK)', 'SEREMBAN, NEGRI SEMBILAN', 'MBBEMYKLSBN', null, '0', null, null);
INSERT INTO `banks` VALUES ('103', 'MALAYAN BANKING BERHAD (MAYBANK)', 'SHAH ALAM, SELANGOR', 'MBBEMYKLSAC', null, '0', null, null);
INSERT INTO `banks` VALUES ('104', 'MALAYAN BANKING BERHAD (MAYBANK)', 'SHAH ALAM, SELANGOR', 'MBBEMYKLSHA', null, '0', null, null);
INSERT INTO `banks` VALUES ('105', 'MALAYSIA AIRLINES BERHAD', 'SUBANG', 'MAYHMY22', null, '0', null, null);
INSERT INTO `banks` VALUES ('106', 'MAX MONEY SDN BHD', 'KUALA LUMPUR', 'MMSBMYKL', null, '0', null, null);
INSERT INTO `banks` VALUES ('107', 'MAYBANK INTERNATIONAL (L) LTD.', 'LABUAN', 'MBBEMYKA', null, '0', null, null);
INSERT INTO `banks` VALUES ('108', 'MAYBANK INTERNATIONAL LABUAN BRANCH', 'LABUAN', 'MBBEMY2L', null, '0', null, null);
INSERT INTO `banks` VALUES ('109', 'MAYBANK INVESTMENT BANK BERHAD', 'KUALA LUMPUR', 'MBEAMYKL', null, '0', null, null);
INSERT INTO `banks` VALUES ('110', 'MAYBANK ISLAMIC BERHAD', 'KUALA LUMPUR', 'MBISMYKL', null, '1', null, '2017-05-12 03:30:33');
INSERT INTO `banks` VALUES ('111', 'MEGA INTERNATIONAL COMMERCIAL BANK CO., LTD. LABUAN BRANCH', 'LABUAN', 'ICBCMY2L', null, '0', null, null);
INSERT INTO `banks` VALUES ('112', 'MERCEDES-BENZ MALAYSIA SDN. BHD.', 'KUALA LUMPUR', 'DABEMYKL', null, '0', null, null);
INSERT INTO `banks` VALUES ('113', 'MERCEDES-BENZ SERVICES MALAYSIA SDN. BHD.', 'KUALA LUMPUR', 'MBSMMYKL', null, '0', null, null);
INSERT INTO `banks` VALUES ('114', 'MIDDLE EAST INVESTMENT BANK LTD', 'LABUAN', 'MEIBMYKA', null, '0', null, null);
INSERT INTO `banks` VALUES ('115', 'MIZUHO BANK (MALAYSIA) BERHAD', 'KUALA LUMPUR', 'MHCBMYKA', null, '0', null, null);
INSERT INTO `banks` VALUES ('116', 'MIZUHO BANK, LTD., LABUAN BRANCH', 'LABUAN', 'MHCBMY2L', null, '0', null, null);
INSERT INTO `banks` VALUES ('117', 'NATIONAL BANK OF ABU DHABI', 'KUALA LUMPUR', 'NBADMYKL', null, '0', null, null);
INSERT INTO `banks` VALUES ('118', 'NATIONAL BANK OF ABU DHABI', 'LABUAN', 'NBADMYKLLAU', null, '0', null, null);
INSERT INTO `banks` VALUES ('119', 'NOMURA ASSET MANAGEMENT MALAYSIA SDN BHD', 'KUALA LUMPUR', 'NOCMMYKL', null, '0', null, null);
INSERT INTO `banks` VALUES ('120', 'OCBC AL-AMIN BANK BERHAD', 'KUALA LUMPUR', 'OABBMYKL', null, '0', null, null);
INSERT INTO `banks` VALUES ('121', 'OCBC BANK (MALAYSIA) BERHAD', 'KUALA LUMPUR', 'OCBCMYKL', null, '0', null, null);
INSERT INTO `banks` VALUES ('122', 'OVERSEA-CHINESE BANKING CORP. LTD, LABUAN BRANCH', 'LABUAN', 'OCBCMYKA', null, '0', null, null);
INSERT INTO `banks` VALUES ('123', 'PETROLIAM NASIONAL BERHAD', 'KUALA LUMPUR', 'PTROMYKLFSD', null, '0', null, null);
INSERT INTO `banks` VALUES ('124', 'PETROLIAM NASIONAL BERHAD', 'KUALA LUMPUR', 'PTROMYKL', null, '0', null, null);
INSERT INTO `banks` VALUES ('125', 'PETRONAS CARIGALI SDN BHD', 'KUALA LUMPUR', 'PCGLMYKL', null, '0', null, null);
INSERT INTO `banks` VALUES ('126', 'PETRONAS TRADING CORPORATION SDN. BHD', 'KUALA LUMPUR', 'PTRDMYKL', null, '0', null, null);
INSERT INTO `banks` VALUES ('127', 'PG ASIA INVESTMENT BANK LTD', 'LABUAN', 'AINEMY22', null, '0', null, null);
INSERT INTO `banks` VALUES ('128', 'PUBLIC BANK (L) LTD', 'LABUAN', 'PBLLMYKA', null, '0', null, null);
INSERT INTO `banks` VALUES ('129', 'PUBLIC BANK BERHAD', 'KUALA LUMPUR', 'PBBEMYKL', null, '0', null, null);
INSERT INTO `banks` VALUES ('130', 'PUBLIC ISLAMIC BANK BERHAD', 'KUALA LUMPUR', 'PUIBMYKL', null, '0', null, null);
INSERT INTO `banks` VALUES ('131', 'RHB BANK (L) LTD', 'LABUAN', 'RHBBMYKA', null, '0', null, null);
INSERT INTO `banks` VALUES ('132', 'RHB BANK BERHAD', 'KUALA LUMPUR', 'RHBBMYKL', null, '0', null, null);
INSERT INTO `banks` VALUES ('133', 'RHB INVESTMENT BANK BERHAD', 'KUALA LUMPUR', 'OSKIMYKL', null, '0', null, null);
INSERT INTO `banks` VALUES ('134', 'RHB ISLAMIC BANK BERHAD', 'KUALA LUMPUR', 'RHBAMYKL', null, '0', null, null);
INSERT INTO `banks` VALUES ('135', 'STANDARD CHARTERED BANK MALAYSIA BERHAD', 'KUALA LUMPUR', 'SCBLMYKX', null, '0', null, null);
INSERT INTO `banks` VALUES ('136', 'STANDARD CHARTERED BANK MALAYSIA BERHAD', 'LABUAN', 'SCBLMYKXLAB', null, '0', null, null);
INSERT INTO `banks` VALUES ('137', 'STANDARD CHARTERED SAADIQ BERHAD', 'KUALA LUMPUR', 'SCSRMYKK', null, '0', null, null);
INSERT INTO `banks` VALUES ('138', 'SUMITOMO MITSUI BANKING CORPORATION', 'LABUAN', 'SMBCMYKA', null, '0', null, null);
INSERT INTO `banks` VALUES ('139', 'SUMITOMO MITSUI BANKING CORPORATION MALAYSIA BERHAD', 'KUALA LUMPUR', 'SMBCMYKL', null, '0', null, null);
INSERT INTO `banks` VALUES ('140', 'THE BANK OF NOVA SCOTIA BERHAD', 'KUALA LUMPUR', 'NOSCMYKL', null, '0', null, null);
INSERT INTO `banks` VALUES ('141', 'THE ROYAL BANK OF SCOTLAND BERHAD (301932-A)', 'KUALA LUMPUR', 'ABNAMYKL', null, '0', null, null);
INSERT INTO `banks` VALUES ('142', 'THE ROYAL BANK OF SCOTLAND BERHAD (301932-A)', 'PENANG, PENANG', 'ABNAMYKLPNG', null, '0', null, null);
INSERT INTO `banks` VALUES ('143', 'THE ROYAL BANK OF SCOTLAND PLC LABUAN BRANCH', 'LABUAN', 'ABNAMY2A', null, '0', null, null);
INSERT INTO `banks` VALUES ('144', 'UNITED OVERSEAS BANK (MALAYSIA) BERHAD', 'KUALA LUMPUR', 'UOVBMYKLCND', null, '0', null, null);
INSERT INTO `banks` VALUES ('145', 'UNITED OVERSEAS BANK (MALAYSIA) BERHAD', 'KUALA LUMPUR', 'UOVBMYKL', null, '0', null, null);
INSERT INTO `banks` VALUES ('146', 'UNITED OVERSEAS BANK LIMITED LABUAN BRANCH', 'LABUAN', 'UOVBMY2L', null, '0', null, null);
INSERT INTO `banks` VALUES ('147', 'BITCOIN', 'USA', 'BITCOIN', null, '0', '2017-05-22 09:06:07', '2017-05-22 09:06:07');

-- ----------------------------
-- Table structure for `customers`
-- ----------------------------
CREATE TABLE `customers` (
  `id` int(10) unsigned NOT NULL AUTO_INCREMENT,
  `client` text COLLATE utf8_unicode_ci NOT NULL,
  `client_address` longtext COLLATE utf8_unicode_ci,
  `client_poskod` varchar(255) COLLATE utf8_unicode_ci DEFAULT NULL,
  `client_phone` varchar(255) COLLATE utf8_unicode_ci DEFAULT NULL,
  `client_email` varchar(255) COLLATE utf8_unicode_ci DEFAULT NULL,
  `deleted_at` timestamp NULL DEFAULT NULL,
  `created_at` timestamp NULL DEFAULT NULL,
  `updated_at` timestamp NULL DEFAULT NULL,
  PRIMARY KEY (`id`)
) ENGINE=MyISAM AUTO_INCREMENT=5 DEFAULT CHARSET=utf8 COLLATE=utf8_unicode_ci;

-- ----------------------------
-- Records of customers
-- ----------------------------
INSERT INTO `customers` VALUES ('1', 'Wani', '1, TAMAN MUTIARA, SUNGAI PETANI, KEDAH DARUL AMAN', '08000', '0162172420', 'dhiauddin@gmail.com', null, '2017-05-12 03:33:09', '2017-05-12 03:33:09');
INSERT INTO `customers` VALUES ('2', 'Azaliha Abdullah', null, null, null, null, null, '2017-05-12 12:04:18', '2017-05-12 12:04:22');
INSERT INTO `customers` VALUES ('3', 'Fatihah', 'A33, SUSURAN BANDAR BARU MERGONG, TAMAN BANDAR BARU MERGONG, MERGONG, ALOR SETAR, KEDAH DARUL AMAN', '05150', '0124872679', null, null, '2017-05-12 04:27:54', '2017-05-12 04:27:54');
INSERT INTO `customers` VALUES ('4', 'Dhiauddin', null, null, '0162052420', null, null, '2017-05-12 04:30:03', '2017-05-12 04:30:03');

-- ----------------------------
-- Table structure for `migrations`
-- ----------------------------
CREATE TABLE `migrations` (
  `id` int(10) unsigned NOT NULL AUTO_INCREMENT,
  `migration` varchar(255) COLLATE utf8_unicode_ci NOT NULL,
  `batch` int(11) NOT NULL,
  PRIMARY KEY (`id`)
) ENGINE=MyISAM AUTO_INCREMENT=18 DEFAULT CHARSET=utf8 COLLATE=utf8_unicode_ci;

-- ----------------------------
-- Records of migrations
-- ----------------------------
INSERT INTO `migrations` VALUES ('1', '2014_10_12_000000_create_users_table', '1');
INSERT INTO `migrations` VALUES ('2', '2014_10_12_100000_create_password_resets_table', '1');
INSERT INTO `migrations` VALUES ('3', '2017_03_12_091611_create_product_images_table', '1');
INSERT INTO `migrations` VALUES ('4', '2017_03_14_001723_create_products_table', '1');
INSERT INTO `migrations` VALUES ('5', '2017_04_01_170946_create_user_groups_table', '1');
INSERT INTO `migrations` VALUES ('6', '2017_04_09_080258_create_product_categories_table', '1');
INSERT INTO `migrations` VALUES ('7', '2017_04_10_022558_create_sales_table', '1');
INSERT INTO `migrations` VALUES ('8', '2017_04_10_022855_create_sales_items_table', '1');
INSERT INTO `migrations` VALUES ('9', '2017_04_10_022910_create_customers_table', '1');
INSERT INTO `migrations` VALUES ('10', '2017_04_29_010707_create_slip_postages_table', '1');
INSERT INTO `migrations` VALUES ('11', '2017_04_29_145442_create_banks_table', '1');
INSERT INTO `migrations` VALUES ('12', '2017_04_29_145506_create_payments_table', '1');
INSERT INTO `migrations` VALUES ('13', '2017_05_02_070956_create_slip_numbers_table', '1');
INSERT INTO `migrations` VALUES ('14', '2017_05_03_012521_create_taxes_table', '1');
INSERT INTO `migrations` VALUES ('15', '2017_05_03_012957_create_sales_taxes_table', '1');
INSERT INTO `migrations` VALUES ('16', '2017_05_09_161603_create_sales_customers_table', '1');
INSERT INTO `migrations` VALUES ('17', '2017_05_15_032723_create_preferences_table', '2');

-- ----------------------------
-- Records of password_resets
-- ----------------------------

-- ----------------------------
-- Table structure for `payments`
-- ----------------------------
CREATE TABLE `payments` (
  `id` int(10) unsigned NOT NULL AUTO_INCREMENT,
  `id_sales` int(11) NOT NULL,
  `id_bank` int(11) NOT NULL,
  `date_payment` date NOT NULL,
  `amount` double(8,2) NOT NULL,
  `deleted_at` timestamp NULL DEFAULT NULL,
  `created_at` timestamp NULL DEFAULT NULL,
  `updated_at` timestamp NULL DEFAULT NULL,
  PRIMARY KEY (`id`),
  KEY `payments_id_sales_foreign` (`id_sales`),
  KEY `payments_id_bank_foreign` (`id_bank`)
) ENGINE=MyISAM AUTO_INCREMENT=7 DEFAULT CHARSET=utf8 COLLATE=utf8_unicode_ci;

-- ----------------------------
-- Records of payments
-- ----------------------------
INSERT INTO `payments` VALUES ('1', '1', '43', '2017-05-09', '200.00', null, '2017-05-12 03:33:09', '2017-05-12 03:33:09');
INSERT INTO `payments` VALUES ('2', '2', '43', '2017-01-01', '338.00', null, '2017-05-12 03:56:46', '2017-05-12 03:56:46');
INSERT INTO `payments` VALUES ('3', '2', '110', '2017-01-01', '0.14', null, '2017-05-12 04:05:22', '2017-05-12 04:05:22');
INSERT INTO `payments` VALUES ('4', '3', '110', '2017-02-28', '1132.08', null, '2017-05-12 04:07:44', '2017-05-12 04:07:44');
INSERT INTO `payments` VALUES ('5', '5', '43', '2017-04-01', '178.00', '2017-05-21 12:28:37', '2017-05-12 04:27:54', '2017-05-21 12:28:37');
INSERT INTO `payments` VALUES ('6', '6', '110', '2017-01-30', '99.00', null, '2017-05-12 04:30:03', '2017-05-12 04:30:03');

-- ----------------------------
-- Table structure for `preferences`
-- ----------------------------
CREATE TABLE `preferences` (
  `id` int(10) unsigned NOT NULL AUTO_INCREMENT,
  `company_name` text COLLATE utf8_unicode_ci NOT NULL,
  `company_registration` text COLLATE utf8_unicode_ci NOT NULL,
  `company_address` text COLLATE utf8_unicode_ci NOT NULL,
  `company_postcode` varchar(255) COLLATE utf8_unicode_ci NOT NULL,
  `company_logo_mime` text COLLATE utf8_unicode_ci NOT NULL,
  `company_logo_image` longtext COLLATE utf8_unicode_ci NOT NULL,
  `company_tagline` varchar(255) COLLATE utf8_unicode_ci NOT NULL,
  `company_fixed_line` varchar(255) COLLATE utf8_unicode_ci NOT NULL,
  `company_mobile` varchar(255) COLLATE utf8_unicode_ci NOT NULL,
  `company_email` varchar(255) COLLATE utf8_unicode_ci NOT NULL,
  `company_owner` int(255) NOT NULL,
  `company_person_in-charge` int(255) NOT NULL,
  `created_at` timestamp NULL DEFAULT NULL,
  `updated_at` timestamp NULL DEFAULT NULL,
  PRIMARY KEY (`id`)
) ENGINE=MyISAM AUTO_INCREMENT=2 DEFAULT CHARSET=utf8 COLLATE=utf8_unicode_ci;

-- ----------------------------
-- Records of preferences
-- ----------------------------
INSERT INTO `preferences` VALUES ('1', 'AYUS LINE SDN BHD', 'WQ3456B', 'A33, TINGKAT ATAS, SUSURAN BANDAR BARU MERGONG,\r\nTAMAN BANDAR BARU MERGONG,\r\nMERGONG, ALOR SETAR, KEDAH.', '05150', 'image/jpeg', '[BLOB]', 'SELESA, MANTAP, TERANGKAT', '047301429', '0124872679', 'AYUSLINE@GMAIL.COM', '1', '2', null, '2017-05-17 01:10:18');

-- ----------------------------
-- Table structure for `products`
-- ----------------------------
CREATE TABLE `products` (
  `id` int(10) unsigned NOT NULL AUTO_INCREMENT,
  `id_user` int(11) NOT NULL,
  `product` varchar(255) COLLATE utf8_unicode_ci NOT NULL,
  `id_category` int(11) NOT NULL,
  `retail` double(8,2) NOT NULL,
  `commission` double(8,2) NOT NULL,
  `active` tinyint(1) NOT NULL,
  `created_at` timestamp NULL DEFAULT NULL,
  `updated_at` timestamp NULL DEFAULT NULL,
  PRIMARY KEY (`id`),
  UNIQUE KEY `products_product_unique` (`product`),
  KEY `products_id_user_foreign` (`id_user`),
  KEY `products_id_category_foreign` (`id_category`)
) ENGINE=MyISAM AUTO_INCREMENT=38 DEFAULT CHARSET=utf8 COLLATE=utf8_unicode_ci;

-- ----------------------------
-- Records of products
-- ----------------------------
INSERT INTO `products` VALUES ('1', '2', 'Bengkung Mama Pinggang', '3', '68.00', '2.50', '1', '2017-03-29 10:47:49', '2017-03-29 10:47:49');
INSERT INTO `products` VALUES ('2', '2', 'Bengkung Mama Punggung', '3', '57.00', '2.00', '1', '2017-03-29 10:49:18', '2017-03-29 10:49:18');
INSERT INTO `products` VALUES ('3', '2', 'Mandian Herba', '3', '17.00', '0.50', '1', '2017-03-29 10:50:03', '2017-03-29 10:50:03');
INSERT INTO `products` VALUES ('4', '2', 'Miracle Body Lotion', '4', '59.00', '2.00', '1', '2017-03-29 10:51:29', '2017-03-29 10:51:29');
INSERT INTO `products` VALUES ('5', '2', 'KurV', '4', '399.00', '15.00', '1', '2017-03-29 10:53:39', '2017-03-29 10:53:39');
INSERT INTO `products` VALUES ('6', '2', 'Ultraslim', '4', '230.00', '5.00', '1', '2017-03-29 09:56:21', '2017-03-29 09:56:21');
INSERT INTO `products` VALUES ('7', '2', 'Hide-It', '4', '39.00', '1.00', '1', '2017-03-29 10:05:15', '2017-03-29 10:05:15');
INSERT INTO `products` VALUES ('8', '2', 'Miracle Body Lotion Sample', '3', '8.00', '0.50', '1', '2017-03-29 10:07:22', '2017-03-29 10:07:22');
INSERT INTO `products` VALUES ('9', '2', 'Bedak Panas (Param, Pilis & Lulur)', '3', '35.00', '0.50', '1', '2017-03-29 10:33:13', '2017-03-29 10:33:13');
INSERT INTO `products` VALUES ('10', '2', 'Homemade Miracle Oil (Small)', '3', '29.00', '0.00', '1', '2017-03-29 10:38:02', '2017-03-29 10:38:02');
INSERT INTO `products` VALUES ('11', '2', 'Homemade Miracle Oil (Large)', '3', '49.00', '1.00', '1', '2017-03-29 10:40:08', '2017-03-29 10:40:08');
INSERT INTO `products` VALUES ('12', '2', 'Tungku Besi', '3', '40.00', '0.00', '1', '2017-03-29 10:41:28', '2017-03-29 10:41:28');
INSERT INTO `products` VALUES ('13', '2', 'Sarung Tungku', '3', '45.00', '1.00', '1', '2017-03-29 10:42:47', '2017-03-29 10:42:47');
INSERT INTO `products` VALUES ('14', '2', 'Tungku Batu Sungai', '3', '69.90', '0.00', '1', '2017-03-29 10:45:30', '2017-03-29 10:45:30');
INSERT INTO `products` VALUES ('15', '2', 'Herba Tangas', '3', '39.00', '0.50', '1', '2017-03-29 15:38:11', '2017-03-29 15:38:11');
INSERT INTO `products` VALUES ('16', '2', 'Bangku Tangas Rotan', '3', '135.00', '2.00', '1', '2017-03-29 15:43:20', '2017-03-29 15:43:20');
INSERT INTO `products` VALUES ('17', '2', 'Selimut Tangas', '3', '120.00', '1.00', '1', '2017-03-29 15:46:22', '2017-03-29 15:46:22');
INSERT INTO `products` VALUES ('18', '2', 'Periuk Tangas', '3', '25.00', '0.50', '1', '2017-03-29 15:48:44', '2017-03-29 15:48:44');
INSERT INTO `products` VALUES ('19', '2', 'Tuam Bayi', '2', '15.90', '0.00', '1', '2017-03-29 15:52:02', '2017-03-29 15:52:02');
INSERT INTO `products` VALUES ('20', '2', 'Minyak Telon', '2', '29.00', '0.00', '1', '2017-03-29 15:53:07', '2017-03-29 15:53:07');
INSERT INTO `products` VALUES ('21', '2', 'Minyak Celak', '2', '15.00', '0.00', '1', '2017-03-29 15:55:59', '2017-03-29 15:55:59');
INSERT INTO `products` VALUES ('22', '2', 'Minyak Serai Wangi', '2', '15.00', '0.00', '1', '2017-03-29 15:56:26', '2017-03-29 15:56:26');
INSERT INTO `products` VALUES ('23', '2', 'Seluar Mengandung (New)', '1', '89.00', '3.00', '1', '2017-03-29 16:02:39', '2017-03-29 16:02:39');
INSERT INTO `products` VALUES ('24', '2', 'Seluar Mengandung (Prelove)', '1', '50.00', '1.00', '1', '2017-03-29 16:08:37', '2017-03-29 16:08:37');
INSERT INTO `products` VALUES ('25', '2', 'Clothe Diaper', '4', '20.00', '0.50', '1', '2017-03-29 17:03:26', '2017-03-29 17:03:26');
INSERT INTO `products` VALUES ('26', '2', 'Insert Micro', '4', '10.00', '0.50', '1', '2017-03-29 17:05:12', '2017-03-29 17:05:12');
INSERT INTO `products` VALUES ('27', '2', 'Insert Bamboo', '4', '15.00', '0.50', '1', '2017-03-29 17:13:18', '2017-03-29 17:13:18');
INSERT INTO `products` VALUES ('28', '2', 'Bengkung AS Beauty', '3', '58.90', '1.00', '1', '2017-03-29 17:46:15', '2017-03-29 17:46:15');
INSERT INTO `products` VALUES ('29', '2', 'Bengkung Express', '3', '85.00', '1.00', '1', '2017-03-29 18:15:20', '2017-03-29 18:15:20');
INSERT INTO `products` VALUES ('30', '1', 'Pregnant Blouse', '1', '50.00', '2.00', '1', '2017-04-04 12:04:23', '2017-04-04 12:04:23');
INSERT INTO `products` VALUES ('31', '1', 'Swaddle Me', '4', '39.00', '0.50', '1', '2017-04-04 12:07:10', '2017-04-04 12:07:10');
INSERT INTO `products` VALUES ('32', '1', 'Pregnant Panty', '1', '12.00', '0.00', '1', '2017-04-04 12:10:38', '2017-04-04 12:10:38');
INSERT INTO `products` VALUES ('33', '2', 'Bengkung 3 Zap On', '3', '98.00', '1.00', '1', '2017-04-04 12:47:16', '2017-04-04 12:47:16');
INSERT INTO `products` VALUES ('34', '1', 'Kain Batik', '2', '24.00', '0.50', '1', '2017-04-20 10:50:32', '2017-04-20 10:50:32');
INSERT INTO `products` VALUES ('35', '1', 'Bantal Kekabu (kecil)', '4', '20.00', '0.50', '1', '2017-04-20 10:52:01', '2017-04-20 10:52:01');
INSERT INTO `products` VALUES ('36', '1', 'Stokin Berpantang', '1', '7.00', '0.00', '1', '2017-04-20 10:59:00', '2017-04-20 10:59:00');
INSERT INTO `products` VALUES ('37', '1', 'Postage', '5', '10.00', '0.00', '1', '2017-04-30 14:03:47', '2017-04-30 14:03:47');

-- ----------------------------
-- Table structure for `product_categories`
-- ----------------------------
CREATE TABLE `product_categories` (
  `id` int(10) unsigned NOT NULL AUTO_INCREMENT,
  `id_user` int(11) NOT NULL,
  `product_category` varchar(255) COLLATE utf8_unicode_ci NOT NULL,
  `active` tinyint(1) DEFAULT NULL,
  `created_at` timestamp NULL DEFAULT NULL,
  `updated_at` timestamp NULL DEFAULT NULL,
  PRIMARY KEY (`id`),
  UNIQUE KEY `product_categories_product_category_unique` (`product_category`),
  KEY `product_categories_id_user_foreign` (`id_user`)
) ENGINE=MyISAM AUTO_INCREMENT=6 DEFAULT CHARSET=utf8 COLLATE=utf8_unicode_ci;

-- ----------------------------
-- Records of product_categories
-- ----------------------------
INSERT INTO `product_categories` VALUES ('1', '1', 'Mengandung', '1', null, null);
INSERT INTO `product_categories` VALUES ('2', '1', 'Bersalin', '1', null, null);
INSERT INTO `product_categories` VALUES ('3', '1', 'Berpantang', '1', null, null);
INSERT INTO `product_categories` VALUES ('4', '1', 'Normal', '1', null, null);
INSERT INTO `product_categories` VALUES ('5', '1', 'Perkhidmatan', '1', null, null);

-- ----------------------------
-- Table structure for `product_images`
-- ----------------------------
CREATE TABLE `product_images` (
  `id` int(10) unsigned NOT NULL AUTO_INCREMENT,
  `id_product` int(11) NOT NULL,
  `mime` text COLLATE utf8_unicode_ci NOT NULL,
  `image` longtext COLLATE utf8_unicode_ci NOT NULL,
  `created_at` timestamp NULL DEFAULT NULL,
  `updated_at` timestamp NULL DEFAULT NULL,
  PRIMARY KEY (`id`),
  KEY `product_images_id_product_foreign` (`id_product`)
) ENGINE=MyISAM AUTO_INCREMENT=38 DEFAULT CHARSET=utf8 COLLATE=utf8_unicode_ci;

-- ----------------------------
-- Records of product_images
-- ----------------------------
INSERT INTO `product_images` VALUES ('1', '1', 'image/png', '[BLOB]', '2017-03-29 10:47:49', '2017-03-29 10:47:49');
INSERT INTO `product_images` VALUES ('2', '2', 'image/png', '[BLOB]', '2017-03-29 10:49:18', '2017-03-29 10:49:18');
INSERT INTO `product_images` VALUES ('3', '3', 'image/png', '[BLOB]', '2017-03-29 10:50:03', '2017-03-29 10:50:03');
INSERT INTO `product_images` VALUES ('4', '4', 'image/jpeg', '[BLOB]', '2017-03-29 10:51:29', '2017-03-29 10:51:29');
INSERT INTO `product_images` VALUES ('5', '5', 'image/jpeg', '[BLOB]', '2017-03-29 10:53:39', '2017-03-29 10:53:39');
INSERT INTO `product_images` VALUES ('6', '6', 'image/jpeg', '[BLOB]', '2017-03-29 09:56:21', '2017-03-29 09:56:21');
INSERT INTO `product_images` VALUES ('7', '7', 'image/png', '[BLOB]', '2017-03-29 10:05:15', '2017-03-29 10:05:15');
INSERT INTO `product_images` VALUES ('8', '8', 'image/png', '[BLOB]', '2017-03-29 10:07:22', '2017-03-29 10:07:22');
INSERT INTO `product_images` VALUES ('9', '9', 'image/jpeg', '[BLOB]', '2017-03-29 10:33:13', '2017-03-29 10:33:13');
INSERT INTO `product_images` VALUES ('10', '10', 'image/jpeg', '[BLOB]', '2017-03-29 10:38:03', '2017-03-29 10:38:03');
INSERT INTO `product_images` VALUES ('11', '11', 'image/jpeg', '[BLOB]', '2017-03-29 10:40:08', '2017-03-29 10:40:08');
INSERT INTO `product_images` VALUES ('12', '12', 'image/jpeg', '[BLOB]', '2017-03-29 10:41:29', '2017-03-29 10:41:29');
INSERT INTO `product_images` VALUES ('13', '13', 'image/jpeg', '[BLOB]', '2017-03-29 10:42:47', '2017-03-29 10:42:47');
INSERT INTO `product_images` VALUES ('14', '14', 'image/jpeg', '[BLOB]', '2017-03-29 10:45:30', '2017-03-29 10:45:30');
INSERT INTO `product_images` VALUES ('15', '15', 'image/jpeg', '[BLOB]', '2017-03-29 15:38:12', '2017-03-29 15:38:12');
INSERT INTO `product_images` VALUES ('16', '16', 'image/jpeg', '[BLOB]', '2017-03-29 15:43:21', '2017-03-29 15:43:21');
INSERT INTO `product_images` VALUES ('17', '17', 'image/jpeg', '[BLOB]', '2017-03-29 15:46:22', '2017-03-29 15:46:22');
INSERT INTO `product_images` VALUES ('18', '18', 'image/jpeg', '[BLOB]', '2017-03-29 15:48:44', '2017-03-29 15:48:44');
INSERT INTO `product_images` VALUES ('19', '19', 'image/jpeg', '[BLOB]', '2017-03-29 15:52:02', '2017-03-29 15:52:02');
INSERT INTO `product_images` VALUES ('20', '20', 'image/jpeg', '[BLOB]', '2017-03-29 15:53:07', '2017-03-29 15:53:07');
INSERT INTO `product_images` VALUES ('21', '21', 'image/jpeg', '[BLOB]', '2017-03-29 15:55:59', '2017-03-29 15:55:59');
INSERT INTO `product_images` VALUES ('22', '22', 'image/jpeg', '[BLOB]', '2017-03-29 15:56:26', '2017-03-29 15:56:26');
INSERT INTO `product_images` VALUES ('23', '23', 'image/jpeg', '[BLOB]', '2017-03-29 16:02:39', '2017-03-29 16:02:39');
INSERT INTO `product_images` VALUES ('24', '24', 'image/jpeg', '[BLOB]', '2017-03-29 16:08:37', '2017-03-29 16:08:37');
INSERT INTO `product_images` VALUES ('25', '25', 'image/jpeg', '[BLOB]', '2017-03-29 17:03:26', '2017-03-29 17:03:26');
INSERT INTO `product_images` VALUES ('26', '26', 'image/jpeg', '[BLOB]', '2017-03-29 17:05:12', '2017-03-29 17:05:12');
INSERT INTO `product_images` VALUES ('27', '27', 'image/jpeg', '[BLOB]', '2017-03-29 17:13:18', '2017-03-29 17:13:18');
INSERT INTO `product_images` VALUES ('28', '28', 'image/jpeg', '[BLOB]', '2017-03-29 17:46:15', '2017-03-29 17:46:15');
INSERT INTO `product_images` VALUES ('29', '29', 'image/jpeg', '[BLOB]', '2017-03-29 18:15:21', '2017-03-29 18:15:21');
INSERT INTO `product_images` VALUES ('30', '30', 'image/jpeg', '[BLOB]', '2017-04-04 12:04:23', '2017-04-04 12:04:23');
INSERT INTO `product_images` VALUES ('31', '31', 'image/jpeg', '[BLOB]', '2017-04-04 12:07:10', '2017-04-04 12:07:10');
INSERT INTO `product_images` VALUES ('32', '32', 'image/jpeg', '[BLOB]', '2017-04-04 12:10:38', '2017-04-04 12:10:38');
INSERT INTO `product_images` VALUES ('33', '33', 'image/jpeg', '[BLOB]', '2017-04-04 12:47:16', '2017-04-04 12:47:16');
