INSERT INTO `product_images` VALUES (22, 22, 'image/jpeg', '[BLOB]', '2017-03-30 03:56:26', '2017-03-30 03:56:26');
INSERT INTO `product_images` VALUES (23, 23, 'image/jpeg', '[BLOB]', '2017-03-30 04:02:39', '2017-03-30 04:02:39');
INSERT INTO `product_images` VALUES (24, 24, 'image/jpeg', '[BLOB]', '2017-03-30 04:08:37', '2017-03-30 04:08:37');
INSERT INTO `product_images` VALUES (25, 25, 'image/jpeg', '[BLOB]', '2017-03-30 05:03:26', '2017-03-30 05:03:26');
INSERT INTO `product_images` VALUES (26, 26, 'image/jpeg', '[BLOB]', '2017-03-30 05:05:12', '2017-03-30 05:05:12');
INSERT INTO `product_images` VALUES (27, 27, 'image/jpeg', '[BLOB]', '2017-03-30 05:13:18', '2017-03-30 05:13:18');
INSERT INTO `product_images` VALUES (28, 28, 'image/jpeg', '[BLOB]', '2017-03-30 05:46:15', '2017-03-30 05:46:15');
INSERT INTO `product_images` VALUES (29, 29, 'image/jpeg', '[BLOB]', '2017-03-30 06:15:21', '2017-03-30 06:15:21');
INSERT INTO `product_images` VALUES (30, 30, 'image/jpeg', '[BLOB]', '2017-04-05 00:04:23', '2017-04-05 00:04:23');
INSERT INTO `product_images` VALUES (31, 31, 'image/jpeg', '[BLOB]', '2017-04-05 00:07:10', '2017-04-05 00:07:10');
INSERT INTO `product_images` VALUES (32, 32, 'image/jpeg', '[BLOB]', '2017-04-05 00:10:38', '2017-04-05 00:10:38');
INSERT INTO `product_images` VALUES (33, 33, 'image/jpeg', '[BLOB]', '2017-04-05 00:47:16', '2017-04-05 00:47:16');
INSERT INTO `product_images` VALUES (34, 34, 'image/jpeg', '[BLOB]', '2017-04-20 22:50:34', '2017-04-20 22:50:34');
INSERT INTO `product_images` VALUES (35, 35, 'image/jpeg', '[BLOB]', '2017-04-20 22:52:01', '2017-04-20 22:52:01');
INSERT INTO `product_images` VALUES (36, 36, 'image/jpeg', '[BLOB]', '2017-04-20 22:59:00', '2017-04-20 22:59:00');
INSERT INTO `product_images` VALUES (37, 37, 'image/jpeg', '[BLOB]', '2017-05-01 02:03:47', '2017-05-01 02:03:47');
INSERT INTO `product_images` VALUES (38, 38, 'image/jpeg', '[BLOB]', '2017-09-24 06:34:40', '2017-09-24 06:34:40');

-- ----------------------------
-- Table structure for products
-- ----------------------------
CREATE TABLE `products`  (
  `id` int(10) UNSIGNED NOT NULL AUTO_INCREMENT,
  `id_user` int(11) NOT NULL,
  `product` varchar(255) CHARACTER SET utf8 COLLATE utf8_unicode_ci NOT NULL,
  `slug` varchar(255) CHARACTER SET utf8 COLLATE utf8_unicode_ci NOT NULL,
  `id_category` int(11) NOT NULL,
  `retail` double(8, 2) NOT NULL,
  `commission` double(8, 2) NOT NULL,
  `active` tinyint(1) NOT NULL,
  `created_at` timestamp(0) NULL DEFAULT NULL,
  `updated_at` timestamp(0) NULL DEFAULT NULL,
  PRIMARY KEY (`id`) USING BTREE,
  UNIQUE INDEX `products_product_unique`(`product`) USING BTREE,
  INDEX `products_id_user_foreign`(`id_user`) USING BTREE,
  INDEX `products_id_category_foreign`(`id_category`) USING BTREE
) ENGINE = MyISAM AUTO_INCREMENT = 39 CHARACTER SET = utf8 COLLATE = utf8_unicode_ci ROW_FORMAT = Dynamic;

-- ----------------------------
-- Records of products
-- ----------------------------
INSERT INTO `products` VALUES (1, 2, 'Bengkung Mama Pinggang', 'bengkung-mama-pinggang', 3, 68.00, 2.50, 1, '2017-03-29 22:47:49', '2017-03-29 22:47:49');
INSERT INTO `products` VALUES (2, 2, 'Bengkung Mama Punggung', 'bengkung-mama-punggung', 3, 57.00, 2.00, 1, '2017-03-29 22:49:18', '2017-03-29 22:49:18');
INSERT INTO `products` VALUES (3, 2, 'Mandian Herba', 'mandian-herba', 3, 17.00, 0.50, 1, '2017-03-29 22:50:03', '2017-03-29 22:50:03');
INSERT INTO `products` VALUES (4, 2, 'Miracle Body Lotion', 'miracle-body-lotion', 4, 59.00, 2.00, 1, '2017-03-29 22:51:29', '2017-03-29 22:51:29');
INSERT INTO `products` VALUES (5, 1, 'KurV', 'kurv', 4, 83.00, 2.00, 1, '2017-03-29 22:53:39', '2017-09-20 05:01:50');
INSERT INTO `products` VALUES (6, 2, 'Ultraslim', 'ultraslim', 4, 230.00, 5.00, 1, '2017-03-29 21:56:21', '2017-03-29 21:56:21');
INSERT INTO `products` VALUES (7, 2, 'Hide-It', 'hide-it', 4, 39.00, 1.00, 1, '2017-03-29 22:05:15', '2017-03-29 22:05:15');
INSERT INTO `products` VALUES (8, 1, 'Miracle Body Lotion Sample', 'miracle-body-lotion-sample', 4, 5.00, 0.00, 1, '2017-03-29 22:07:22', '2017-09-20 23:01:30');
INSERT INTO `products` VALUES (9, 2, 'Bedak Panas (Param, Pilis & Lulur)', 'bedak-panas', 3, 35.00, 0.50, 1, '2017-03-29 22:33:13', '2017-03-29 22:33:13');
INSERT INTO `products` VALUES (10, 2, 'Homemade Miracle Oil (Small)', 'homemade-miracle-oil-small', 3, 29.00, 0.00, 1, '2017-03-29 22:38:02', '2017-03-29 22:38:02');
INSERT INTO `products` VALUES (11, 2, 'Homemade Miracle Oil (Large)', 'homemade-miracle-oil-large', 3, 49.00, 1.00, 1, '2017-03-29 22:40:08', '2017-03-29 22:40:08');
INSERT INTO `products` VALUES (12, 2, 'Tungku Besi', 'tungku-besi', 3, 40.00, 0.00, 1, '2017-03-29 22:41:28', '2017-03-29 22:41:28');
INSERT INTO `products` VALUES (13, 2, 'Sarung Tungku', 'sarung-tungku', 3, 45.00, 1.00, 1, '2017-03-29 22:42:47', '2017-03-29 22:42:47');
INSERT INTO `products` VALUES (14, 2, 'Tungku Batu Sungai', 'tungku-batu-sungai', 3, 69.90, 0.00, 1, '2017-03-29 22:45:30', '2017-03-29 22:45:30');
INSERT INTO `products` VALUES (15, 2, 'Herba Tangas', 'herba-tangas', 3, 39.00, 0.50, 1, '2017-03-30 03:38:11', '2017-03-30 03:38:11');
INSERT INTO `products` VALUES (16, 2, 'Bangku Tangas Rotan', 'bangku-tangas-rotan', 3, 135.00, 2.00, 1, '2017-03-30 03:43:20', '2017-03-30 03:43:20');
INSERT INTO `products` VALUES (17, 2, 'Selimut Tangas', 'selimut-tangas', 3, 120.00, 1.00, 1, '2017-03-30 03:46:22', '2017-03-30 03:46:22');
INSERT INTO `products` VALUES (18, 2, 'Periuk Tangas', 'periuk-tangas', 3, 25.00, 0.50, 1, '2017-03-30 03:48:44', '2017-03-30 03:48:44');
INSERT INTO `products` VALUES (19, 2, 'Tuam Bayi', 'tuam-bayi', 2, 15.90, 0.00, 1, '2017-03-30 03:52:02', '2017-03-30 03:52:02');
INSERT INTO `products` VALUES (20, 2, 'Minyak Telon', 'minyak-telon', 2, 29.00, 0.00, 1, '2017-03-30 03:53:07', '2017-03-30 03:53:07');
INSERT INTO `products` VALUES (21, 2, 'Minyak Celak', 'minyak-celak', 2, 15.00, 0.00, 1, '2017-03-30 03:55:59', '2017-03-30 03:55:59');
INSERT INTO `products` VALUES (22, 2, 'Minyak Serai Wangi', 'minyak-serai-wangi', 2, 15.00, 0.00, 1, '2017-03-30 03:56:26', '2017-03-30 03:56:26');
INSERT INTO `products` VALUES (23, 2, 'Seluar Mengandung (New)', 'seluar-mengandung-baru', 1, 89.00, 3.00, 1, '2017-03-30 04:02:39', '2017-03-30 04:02:39');
INSERT INTO `products` VALUES (24, 2, 'Seluar Mengandung (Prelove)', 'seluar-mengandung-prelove', 1, 50.00, 1.00, 1, '2017-03-30 04:08:37', '2017-03-30 04:08:37');
INSERT INTO `products` VALUES (25, 2, 'Clothe Diaper', 'clothe-diaper', 4, 20.00, 0.50, 1, '2017-03-30 05:03:26', '2017-03-30 05:03:26');
INSERT INTO `products` VALUES (26, 2, 'Insert Micro', 'insert-micro', 4, 10.00, 0.50, 1, '2017-03-30 05:05:12', '2017-03-30 05:05:12');
INSERT INTO `products` VALUES (27, 2, 'Insert Bamboo', 'insert-bamboo', 4, 15.00, 0.50, 1, '2017-03-30 05:13:18', '2017-03-30 05:13:18');
INSERT INTO `products` VALUES (28, 2, 'Bengkung AS Beauty', 'bengkung-as-beauty', 3, 58.90, 1.00, 1, '2017-03-30 05:46:15', '2017-03-30 05:46:15');
INSERT INTO `products` VALUES (29, 2, 'Bengkung Express', 'bengkung-ekspress', 3, 85.00, 1.00, 1, '2017-03-30 06:15:20', '2017-03-30 06:15:20');
INSERT INTO `products` VALUES (30, 1, 'Pregnant Blouse', 'pregnant-blouse', 1, 50.00, 2.00, 1, '2017-04-05 00:04:23', '2017-04-05 00:04:23');
INSERT INTO `products` VALUES (31, 1, 'Swaddle Me', 'swaddle-me', 4, 39.00, 0.50, 1, '2017-04-05 00:07:10', '2017-04-05 00:07:10');
INSERT INTO `products` VALUES (32, 1, 'Pregnant Panty', 'pregnant-panty', 1, 12.00, 0.00, 1, '2017-04-05 00:10:38', '2017-04-05 00:10:38');
INSERT INTO `products` VALUES (33, 2, 'Bengkung 3 Zap On', 'bengkung-3-zap-on', 3, 98.00, 1.00, 1, '2017-04-05 00:47:16', '2017-04-05 00:47:16');
INSERT INTO `products` VALUES (34, 1, 'Kain Batik', 'kain-batik', 2, 24.00, 0.50, 1, '2017-04-20 22:50:32', '2017-04-20 22:50:32');
INSERT INTO `products` VALUES (35, 1, 'Bantal Kekabu (kecil)', 'bental-kekabu-kecil', 4, 20.00, 0.50, 1, '2017-04-20 22:52:01', '2017-04-20 22:52:01');
INSERT INTO `products` VALUES (36, 1, 'Stokin Berpantang', 'stokin-berpantang', 1, 7.00, 0.00, 1, '2017-04-20 22:59:00', '2017-04-20 22:59:00');
INSERT INTO `products` VALUES (37, 1, 'Postage', 'postage', 5, 10.00, 0.00, 1, '2017-05-01 02:03:47', '2017-05-01 02:03:47');
INSERT INTO `products` VALUES (38, 3, 'Bedung Bayi', 'bedung-bayi', 4, 25.00, 0.00, 0, '2017-09-24 06:34:40', '2017-09-24 06:34:40');

-- ----------------------------
-- Table structure for sales
-- ----------------------------
CREATE TABLE `sales`  (
  `id` int(10) UNSIGNED NOT NULL AUTO_INCREMENT,
  `id_user` int(11) NOT NULL,
  `date_sale` date NOT NULL,
  `deleted_at` timestamp(0) NULL DEFAULT NULL,
  `created_at` timestamp(0) NULL DEFAULT NULL,
  `updated_at` timestamp(0) NULL DEFAULT NULL,
  PRIMARY KEY (`id`) USING BTREE,
  INDEX `sales_id_user_foreign`(`id_user`) USING BTREE
) ENGINE = MyISAM AUTO_INCREMENT = 279 CHARACTER SET = utf8 COLLATE = utf8_unicode_ci ROW_FORMAT = Fixed;

-- ----------------------------
-- Records of sales
-- ----------------------------
INSERT INTO `sales` VALUES (1, 2, '2017-04-21', NULL, '2017-05-21 15:40:21', '2017-05-21 15:40:21');
INSERT INTO `sales` VALUES (2, 2, '2017-04-07', NULL, '2017-05-21 15:45:45', '2017-05-21 15:45:45');
INSERT INTO `sales` VALUES (3, 2, '2017-04-12', NULL, '2017-05-21 15:50:20', '2017-05-21 15:50:20');
INSERT INTO `sales` VALUES (4, 2, '2017-04-13', NULL, '2017-05-21 15:53:27', '2017-05-21 15:53:27');
INSERT INTO `sales` VALUES (5, 2, '2017-04-14', NULL, '2017-05-21 16:04:14', '2017-05-21 16:04:14');
INSERT INTO `sales` VALUES (6, 2, '2017-04-26', NULL, '2017-05-21 16:12:09', '2017-05-21 16:12:09');
INSERT INTO `sales` VALUES (7, 2, '2017-04-04', NULL, '2017-05-21 16:18:06', '2017-05-21 16:56:10');
INSERT INTO `sales` VALUES (8, 2, '2017-04-05', NULL, '2017-05-21 16:26:45', '2017-05-21 16:26:45');
INSERT INTO `sales` VALUES (9, 2, '2017-04-08', NULL, '2017-05-21 16:31:05', '2017-05-21 16:31:05');
INSERT INTO `sales` VALUES (10, 2, '2017-04-17', NULL, '2017-05-21 16:36:47', '2017-05-21 16:36:47');
INSERT INTO `sales` VALUES (11, 2, '2017-04-22', NULL, '2017-05-21 16:42:11', '2017-05-21 16:42:11');
INSERT INTO `sales` VALUES (12, 2, '2017-04-25', NULL, '2017-05-21 16:49:52', '2017-05-21 16:49:52');
INSERT INTO `sales` VALUES (13, 2, '2017-04-26', NULL, '2017-05-21 17:06:20', '2017-05-21 17:06:20');
INSERT INTO `sales` VALUES (14, 2, '2017-04-27', NULL, '2017-05-21 17:11:38', '2017-05-21 17:11:38');
INSERT INTO `sales` VALUES (15, 2, '2017-04-25', NULL, '2017-05-21 19:31:46', '2017-05-21 19:31:46');
INSERT INTO `sales` VALUES (16, 3, '2017-04-19', NULL, '2017-05-21 19:45:21', '2017-05-21 19:45:21');
INSERT INTO `sales` VALUES (17, 3, '2017-04-11', NULL, '2017-05-21 19:49:10', '2017-05-21 19:49:10');
INSERT INTO `sales` VALUES (18, 3, '2017-04-29', NULL, '2017-05-21 19:52:29', '2017-05-21 19:52:29');
INSERT INTO `sales` VALUES (19, 3, '2017-04-28', NULL, '2017-05-21 19:55:22', '2017-05-21 19:55:22');
INSERT INTO `sales` VALUES (20, 3, '2017-04-10', NULL, '2017-05-21 20:04:53', '2017-05-21 20:04:53');
INSERT INTO `sales` VALUES (21, 3, '2017-04-04', NULL, '2017-05-21 20:08:22', '2017-05-21 20:08:22');
INSERT INTO `sales` VALUES (22, 3, '2017-04-17', NULL, '2017-05-21 20:11:22', '2017-05-21 20:11:22');
INSERT INTO `sales` VALUES (23, 3, '2017-04-06', NULL, '2017-05-21 20:14:31', '2017-05-21 20:14:31');
INSERT INTO `sales` VALUES (30, 3, '2017-04-27', NULL, '2017-05-22 02:57:46', '2017-05-22 02:57:46');
INSERT INTO `sales` VALUES (29, 3, '2017-04-27', NULL, '2017-05-22 01:27:36', '2017-05-22 01:27:36');
INSERT INTO `sales` VALUES (28, 3, '2017-04-28', NULL, '2017-05-22 01:07:01', '2017-05-22 01:07:01');
INSERT INTO `sales` VALUES (27, 3, '2017-04-28', NULL, '2017-05-21 22:43:10', '2017-05-21 22:43:10');
INSERT INTO `sales` VALUES (31, 3, '2017-04-22', NULL, '2017-05-22 03:14:44', '2017-05-22 03:14:44');
INSERT INTO `sales` VALUES (32, 3, '2017-04-20', NULL, '2017-05-22 03:21:11', '2017-05-22 03:21:11');
INSERT INTO `sales` VALUES (33, 3, '2017-04-17', NULL, '2017-05-22 03:27:56', '2017-05-22 03:27:56');
INSERT INTO `sales` VALUES (34, 3, '2017-04-17', NULL, '2017-05-22 03:59:43', '2017-05-22 03:59:43');
INSERT INTO `sales` VALUES (35, 3, '2017-04-16', NULL, '2017-05-22 04:09:34', '2017-05-22 04:09:34');
INSERT INTO `sales` VALUES (36, 3, '2017-04-16', NULL, '2017-05-22 04:17:19', '2017-05-22 12:44:26');
INSERT INTO `sales` VALUES (37, 3, '2017-04-15', NULL, '2017-05-22 12:51:20', '2017-05-22 15:35:58');
INSERT INTO `sales` VALUES (38, 3, '2017-04-12', NULL, '2017-05-22 13:00:19', '2017-05-22 13:00:19');
INSERT INTO `sales` VALUES (39, 3, '2017-04-10', NULL, '2017-05-22 13:05:49', '2017-05-22 13:05:49');
INSERT INTO `sales` VALUES (40, 3, '2017-04-08', NULL, '2017-05-22 13:11:57', '2017-05-22 13:11:57');
INSERT INTO `sales` VALUES (41, 3, '2017-04-05', NULL, '2017-05-22 14:18:46', '2017-05-22 15:37:58');
INSERT INTO `sales` VALUES (42, 3, '2017-04-04', NULL, '2017-05-22 14:29:36', '2017-05-22 14:29:36');
INSERT INTO `sales` VALUES (43, 3, '2017-04-04', NULL, '2017-05-22 14:35:12', '2017-05-22 14:35:12');
INSERT INTO `sales` VALUES (44, 3, '2017-04-04', NULL, '2017-05-22 14:40:43', '2017-05-22 14:40:43');
INSERT INTO `sales` VALUES (45, 3, '2017-04-03', NULL, '2017-05-22 15:01:25', '2017-05-22 15:01:25');
INSERT INTO `sales` VALUES (46, 3, '2017-04-03', NULL, '2017-05-22 15:07:34', '2017-05-22 15:34:20');
INSERT INTO `sales` VALUES (47, 3, '2017-03-29', NULL, '2017-06-04 18:43:35', '2017-06-04 18:43:35');
INSERT INTO `sales` VALUES (48, 3, '2017-03-26', NULL, '2017-06-04 18:52:22', '2017-06-04 18:52:22');
INSERT INTO `sales` VALUES (49, 3, '2017-03-16', NULL, '2017-06-04 18:56:03', '2017-06-04 18:56:03');
INSERT INTO `sales` VALUES (50, 3, '2017-03-28', NULL, '2017-06-04 19:03:34', '2017-06-04 19:03:34');
INSERT INTO `sales` VALUES (51, 3, '2017-03-30', NULL, '2017-06-04 19:09:37', '2017-06-04 19:09:37');
INSERT INTO `sales` VALUES (52, 3, '2017-03-28', NULL, '2017-06-04 19:20:44', '2017-06-04 19:20:44');
INSERT INTO `sales` VALUES (53, 3, '2017-03-19', NULL, '2017-06-04 21:14:07', '2017-06-04 21:14:07');
INSERT INTO `sales` VALUES (54, 3, '2017-03-17', NULL, '2017-06-04 21:20:12', '2017-06-04 21:20:12');
INSERT INTO `sales` VALUES (55, 3, '2017-03-08', NULL, '2017-06-04 21:37:50', '2017-06-04 21:37:50');
INSERT INTO `sales` VALUES (56, 3, '2017-03-07', NULL, '2017-06-05 17:53:24', '2017-06-05 17:53:24');
INSERT INTO `sales` VALUES (57, 3, '2017-03-06', NULL, '2017-06-05 17:59:45', '2017-06-05 17:59:45');
INSERT INTO `sales` VALUES (58, 3, '2017-03-06', NULL, '2017-06-05 18:09:32', '2017-06-05 18:09:32');
INSERT INTO `sales` VALUES (59, 3, '2017-03-06', NULL, '2017-06-05 21:48:24', '2017-06-05 21:48:24');
INSERT INTO `sales` VALUES (60, 3, '2017-03-04', NULL, '2017-06-05 21:58:17', '2017-06-05 21:58:17');
INSERT INTO `sales` VALUES (61, 3, '2017-03-08', NULL, '2017-06-05 22:05:56', '2017-06-05 22:05:56');
INSERT INTO `sales` VALUES (62, 3, '2017-03-03', NULL, '2017-06-05 22:13:59', '2017-06-05 22:13:59');
INSERT INTO `sales` VALUES (63, 3, '2017-03-02', NULL, '2017-06-05 22:20:29', '2017-06-05 22:20:29');
INSERT INTO `sales` VALUES (64, 2, '2017-03-02', NULL, '2017-06-07 04:33:00', '2017-06-07 04:33:00');
INSERT INTO `sales` VALUES (65, 2, '2017-03-03', NULL, '2017-06-07 04:37:14', '2017-06-07 04:37:14');
INSERT INTO `sales` VALUES (66, 2, '2017-03-04', NULL, '2017-06-07 04:40:18', '2017-06-07 04:40:18');
INSERT INTO `sales` VALUES (67, 2, '2017-03-20', NULL, '2017-06-07 04:45:41', '2017-06-07 04:45:41');
INSERT INTO `sales` VALUES (68, 2, '2017-03-25', NULL, '2017-06-07 19:35:03', '2017-06-07 19:35:03');
INSERT INTO `sales` VALUES (69, 2, '2017-03-30', NULL, '2017-06-07 19:42:37', '2017-06-07 19:42:37');
INSERT INTO `sales` VALUES (70, 2, '2017-03-31', NULL, '2017-06-07 19:49:51', '2017-06-07 19:49:51');
INSERT INTO `sales` VALUES (71, 2, '2017-03-01', NULL, '2017-06-07 19:55:39', '2017-06-07 19:55:39');
INSERT INTO `sales` VALUES (72, 2, '2017-03-03', NULL, '2017-06-07 20:02:21', '2017-06-07 20:02:21');
INSERT INTO `sales` VALUES (73, 2, '2017-03-03', NULL, '2017-06-07 20:12:02', '2017-06-07 20:12:02');
INSERT INTO `sales` VALUES (74, 2, '2017-03-05', NULL, '2017-06-07 20:20:28', '2017-06-07 20:20:28');
INSERT INTO `sales` VALUES (75, 2, '2017-03-06', NULL, '2017-06-07 20:27:54', '2017-06-07 20:27:54');
INSERT INTO `sales` VALUES (76, 2, '2017-03-06', NULL, '2017-06-07 20:36:32', '2017-06-07 20:36:32');
INSERT INTO `sales` VALUES (77, 2, '2017-03-08', NULL, '2017-06-07 20:49:34', '2017-06-07 20:49:34');
INSERT INTO `sales` VALUES (78, 2, '2017-03-10', NULL, '2017-06-07 21:07:57', '2017-06-07 21:07:57');
INSERT INTO `sales` VALUES (79, 2, '2017-03-13', NULL, '2017-06-07 21:13:49', '2017-06-07 21:13:49');
INSERT INTO `sales` VALUES (80, 2, '2017-03-14', NULL, '2017-06-07 21:21:02', '2017-06-07 21:21:02');
INSERT INTO `sales` VALUES (81, 2, '2017-03-17', NULL, '2017-06-07 21:26:33', '2017-06-07 21:26:33');
INSERT INTO `sales` VALUES (82, 2, '2017-03-21', NULL, '2017-06-07 21:33:22', '2017-06-07 21:33:22');
INSERT INTO `sales` VALUES (83, 2, '2017-03-23', NULL, '2017-06-07 21:50:55', '2017-06-07 21:50:55');
INSERT INTO `sales` VALUES (84, 2, '2017-03-26', NULL, '2017-06-07 21:58:16', '2017-06-07 21:58:16');
INSERT INTO `sales` VALUES (85, 2, '2017-03-26', NULL, '2017-06-08 00:36:11', '2017-06-08 00:36:11');
INSERT INTO `sales` VALUES (86, 2, '2017-03-27', NULL, '2017-06-08 00:42:20', '2017-06-08 00:42:20');
INSERT INTO `sales` VALUES (87, 2, '2017-03-28', NULL, '2017-06-08 00:48:02', '2017-06-08 00:48:02');
INSERT INTO `sales` VALUES (88, 2, '2017-03-28', NULL, '2017-06-08 04:14:05', '2017-06-08 04:14:05');
INSERT INTO `sales` VALUES (89, 2, '2017-03-29', NULL, '2017-06-08 04:18:56', '2017-06-08 04:18:56');
INSERT INTO `sales` VALUES (90, 2, '2017-05-30', NULL, '2017-06-08 19:13:51', '2017-06-08 19:13:51');
INSERT INTO `sales` VALUES (91, 2, '2017-05-26', NULL, '2017-06-08 19:18:20', '2017-06-08 19:18:20');
INSERT INTO `sales` VALUES (92, 2, '2017-05-05', NULL, '2017-06-08 19:21:59', '2017-06-08 19:21:59');
INSERT INTO `sales` VALUES (93, 2, '2017-05-12', NULL, '2017-06-08 19:25:40', '2017-06-08 19:25:40');
INSERT INTO `sales` VALUES (94, 2, '2017-05-13', NULL, '2017-06-08 19:27:51', '2017-06-08 19:27:51');
INSERT INTO `sales` VALUES (95, 2, '2017-05-17', NULL, '2017-06-08 19:31:26', '2017-06-08 19:31:26');
INSERT INTO `sales` VALUES (96, 2, '2017-05-26', NULL, '2017-06-08 19:35:27', '2017-06-08 19:52:33');
INSERT INTO `sales` VALUES (97, 2, '2017-05-21', NULL, '2017-06-08 19:49:44', '2017-06-08 19:49:44');
INSERT INTO `sales` VALUES (98, 2, '2017-05-29', NULL, '2017-06-12 12:25:21', '2017-06-12 12:25:21');
INSERT INTO `sales` VALUES (99, 2, '2017-05-27', NULL, '2017-06-12 12:32:13', '2017-06-12 12:32:13');
INSERT INTO `sales` VALUES (100, 2, '2017-05-29', NULL, '2017-06-12 12:36:54', '2017-06-12 12:36:54');
INSERT INTO `sales` VALUES (101, 2, '2017-05-30', NULL, '2017-06-12 12:41:33', '2017-06-12 12:41:33');
INSERT INTO `sales` VALUES (102, 2, '2017-05-23', NULL, '2017-06-12 12:45:51', '2017-06-12 12:45:51');
INSERT INTO `sales` VALUES (103, 2, '2017-05-24', NULL, '2017-06-12 12:50:56', '2017-06-12 12:50:56');
INSERT INTO `sales` VALUES (104, 2, '2017-05-24', NULL, '2017-06-12 12:57:20', '2017-06-12 12:57:20');
INSERT INTO `sales` VALUES (105, 2, '2017-05-25', NULL, '2017-06-12 16:27:29', '2017-06-12 16:27:29');
INSERT INTO `sales` VALUES (106, 2, '2017-05-24', NULL, '2017-06-12 16:32:55', '2017-06-12 16:32:55');
INSERT INTO `sales` VALUES (107, 2, '2017-05-25', NULL, '2017-06-12 16:38:24', '2017-06-12 16:38:24');
INSERT INTO `sales` VALUES (108, 2, '2017-05-18', NULL, '2017-06-12 16:44:10', '2017-06-12 16:44:10');
INSERT INTO `sales` VALUES (109, 2, '2017-05-12', NULL, '2017-06-12 16:49:41', '2017-06-12 16:49:41');
INSERT INTO `sales` VALUES (110, 2, '2017-05-15', NULL, '2017-06-12 16:57:00', '2017-06-12 16:57:00');
INSERT INTO `sales` VALUES (111, 2, '2017-05-12', NULL, '2017-06-12 17:01:36', '2017-06-12 17:01:36');
INSERT INTO `sales` VALUES (112, 2, '2017-05-02', NULL, '2017-06-12 17:06:51', '2017-06-12 17:06:51');
INSERT INTO `sales` VALUES (113, 2, '2017-05-04', NULL, '2017-06-12 17:11:09', '2017-06-12 17:11:09');
INSERT INTO `sales` VALUES (114, 3, '2017-05-08', NULL, '2017-06-12 19:19:03', '2017-06-12 19:19:03');
INSERT INTO `sales` VALUES (115, 3, '2017-05-11', NULL, '2017-06-12 19:22:33', '2017-06-12 19:22:33');
INSERT INTO `sales` VALUES (116, 3, '2017-05-18', NULL, '2017-06-12 19:25:15', '2017-06-12 19:25:15');
INSERT INTO `sales` VALUES (117, 3, '2017-05-19', NULL, '2017-06-12 19:28:56', '2017-06-12 19:28:56');
INSERT INTO `sales` VALUES (118, 3, '2017-05-26', NULL, '2017-06-12 19:34:23', '2017-06-12 19:34:23');
INSERT INTO `sales` VALUES (119, 3, '2017-05-04', NULL, '2017-06-12 19:39:27', '2017-06-12 19:39:27');
INSERT INTO `sales` VALUES (120, 3, '2017-05-04', NULL, '2017-06-12 19:46:03', '2017-06-12 19:46:03');
INSERT INTO `sales` VALUES (121, 3, '2017-05-04', NULL, '2017-06-12 19:52:09', '2017-06-12 19:52:09');
INSERT INTO `sales` VALUES (122, 3, '2017-05-14', NULL, '2017-06-12 19:57:56', '2017-06-12 19:57:56');
INSERT INTO `sales` VALUES (123, 3, '2017-05-19', NULL, '2017-06-12 22:12:50', '2017-06-12 22:12:50');
INSERT INTO `sales` VALUES (124, 3, '2017-05-22', NULL, '2017-06-12 22:17:40', '2017-06-12 22:17:40');
INSERT INTO `sales` VALUES (125, 3, '2017-05-29', NULL, '2017-06-12 22:23:43', '2017-06-12 22:23:43');
INSERT INTO `sales` VALUES (126, 3, '2017-07-05', NULL, '2017-08-06 21:41:00', '2017-08-06 21:41:00');
INSERT INTO `sales` VALUES (127, 3, '2017-07-04', NULL, '2017-08-06 21:46:22', '2017-08-06 21:46:22');
INSERT INTO `sales` VALUES (128, 3, '2017-07-08', NULL, '2017-08-06 21:52:55', '2017-08-06 21:52:55');
INSERT INTO `sales` VALUES (129, 3, '2017-07-05', NULL, '2017-08-06 21:58:25', '2017-08-06 21:58:25');
INSERT INTO `sales` VALUES (130, 3, '2017-07-08', NULL, '2017-08-06 22:06:18', '2017-08-06 22:06:18');
INSERT INTO `sales` VALUES (131, 3, '2017-06-28', NULL, '2017-08-06 22:12:49', '2017-08-06 22:12:49');
INSERT INTO `sales` VALUES (132, 3, '2017-07-03', NULL, '2017-08-06 22:38:00', '2017-08-06 22:38:00');
INSERT INTO `sales` VALUES (133, 3, '2017-07-07', NULL, '2017-08-06 23:14:52', '2017-09-20 22:17:35');
INSERT INTO `sales` VALUES (134, 3, '2017-07-08', NULL, '2017-08-06 23:18:38', '2017-08-06 23:18:38');
INSERT INTO `sales` VALUES (135, 3, '2017-06-09', NULL, '2017-08-06 23:27:51', '2017-08-06 23:27:51');
INSERT INTO `sales` VALUES (136, 3, '2017-06-29', NULL, '2017-08-06 23:32:20', '2017-08-06 23:32:20');
INSERT INTO `sales` VALUES (137, 3, '2017-06-17', NULL, '2017-08-06 23:46:17', '2017-08-06 23:46:17');
INSERT INTO `sales` VALUES (138, 3, '2017-06-14', NULL, '2017-08-06 23:57:11', '2017-08-06 23:57:11');
INSERT INTO `sales` VALUES (139, 3, '2017-06-16', NULL, '2017-08-07 00:28:40', '2017-08-07 00:28:40');
INSERT INTO `sales` VALUES (140, 3, '2017-06-14', NULL, '2017-08-07 00:33:05', '2017-08-07 00:33:05');
INSERT INTO `sales` VALUES (141, 3, '2017-06-08', NULL, '2017-08-07 00:49:14', '2017-08-07 00:49:14');
INSERT INTO `sales` VALUES (142, 3, '2017-06-01', NULL, '2017-08-07 00:53:26', '2017-08-07 00:53:26');
INSERT INTO `sales` VALUES (143, 3, '2017-06-04', NULL, '2017-08-09 01:15:52', '2017-08-14 00:29:39');
INSERT INTO `sales` VALUES (144, 3, '2017-06-05', NULL, '2017-08-09 01:19:10', '2017-08-09 01:19:10');
INSERT INTO `sales` VALUES (145, 3, '2017-06-14', NULL, '2017-08-09 01:24:40', '2017-08-09 01:24:40');
INSERT INTO `sales` VALUES (146, 3, '2017-06-09', NULL, '2017-08-09 01:27:37', '2017-08-09 01:27:37');
INSERT INTO `sales` VALUES (147, 3, '2017-06-01', NULL, '2017-08-09 01:30:38', '2017-08-09 01:30:38');
INSERT INTO `sales` VALUES (148, 3, '2017-06-03', NULL, '2017-08-09 01:33:11', '2017-08-09 01:33:11');
INSERT INTO `sales` VALUES (149, 2, '2017-06-21', NULL, '2017-08-13 22:16:59', '2017-08-13 22:16:59');
INSERT INTO `sales` VALUES (150, 2, '2017-06-08', NULL, '2017-08-13 22:20:00', '2017-08-13 22:20:00');
INSERT INTO `sales` VALUES (151, 2, '2017-06-08', NULL, '2017-08-13 22:26:13', '2017-08-13 22:26:13');
INSERT INTO `sales` VALUES (152, 2, '2017-06-08', NULL, '2017-08-13 22:33:35', '2017-08-13 22:33:35');
INSERT INTO `sales` VALUES (153, 2, '2017-06-12', NULL, '2017-08-13 22:38:17', '2017-08-13 22:38:17');
INSERT INTO `sales` VALUES (154, 2, '2017-06-14', NULL, '2017-08-13 22:44:15', '2017-08-13 22:44:15');
INSERT INTO `sales` VALUES (155, 2, '2017-06-15', NULL, '2017-08-13 22:56:47', '2017-08-13 22:56:47');
INSERT INTO `sales` VALUES (156, 2, '2017-06-20', NULL, '2017-08-13 23:08:20', '2017-08-14 00:30:40');
INSERT INTO `sales` VALUES (157, 2, '2017-06-21', NULL, '2017-08-13 23:18:01', '2017-08-13 23:18:01');
INSERT INTO `sales` VALUES (158, 2, '2017-06-06', NULL, '2017-08-13 23:28:10', '2017-08-13 23:28:10');
INSERT INTO `sales` VALUES (159, 2, '2017-06-07', NULL, '2017-08-13 23:34:58', '2017-08-13 23:34:58');
INSERT INTO `sales` VALUES (160, 2, '2017-07-08', NULL, '2017-08-13 23:38:40', '2017-08-13 23:38:40');
INSERT INTO `sales` VALUES (161, 2, '2017-06-06', NULL, '2017-08-13 23:43:02', '2017-08-13 23:43:02');
INSERT INTO `sales` VALUES (162, 2, '2017-06-06', NULL, '2017-08-13 23:48:36', '2017-08-13 23:48:36');
INSERT INTO `sales` VALUES (163, 2, '2017-06-06', NULL, '2017-08-13 23:53:53', '2017-08-13 23:53:53');
INSERT INTO `sales` VALUES (164, 2, '2017-06-05', NULL, '2017-08-14 00:11:02', '2017-08-14 00:11:02');
INSERT INTO `sales` VALUES (165, 2, '2017-06-05', NULL, '2017-08-14 00:37:29', '2017-08-14 00:37:29');
INSERT INTO `sales` VALUES (166, 2, '2017-07-17', NULL, '2017-09-20 09:53:08', '2017-09-20 09:53:08');
INSERT INTO `sales` VALUES (167, 2, '2017-07-18', NULL, '2017-09-20 09:56:16', '2017-09-20 09:56:16');
INSERT INTO `sales` VALUES (168, 2, '2017-07-19', NULL, '2017-09-20 09:59:09', '2017-09-20 09:59:09');
INSERT INTO `sales` VALUES (169, 2, '2017-07-27', NULL, '2017-09-20 10:01:39', '2017-09-20 10:01:39');
INSERT INTO `sales` VALUES (170, 2, '2017-07-28', NULL, '2017-09-20 10:04:57', '2017-09-20 10:04:57');
INSERT INTO `sales` VALUES (171, 2, '2017-07-29', NULL, '2017-09-20 10:08:18', '2017-09-20 10:08:18');
INSERT INTO `sales` VALUES (172, 2, '2017-07-31', NULL, '2017-09-20 10:10:50', '2017-09-20 10:10:50');
INSERT INTO `sales` VALUES (173, 2, '2017-07-31', NULL, '2017-09-20 10:14:13', '2017-09-20 10:14:13');
INSERT INTO `sales` VALUES (174, 2, '2017-07-11', NULL, '2017-09-20 10:17:24', '2017-09-20 10:17:24');
INSERT INTO `sales` VALUES (175, 2, '2017-07-11', NULL, '2017-09-20 10:26:34', '2017-09-20 10:26:34');
INSERT INTO `sales` VALUES (176, 2, '2017-07-21', NULL, '2017-09-20 10:30:03', '2017-09-20 10:30:03');
INSERT INTO `sales` VALUES (177, 2, '2017-07-24', NULL, '2017-09-20 10:35:29', '2017-09-20 10:35:29');
INSERT INTO `sales` VALUES (178, 2, '2017-07-04', NULL, '2017-09-20 10:38:32', '2017-09-20 10:38:32');
INSERT INTO `sales` VALUES (179, 2, '2017-07-05', NULL, '2017-09-20 10:42:28', '2017-09-20 10:42:28');
INSERT INTO `sales` VALUES (180, 2, '2017-07-06', NULL, '2017-09-20 10:45:27', '2017-09-20 10:45:27');
INSERT INTO `sales` VALUES (181, 2, '2017-07-06', NULL, '2017-09-20 10:49:22', '2017-09-20 10:49:22');
INSERT INTO `sales` VALUES (182, 2, '2017-07-13', NULL, '2017-09-20 10:51:50', '2017-09-20 10:51:50');
INSERT INTO `sales` VALUES (183, 2, '2017-07-17', NULL, '2017-09-20 10:54:41', '2017-09-20 10:54:41');
INSERT INTO `sales` VALUES (184, 3, '2017-07-15', NULL, '2017-09-20 22:35:13', '2017-09-20 22:35:13');
INSERT INTO `sales` VALUES (185, 3, '2017-07-15', NULL, '2017-09-20 22:38:55', '2017-09-20 22:38:55');
INSERT INTO `sales` VALUES (186, 3, '2017-07-30', NULL, '2017-09-20 22:40:29', '2017-09-20 22:40:29');
INSERT INTO `sales` VALUES (187, 3, '2017-07-12', NULL, '2017-09-20 22:43:02', '2017-09-20 22:43:02');
INSERT INTO `sales` VALUES (188, 3, '2017-07-13', NULL, '2017-09-20 22:46:05', '2017-09-20 22:49:47');
INSERT INTO `sales` VALUES (189, 3, '2017-07-21', NULL, '2017-09-20 22:54:14', '2017-09-20 22:54:14');
INSERT INTO `sales` VALUES (190, 3, '2017-07-23', NULL, '2017-09-20 22:57:55', '2017-09-20 22:57:55');
INSERT INTO `sales` VALUES (191, 3, '2017-07-23', NULL, '2017-09-20 23:00:14', '2017-09-20 23:00:52');
INSERT INTO `sales` VALUES (192, 3, '2017-07-31', NULL, '2017-09-20 23:05:56', '2017-09-20 23:06:47');
INSERT INTO `sales` VALUES (193, 3, '2017-07-26', NULL, '2017-09-20 23:10:17', '2017-09-20 23:10:17');
INSERT INTO `sales` VALUES (194, 3, '2017-07-31', NULL, '2017-09-20 23:14:26', '2017-09-20 23:14:26');
INSERT INTO `sales` VALUES (195, 3, '2017-07-31', NULL, '2017-09-20 23:18:11', '2017-09-20 23:18:11');
INSERT INTO `sales` VALUES (196, 3, '2017-07-31', NULL, '2017-09-20 23:22:31', '2017-09-20 23:22:31');
INSERT INTO `sales` VALUES (197, 2, '2017-08-19', NULL, '2017-09-21 21:13:37', '2017-09-21 21:13:37');
INSERT INTO `sales` VALUES (198, 2, '2017-08-29', NULL, '2017-09-21 21:17:46', '2017-09-21 21:17:46');
INSERT INTO `sales` VALUES (199, 2, '2017-08-30', NULL, '2017-09-21 21:20:15', '2017-09-21 21:20:15');
INSERT INTO `sales` VALUES (200, 2, '2017-08-22', NULL, '2017-09-21 21:22:18', '2017-09-21 21:22:18');
INSERT INTO `sales` VALUES (201, 2, '2017-08-17', NULL, '2017-09-21 21:24:10', '2017-09-21 21:24:10');
INSERT INTO `sales` VALUES (202, 2, '2017-08-24', NULL, '2017-09-21 21:27:58', '2017-09-21 21:27:58');
INSERT INTO `sales` VALUES (203, 2, '2017-08-24', NULL, '2017-09-21 21:34:35', '2017-09-21 21:34:35');
INSERT INTO `sales` VALUES (204, 2, '2017-08-30', NULL, '2017-09-21 21:40:47', '2017-09-21 21:40:47');
INSERT INTO `sales` VALUES (205, 2, '2017-08-25', NULL, '2017-09-21 21:55:47', '2017-09-21 21:55:47');
INSERT INTO `sales` VALUES (206, 2, '2017-08-27', NULL, '2017-09-21 21:59:23', '2017-09-21 21:59:23');
INSERT INTO `sales` VALUES (207, 2, '2017-08-28', NULL, '2017-09-21 22:02:26', '2017-09-21 22:02:26');
INSERT INTO `sales` VALUES (208, 2, '2017-08-28', NULL, '2017-09-21 22:05:16', '2017-09-21 22:05:16');
INSERT INTO `sales` VALUES (209, 2, '2017-08-29', NULL, '2017-09-21 22:07:36', '2017-09-21 22:07:36');
INSERT INTO `sales` VALUES (210, 2, '2017-08-25', NULL, '2017-09-21 22:10:14', '2017-09-21 22:10:14');
INSERT INTO `sales` VALUES (211, 2, '2017-08-17', NULL, '2017-09-21 22:13:09', '2017-09-21 22:13:09');
INSERT INTO `sales` VALUES (212, 2, '2017-08-15', NULL, '2017-09-21 22:15:50', '2017-09-21 22:15:50');
INSERT INTO `sales` VALUES (213, 2, '2017-08-14', NULL, '2017-09-21 22:18:20', '2017-09-21 22:18:20');
INSERT INTO `sales` VALUES (214, 2, '2017-08-15', NULL, '2017-09-21 22:26:22', '2017-09-21 22:26:22');
INSERT INTO `sales` VALUES (215, 2, '2017-08-11', NULL, '2017-09-21 22:28:46', '2017-09-21 22:28:46');
INSERT INTO `sales` VALUES (216, 2, '2017-08-11', NULL, '2017-09-21 22:31:09', '2017-09-21 22:31:09');
INSERT INTO `sales` VALUES (217, 2, '2017-08-14', NULL, '2017-09-21 22:33:23', '2017-09-21 22:33:23');
INSERT INTO `sales` VALUES (218, 2, '2017-08-10', NULL, '2017-09-21 22:36:21', '2017-09-21 22:36:21');
INSERT INTO `sales` VALUES (219, 2, '2017-08-10', NULL, '2017-09-21 22:38:31', '2017-09-21 22:38:31');
INSERT INTO `sales` VALUES (220, 2, '2017-08-09', NULL, '2017-09-21 22:40:50', '2017-09-21 22:40:50');
INSERT INTO `sales` VALUES (221, 2, '2017-08-10', NULL, '2017-09-21 22:43:18', '2017-09-21 22:43:18');
INSERT INTO `sales` VALUES (222, 2, '2017-08-01', NULL, '2017-09-21 22:47:30', '2017-09-21 22:47:30');
INSERT INTO `sales` VALUES (223, 2, '2017-08-05', NULL, '2017-09-21 22:50:33', '2017-09-21 22:50:33');
INSERT INTO `sales` VALUES (224, 2, '2017-08-06', NULL, '2017-09-21 22:53:32', '2017-09-21 22:53:32');
INSERT INTO `sales` VALUES (225, 2, '2017-08-18', NULL, '2017-09-21 22:55:52', '2017-09-21 22:55:52');
INSERT INTO `sales` VALUES (226, 3, '2017-08-07', NULL, '2017-09-24 04:10:58', '2017-09-24 04:10:58');
INSERT INTO `sales` VALUES (227, 3, '2017-08-10', NULL, '2017-09-24 04:13:46', '2017-09-24 04:13:46');
INSERT INTO `sales` VALUES (228, 3, '2017-08-15', NULL, '2017-09-24 05:17:40', '2017-09-24 05:17:40');
INSERT INTO `sales` VALUES (229, 3, '2017-08-19', NULL, '2017-09-24 05:20:49', '2017-09-24 05:20:49');
INSERT INTO `sales` VALUES (230, 3, '2017-08-02', NULL, '2017-09-24 06:36:28', '2017-09-24 06:36:28');
INSERT INTO `sales` VALUES (231, 3, '2017-08-17', NULL, '2017-09-24 06:40:49', '2017-09-24 06:40:49');
INSERT INTO `sales` VALUES (232, 3, '2017-08-17', NULL, '2017-09-24 06:42:22', '2017-09-24 06:42:22');
INSERT INTO `sales` VALUES (233, 3, '2017-08-12', NULL, '2017-09-24 06:44:29', '2017-09-24 06:44:29');
INSERT INTO `sales` VALUES (234, 3, '2017-08-29', NULL, '2017-09-24 06:46:21', '2017-09-24 06:46:21');
INSERT INTO `sales` VALUES (235, 3, '2017-08-10', NULL, '2017-09-24 06:51:29', '2017-09-24 06:51:29');
INSERT INTO `sales` VALUES (236, 3, '2017-08-10', NULL, '2017-09-24 06:54:33', '2017-09-24 06:54:33');
INSERT INTO `sales` VALUES (237, 3, '2017-08-09', NULL, '2017-09-24 07:03:13', '2017-09-24 07:03:13');
INSERT INTO `sales` VALUES (238, 3, '2017-08-01', NULL, '2017-09-24 07:06:21', '2017-09-24 07:06:21');
INSERT INTO `sales` VALUES (239, 3, '2017-08-14', NULL, '2017-10-24 23:20:42', '2017-10-24 23:20:42');
INSERT INTO `sales` VALUES (240, 3, '2017-08-14', NULL, '2017-10-24 23:26:07', '2017-10-24 23:26:07');
INSERT INTO `sales` VALUES (241, 3, '2017-08-13', NULL, '2017-10-24 23:29:24', '2017-10-24 23:29:24');
INSERT INTO `sales` VALUES (242, 3, '2017-08-19', NULL, '2017-10-24 23:34:27', '2017-10-24 23:34:27');
INSERT INTO `sales` VALUES (243, 3, '2017-08-22', NULL, '2017-10-24 23:40:54', '2017-10-24 23:40:54');
INSERT INTO `sales` VALUES (244, 3, '2017-08-23', NULL, '2017-10-24 23:46:33', '2017-10-24 23:46:33');
INSERT INTO `sales` VALUES (245, 3, '2017-08-24', NULL, '2017-10-24 23:50:04', '2017-10-24 23:50:04');
INSERT INTO `sales` VALUES (246, 3, '2017-08-28', NULL, '2017-10-24 23:57:21', '2017-10-24 23:57:21');
INSERT INTO `sales` VALUES (247, 3, '2017-08-27', NULL, '2017-10-25 00:00:19', '2017-10-25 00:00:19');
INSERT INTO `sales` VALUES (248, 2, '2017-09-19', NULL, '2017-12-21 13:50:08', '2017-12-21 13:50:08');
INSERT INTO `sales` VALUES (249, 2, '2017-09-21', NULL, '2017-12-21 13:51:17', '2017-12-21 13:51:17');
INSERT INTO `sales` VALUES (250, 2, '2017-09-05', NULL, '2017-12-21 13:56:07', '2017-12-21 13:56:07');
INSERT INTO `sales` VALUES (251, 2, '2017-09-04', NULL, '2017-12-21 14:02:13', '2017-12-21 14:02:13');
INSERT INTO `sales` VALUES (252, 2, '2017-09-06', NULL, '2017-12-21 15:04:05', '2017-12-21 15:04:05');
INSERT INTO `sales` VALUES (253, 2, '2017-09-06', NULL, '2017-12-21 15:06:36', '2017-12-21 15:06:36');
INSERT INTO `sales` VALUES (254, 2, '2017-09-07', NULL, '2017-12-21 15:10:21', '2017-12-21 15:10:21');
INSERT INTO `sales` VALUES (255, 2, '2017-09-07', NULL, '2017-12-21 15:14:32', '2017-12-21 15:14:32');
INSERT INTO `sales` VALUES (256, 2, '2017-09-09', NULL, '2017-12-21 15:27:43', '2017-12-21 15:27:43');
INSERT INTO `sales` VALUES (257, 2, '2017-09-08', NULL, '2017-12-21 15:30:45', '2017-12-21 15:30:45');
INSERT INTO `sales` VALUES (258, 2, '2017-09-12', NULL, '2017-12-21 15:35:16', '2017-12-21 15:35:16');
INSERT INTO `sales` VALUES (259, 2, '2017-09-14', NULL, '2017-12-21 15:38:02', '2017-12-21 15:38:02');
INSERT INTO `sales` VALUES (260, 2, '2017-09-14', NULL, '2017-12-21 15:41:55', '2017-12-21 15:41:55');
INSERT INTO `sales` VALUES (261, 2, '2017-09-15', NULL, '2017-12-21 15:47:50', '2017-12-21 15:47:50');
INSERT INTO `sales` VALUES (262, 2, '2017-09-11', NULL, '2017-12-21 15:53:28', '2017-12-21 15:53:28');
INSERT INTO `sales` VALUES (263, 2, '2017-09-18', NULL, '2017-12-21 15:56:34', '2017-12-21 15:56:34');
INSERT INTO `sales` VALUES (264, 2, '2017-09-26', NULL, '2017-12-21 15:59:25', '2017-12-21 15:59:25');
INSERT INTO `sales` VALUES (265, 2, '2017-09-26', NULL, '2017-12-21 16:02:02', '2017-12-21 16:02:02');
INSERT INTO `sales` VALUES (266, 2, '2017-09-29', NULL, '2017-12-21 16:05:25', '2017-12-21 16:05:25');
INSERT INTO `sales` VALUES (267, 3, '2017-09-08', NULL, '2017-12-21 16:54:34', '2017-12-21 16:54:34');
INSERT INTO `sales` VALUES (268, 3, '2017-09-20', NULL, '2017-12-21 16:58:44', '2017-12-21 16:58:44');
INSERT INTO `sales` VALUES (269, 3, '2017-09-12', NULL, '2017-12-21 17:01:16', '2017-12-21 17:01:16');
INSERT INTO `sales` VALUES (270, 3, '2017-09-19', NULL, '2017-12-21 17:06:16', '2017-12-21 17:06:16');
INSERT INTO `sales` VALUES (271, 3, '2017-09-26', NULL, '2017-12-21 18:57:13', '2017-12-21 18:57:13');
INSERT INTO `sales` VALUES (272, 3, '2017-09-18', NULL, '2017-12-21 19:00:07', '2017-12-21 19:00:07');
INSERT INTO `sales` VALUES (273, 3, '2017-09-16', NULL, '2017-12-21 19:03:00', '2017-12-21 19:03:00');
INSERT INTO `sales` VALUES (274, 3, '2017-09-14', NULL, '2017-12-21 19:06:25', '2017-12-21 19:06:25');
INSERT INTO `sales` VALUES (275, 3, '2017-09-04', NULL, '2017-12-21 19:10:27', '2017-12-21 19:10:27');
INSERT INTO `sales` VALUES (276, 3, '2017-09-12', NULL, '2017-12-21 19:13:46', '2017-12-21 19:13:46');
INSERT INTO `sales` VALUES (277, 3, '2017-09-13', NULL, '2017-12-21 19:15:59', '2017-12-21 19:15:59');
INSERT INTO `sales` VALUES (278, 3, '2017-09-12', NULL, '2017-12-21 19:18:16', '2017-12-21 19:18:16');

-- ----------------------------
-- Table structure for sales_customers
-- ----------------------------
CREATE TABLE `sales_customers`  (
  `id` int(10) UNSIGNED NOT NULL AUTO_INCREMENT,
  `id_sales` int(11) NOT NULL,
  `id_customer` int(11) NOT NULL,
  `deleted_at` timestamp(0) NULL DEFAULT NULL,
  `created_at` timestamp(0) NULL DEFAULT NULL,
  `updated_at` timestamp(0) NULL DEFAULT NULL,
  PRIMARY KEY (`id`) USING BTREE,
  INDEX `sales_customers_id_sales_foreign`(`id_sales`) USING BTREE,
  INDEX `sales_customers_id_customer_foreign`(`id_customer`) USING BTREE
) ENGINE = MyISAM AUTO_INCREMENT = 274 CHARACTER SET = utf8 COLLATE = utf8_unicode_ci ROW_FORMAT = Fixed;

-- ----------------------------
-- Records of sales_customers
-- ----------------------------
INSERT INTO `sales_customers` VALUES (1, 1, 1, NULL, '2017-05-21 15:40:24', '2017-05-21 15:40:24');
INSERT INTO `sales_customers` VALUES (2, 2, 2, NULL, '2017-05-21 15:45:46', '2017-05-21 15:45:46');
INSERT INTO `sales_customers` VALUES (3, 3, 3, NULL, '2017-05-21 15:50:20', '2017-05-21 15:50:20');
INSERT INTO `sales_customers` VALUES (4, 4, 4, NULL, '2017-05-21 15:53:28', '2017-05-21 15:53:28');
INSERT INTO `sales_customers` VALUES (5, 5, 5, NULL, '2017-05-21 16:04:14', '2017-05-21 16:04:14');
INSERT INTO `sales_customers` VALUES (6, 6, 6, NULL, '2017-05-21 16:12:09', '2017-05-21 16:12:09');
INSERT INTO `sales_customers` VALUES (7, 7, 7, NULL, '2017-05-21 16:18:06', '2017-05-21 16:18:06');
INSERT INTO `sales_customers` VALUES (8, 8, 8, NULL, '2017-05-21 16:26:45', '2017-05-21 16:26:45');
INSERT INTO `sales_customers` VALUES (9, 9, 9, NULL, '2017-05-21 16:31:06', '2017-05-21 16:31:06');
INSERT INTO `sales_customers` VALUES (10, 10, 10, NULL, '2017-05-21 16:36:48', '2017-05-21 16:36:48');
INSERT INTO `sales_customers` VALUES (11, 11, 11, NULL, '2017-05-21 16:42:11', '2017-05-21 16:42:11');
INSERT INTO `sales_customers` VALUES (12, 12, 12, NULL, '2017-05-21 16:49:52', '2017-05-21 16:49:52');
INSERT INTO `sales_customers` VALUES (13, 13, 13, NULL, '2017-05-21 17:06:21', '2017-05-21 17:06:21');
INSERT INTO `sales_customers` VALUES (14, 14, 14, NULL, '2017-05-21 17:11:39', '2017-05-21 17:11:39');
INSERT INTO `sales_customers` VALUES (15, 15, 15, NULL, '2017-05-21 19:31:47', '2017-05-21 19:31:47');
INSERT INTO `sales_customers` VALUES (16, 16, 16, NULL, '2017-05-21 19:45:21', '2017-05-21 19:45:21');
INSERT INTO `sales_customers` VALUES (17, 17, 17, NULL, '2017-05-21 19:49:11', '2017-05-21 19:49:11');
INSERT INTO `sales_customers` VALUES (18, 18, 18, NULL, '2017-05-21 19:52:30', '2017-05-21 19:52:30');
INSERT INTO `sales_customers` VALUES (19, 19, 19, NULL, '2017-05-21 19:55:23', '2017-05-21 19:55:23');
INSERT INTO `sales_customers` VALUES (20, 20, 20, NULL, '2017-05-21 20:04:54', '2017-05-21 20:04:54');
INSERT INTO `sales_customers` VALUES (21, 21, 21, NULL, '2017-05-21 20:08:23', '2017-05-21 20:08:23');
INSERT INTO `sales_customers` VALUES (22, 22, 22, NULL, '2017-05-21 20:11:23', '2017-05-21 20:11:23');
INSERT INTO `sales_customers` VALUES (23, 23, 23, NULL, '2017-05-21 20:14:31', '2017-05-21 20:14:31');
INSERT INTO `sales_customers` VALUES (24, 27, 24, NULL, '2017-05-21 22:43:12', '2017-05-21 22:43:12');
INSERT INTO `sales_customers` VALUES (25, 28, 25, NULL, '2017-05-22 01:07:03', '2017-05-22 01:07:03');
INSERT INTO `sales_customers` VALUES (26, 29, 26, NULL, '2017-05-22 01:27:36', '2017-05-22 01:27:36');
INSERT INTO `sales_customers` VALUES (27, 30, 27, NULL, '2017-05-22 02:57:46', '2017-05-22 02:57:46');
INSERT INTO `sales_customers` VALUES (28, 31, 28, NULL, '2017-05-22 03:14:45', '2017-05-22 03:14:45');
INSERT INTO `sales_customers` VALUES (29, 32, 29, NULL, '2017-05-22 03:21:12', '2017-05-22 03:21:12');
INSERT INTO `sales_customers` VALUES (30, 33, 30, NULL, '2017-05-22 03:27:57', '2017-05-22 03:27:57');
INSERT INTO `sales_customers` VALUES (31, 34, 31, NULL, '2017-05-22 03:59:44', '2017-05-22 03:59:44');
INSERT INTO `sales_customers` VALUES (32, 35, 32, NULL, '2017-05-22 04:09:34', '2017-05-22 04:09:34');
INSERT INTO `sales_customers` VALUES (33, 36, 33, NULL, '2017-05-22 04:17:19', '2017-05-22 04:17:19');
INSERT INTO `sales_customers` VALUES (34, 37, 34, NULL, '2017-05-22 12:51:20', '2017-05-22 12:51:20');
INSERT INTO `sales_customers` VALUES (35, 38, 35, NULL, '2017-05-22 13:00:20', '2017-05-22 13:00:20');
INSERT INTO `sales_customers` VALUES (36, 39, 36, NULL, '2017-05-22 13:05:50', '2017-05-22 13:05:50');
INSERT INTO `sales_customers` VALUES (37, 40, 37, NULL, '2017-05-22 13:11:57', '2017-05-22 13:11:57');
INSERT INTO `sales_customers` VALUES (38, 41, 38, NULL, '2017-05-22 14:18:46', '2017-05-22 14:18:46');
INSERT INTO `sales_customers` VALUES (39, 42, 39, NULL, '2017-05-22 14:29:37', '2017-05-22 14:29:37');
INSERT INTO `sales_customers` VALUES (40, 43, 40, NULL, '2017-05-22 14:35:13', '2017-05-22 14:35:13');
INSERT INTO `sales_customers` VALUES (41, 44, 41, NULL, '2017-05-22 14:40:43', '2017-05-22 14:40:43');
INSERT INTO `sales_customers` VALUES (42, 45, 42, NULL, '2017-05-22 15:01:25', '2017-05-22 15:01:25');
INSERT INTO `sales_customers` VALUES (43, 46, 43, NULL, '2017-05-22 15:07:35', '2017-05-22 15:07:35');
INSERT INTO `sales_customers` VALUES (44, 47, 44, NULL, '2017-06-04 18:43:38', '2017-06-04 18:43:38');
INSERT INTO `sales_customers` VALUES (45, 48, 45, NULL, '2017-06-04 18:52:23', '2017-06-04 18:52:23');
INSERT INTO `sales_customers` VALUES (46, 49, 46, NULL, '2017-06-04 18:56:03', '2017-06-04 18:56:03');
INSERT INTO `sales_customers` VALUES (47, 50, 47, NULL, '2017-06-04 19:03:35', '2017-06-04 19:03:35');
INSERT INTO `sales_customers` VALUES (48, 51, 48, NULL, '2017-06-04 19:09:38', '2017-06-04 19:09:38');
INSERT INTO `sales_customers` VALUES (49, 52, 49, NULL, '2017-06-04 19:20:45', '2017-06-04 19:20:45');
INSERT INTO `sales_customers` VALUES (50, 53, 50, NULL, '2017-06-04 21:14:08', '2017-06-04 21:14:08');
INSERT INTO `sales_customers` VALUES (51, 54, 51, NULL, '2017-06-04 21:20:12', '2017-06-04 21:20:12');
INSERT INTO `sales_customers` VALUES (52, 55, 52, NULL, '2017-06-04 21:37:50', '2017-06-04 21:37:50');
INSERT INTO `sales_customers` VALUES (53, 56, 53, NULL, '2017-06-05 17:53:27', '2017-06-05 17:53:27');
INSERT INTO `sales_customers` VALUES (54, 57, 54, NULL, '2017-06-05 17:59:46', '2017-06-05 17:59:46');
INSERT INTO `sales_customers` VALUES (55, 58, 55, NULL, '2017-06-05 18:09:33', '2017-06-05 18:09:33');
INSERT INTO `sales_customers` VALUES (56, 59, 56, NULL, '2017-06-05 21:48:25', '2017-06-05 21:48:25');
INSERT INTO `sales_customers` VALUES (57, 60, 57, NULL, '2017-06-05 21:58:18', '2017-06-05 21:58:18');
INSERT INTO `sales_customers` VALUES (58, 61, 58, NULL, '2017-06-05 22:05:58', '2017-06-05 22:05:58');
INSERT INTO `sales_customers` VALUES (59, 62, 59, NULL, '2017-06-05 22:13:59', '2017-06-05 22:13:59');
INSERT INTO `sales_customers` VALUES (60, 63, 60, NULL, '2017-06-05 22:20:30', '2017-06-05 22:20:30');
INSERT INTO `sales_customers` VALUES (61, 64, 61, NULL, '2017-06-07 04:33:03', '2017-06-07 04:33:03');
INSERT INTO `sales_customers` VALUES (62, 65, 62, NULL, '2017-06-07 04:37:15', '2017-06-07 04:37:15');
INSERT INTO `sales_customers` VALUES (63, 66, 63, NULL, '2017-06-07 04:40:19', '2017-06-07 04:40:19');
INSERT INTO `sales_customers` VALUES (64, 67, 64, NULL, '2017-06-07 04:45:42', '2017-06-07 04:45:42');
INSERT INTO `sales_customers` VALUES (65, 68, 65, NULL, '2017-06-07 19:35:05', '2017-06-07 19:35:05');
INSERT INTO `sales_customers` VALUES (66, 69, 66, NULL, '2017-06-07 19:42:38', '2017-06-07 19:42:38');
INSERT INTO `sales_customers` VALUES (67, 70, 67, NULL, '2017-06-07 19:49:52', '2017-06-07 19:49:52');
INSERT INTO `sales_customers` VALUES (68, 71, 8, NULL, '2017-06-07 19:55:40', '2017-06-07 19:55:40');
INSERT INTO `sales_customers` VALUES (69, 72, 68, NULL, '2017-06-07 20:02:22', '2017-06-07 20:02:22');
INSERT INTO `sales_customers` VALUES (70, 73, 69, NULL, '2017-06-07 20:12:02', '2017-06-07 20:12:02');
INSERT INTO `sales_customers` VALUES (71, 74, 70, NULL, '2017-06-07 20:20:29', '2017-06-07 20:20:29');
INSERT INTO `sales_customers` VALUES (72, 75, 71, NULL, '2017-06-07 20:27:55', '2017-06-07 20:27:55');
INSERT INTO `sales_customers` VALUES (73, 76, 72, NULL, '2017-06-07 20:36:33', '2017-06-07 20:36:33');
INSERT INTO `sales_customers` VALUES (74, 77, 73, NULL, '2017-06-07 20:49:34', '2017-06-07 20:49:34');
INSERT INTO `sales_customers` VALUES (75, 78, 74, NULL, '2017-06-07 21:07:58', '2017-06-07 21:07:58');
INSERT INTO `sales_customers` VALUES (76, 79, 75, NULL, '2017-06-07 21:13:50', '2017-06-07 21:13:50');
INSERT INTO `sales_customers` VALUES (77, 80, 76, NULL, '2017-06-07 21:21:03', '2017-06-07 21:21:03');
INSERT INTO `sales_customers` VALUES (78, 81, 77, NULL, '2017-06-07 21:26:34', '2017-06-07 21:26:34');
INSERT INTO `sales_customers` VALUES (79, 82, 78, NULL, '2017-06-07 21:33:23', '2017-06-07 21:33:23');
INSERT INTO `sales_customers` VALUES (80, 83, 79, NULL, '2017-06-07 21:50:56', '2017-06-07 21:50:56');
INSERT INTO `sales_customers` VALUES (81, 84, 80, NULL, '2017-06-07 21:58:17', '2017-06-07 21:58:17');
INSERT INTO `sales_customers` VALUES (82, 85, 81, NULL, '2017-06-08 00:36:13', '2017-06-08 00:36:13');
INSERT INTO `sales_customers` VALUES (83, 86, 82, NULL, '2017-06-08 00:42:21', '2017-06-08 00:42:21');
INSERT INTO `sales_customers` VALUES (84, 87, 83, NULL, '2017-06-08 00:48:03', '2017-06-08 00:48:03');
INSERT INTO `sales_customers` VALUES (85, 88, 84, NULL, '2017-06-08 04:14:06', '2017-06-08 04:14:06');
INSERT INTO `sales_customers` VALUES (86, 89, 85, NULL, '2017-06-08 04:18:57', '2017-06-08 04:18:57');
INSERT INTO `sales_customers` VALUES (87, 90, 86, NULL, '2017-06-08 19:13:51', '2017-06-08 19:13:51');
INSERT INTO `sales_customers` VALUES (88, 91, 87, NULL, '2017-06-08 19:18:20', '2017-06-08 19:18:20');
INSERT INTO `sales_customers` VALUES (89, 92, 88, NULL, '2017-06-08 19:22:00', '2017-06-08 19:22:00');
INSERT INTO `sales_customers` VALUES (90, 94, 89, NULL, '2017-06-08 19:27:52', '2017-06-08 19:27:52');
INSERT INTO `sales_customers` VALUES (91, 95, 90, NULL, '2017-06-08 19:31:27', '2017-06-08 19:31:27');
INSERT INTO `sales_customers` VALUES (92, 96, 62, NULL, '2017-06-08 19:35:28', '2017-06-08 19:35:28');
INSERT INTO `sales_customers` VALUES (93, 97, 91, NULL, '2017-06-08 19:49:44', '2017-06-08 19:49:44');
INSERT INTO `sales_customers` VALUES (94, 98, 92, NULL, '2017-06-12 12:25:24', '2017-06-12 12:25:24');
INSERT INTO `sales_customers` VALUES (95, 99, 93, NULL, '2017-06-12 12:32:14', '2017-06-12 12:32:14');
INSERT INTO `sales_customers` VALUES (96, 100, 94, NULL, '2017-06-12 12:36:54', '2017-06-12 12:36:54');
INSERT INTO `sales_customers` VALUES (97, 101, 95, NULL, '2017-06-12 12:41:33', '2017-06-12 12:41:33');
INSERT INTO `sales_customers` VALUES (98, 102, 66, NULL, '2017-06-12 12:45:52', '2017-06-12 12:45:52');
INSERT INTO `sales_customers` VALUES (99, 103, 96, NULL, '2017-06-12 12:50:56', '2017-06-12 12:50:56');
INSERT INTO `sales_customers` VALUES (100, 104, 97, NULL, '2017-06-12 12:57:21', '2017-06-12 12:57:21');
INSERT INTO `sales_customers` VALUES (101, 105, 98, NULL, '2017-06-12 16:27:33', '2017-06-12 16:27:33');
INSERT INTO `sales_customers` VALUES (102, 106, 99, NULL, '2017-06-12 16:32:56', '2017-06-12 16:32:56');
INSERT INTO `sales_customers` VALUES (103, 107, 100, NULL, '2017-06-12 16:38:25', '2017-06-12 16:38:25');
INSERT INTO `sales_customers` VALUES (104, 108, 101, NULL, '2017-06-12 16:44:11', '2017-06-12 16:44:11');
INSERT INTO `sales_customers` VALUES (105, 109, 102, NULL, '2017-06-12 16:49:42', '2017-06-12 16:49:42');
INSERT INTO `sales_customers` VALUES (106, 110, 103, NULL, '2017-06-12 16:57:02', '2017-06-12 16:57:02');
INSERT INTO `sales_customers` VALUES (107, 111, 104, NULL, '2017-06-12 17:01:37', '2017-06-12 17:01:37');
INSERT INTO `sales_customers` VALUES (108, 112, 105, NULL, '2017-06-12 17:06:53', '2017-06-12 17:06:53');
INSERT INTO `sales_customers` VALUES (109, 113, 106, NULL, '2017-06-12 17:11:11', '2017-06-12 17:11:11');
INSERT INTO `sales_customers` VALUES (110, 114, 107, NULL, '2017-06-12 19:19:04', '2017-06-12 19:19:04');
INSERT INTO `sales_customers` VALUES (111, 115, 108, NULL, '2017-06-12 19:22:35', '2017-06-12 19:22:35');
INSERT INTO `sales_customers` VALUES (112, 116, 109, NULL, '2017-06-12 19:25:17', '2017-06-12 19:25:17');
INSERT INTO `sales_customers` VALUES (113, 117, 110, NULL, '2017-06-12 19:28:57', '2017-06-12 19:28:57');
INSERT INTO `sales_customers` VALUES (114, 118, 111, NULL, '2017-06-12 19:34:24', '2017-06-12 19:34:24');
INSERT INTO `sales_customers` VALUES (115, 119, 30, NULL, '2017-06-12 19:39:27', '2017-06-12 19:39:27');
INSERT INTO `sales_customers` VALUES (116, 120, 112, NULL, '2017-06-12 19:46:03', '2017-06-12 19:46:03');
INSERT INTO `sales_customers` VALUES (117, 121, 113, NULL, '2017-06-12 19:52:11', '2017-06-12 19:52:11');
INSERT INTO `sales_customers` VALUES (118, 122, 114, NULL, '2017-06-12 19:57:57', '2017-06-12 19:57:57');
INSERT INTO `sales_customers` VALUES (119, 123, 115, NULL, '2017-06-12 22:12:52', '2017-06-12 22:12:52');
INSERT INTO `sales_customers` VALUES (120, 124, 116, NULL, '2017-06-12 22:17:42', '2017-06-12 22:17:42');
INSERT INTO `sales_customers` VALUES (121, 125, 117, NULL, '2017-06-12 22:23:45', '2017-06-12 22:23:45');
INSERT INTO `sales_customers` VALUES (122, 126, 118, NULL, '2017-08-06 21:41:03', '2017-08-06 21:41:03');
INSERT INTO `sales_customers` VALUES (123, 127, 119, NULL, '2017-08-06 21:46:22', '2017-08-06 21:46:22');
INSERT INTO `sales_customers` VALUES (124, 128, 120, NULL, '2017-08-06 21:52:55', '2017-08-06 21:52:55');
INSERT INTO `sales_customers` VALUES (125, 129, 121, NULL, '2017-08-06 21:58:25', '2017-08-06 21:58:25');
INSERT INTO `sales_customers` VALUES (126, 130, 122, NULL, '2017-08-06 22:06:19', '2017-08-06 22:06:19');
INSERT INTO `sales_customers` VALUES (127, 131, 123, NULL, '2017-08-06 22:12:50', '2017-08-06 22:12:50');
INSERT INTO `sales_customers` VALUES (128, 132, 124, NULL, '2017-08-06 22:38:01', '2017-08-06 22:38:01');
INSERT INTO `sales_customers` VALUES (129, 133, 125, NULL, '2017-08-06 23:14:52', '2017-08-06 23:14:52');
INSERT INTO `sales_customers` VALUES (130, 134, 126, NULL, '2017-08-06 23:18:39', '2017-08-06 23:18:39');
INSERT INTO `sales_customers` VALUES (131, 135, 127, NULL, '2017-08-06 23:27:51', '2017-08-06 23:27:51');
INSERT INTO `sales_customers` VALUES (132, 136, 128, NULL, '2017-08-06 23:32:21', '2017-08-06 23:32:21');
INSERT INTO `sales_customers` VALUES (133, 137, 129, NULL, '2017-08-06 23:46:17', '2017-08-06 23:46:17');
INSERT INTO `sales_customers` VALUES (134, 138, 130, NULL, '2017-08-06 23:57:12', '2017-08-06 23:57:12');
INSERT INTO `sales_customers` VALUES (135, 139, 131, NULL, '2017-08-07 00:28:42', '2017-08-07 00:28:42');
INSERT INTO `sales_customers` VALUES (136, 140, 113, NULL, '2017-08-07 00:33:06', '2017-08-07 00:33:06');
INSERT INTO `sales_customers` VALUES (137, 141, 132, NULL, '2017-08-07 00:49:14', '2017-08-07 00:49:14');
INSERT INTO `sales_customers` VALUES (138, 143, 133, NULL, '2017-08-09 01:15:55', '2017-08-09 01:15:55');
INSERT INTO `sales_customers` VALUES (139, 144, 134, NULL, '2017-08-09 01:19:10', '2017-08-09 01:19:10');
INSERT INTO `sales_customers` VALUES (140, 145, 135, NULL, '2017-08-09 01:24:41', '2017-08-09 01:24:41');
INSERT INTO `sales_customers` VALUES (141, 146, 136, NULL, '2017-08-09 01:27:38', '2017-08-09 01:27:38');
INSERT INTO `sales_customers` VALUES (142, 147, 137, NULL, '2017-08-09 01:30:39', '2017-08-09 01:30:39');
INSERT INTO `sales_customers` VALUES (143, 148, 138, NULL, '2017-08-09 01:33:12', '2017-08-09 01:33:12');
INSERT INTO `sales_customers` VALUES (144, 149, 139, NULL, '2017-08-13 22:17:02', '2017-08-13 22:17:02');
INSERT INTO `sales_customers` VALUES (145, 150, 140, NULL, '2017-08-13 22:20:00', '2017-08-13 22:20:00');
INSERT INTO `sales_customers` VALUES (146, 151, 141, NULL, '2017-08-13 22:26:13', '2017-08-13 22:26:13');
INSERT INTO `sales_customers` VALUES (147, 152, 142, NULL, '2017-08-13 22:33:35', '2017-08-13 22:33:35');
INSERT INTO `sales_customers` VALUES (148, 153, 143, NULL, '2017-08-13 22:38:17', '2017-08-13 22:38:17');
INSERT INTO `sales_customers` VALUES (149, 154, 144, NULL, '2017-08-13 22:44:15', '2017-08-13 22:44:15');
INSERT INTO `sales_customers` VALUES (150, 155, 145, NULL, '2017-08-13 22:56:47', '2017-08-13 22:56:47');
INSERT INTO `sales_customers` VALUES (151, 156, 146, NULL, '2017-08-13 23:08:21', '2017-08-13 23:08:21');
INSERT INTO `sales_customers` VALUES (152, 157, 147, NULL, '2017-08-13 23:18:01', '2017-08-13 23:18:01');
INSERT INTO `sales_customers` VALUES (153, 158, 148, NULL, '2017-08-13 23:28:10', '2017-08-13 23:28:10');
INSERT INTO `sales_customers` VALUES (154, 159, 149, NULL, '2017-08-13 23:34:58', '2017-08-13 23:34:58');
INSERT INTO `sales_customers` VALUES (155, 160, 150, NULL, '2017-08-13 23:38:41', '2017-08-13 23:38:41');
INSERT INTO `sales_customers` VALUES (156, 161, 151, NULL, '2017-08-13 23:43:02', '2017-08-13 23:43:02');
INSERT INTO `sales_customers` VALUES (157, 162, 152, NULL, '2017-08-13 23:48:37', '2017-08-13 23:48:37');
INSERT INTO `sales_customers` VALUES (158, 163, 153, NULL, '2017-08-13 23:53:53', '2017-08-13 23:53:53');
INSERT INTO `sales_customers` VALUES (159, 164, 154, NULL, '2017-08-14 00:11:03', '2017-08-14 00:11:03');
INSERT INTO `sales_customers` VALUES (160, 165, 155, NULL, '2017-08-14 00:37:30', '2017-08-14 00:37:30');
INSERT INTO `sales_customers` VALUES (161, 166, 156, NULL, '2017-09-20 09:53:11', '2017-09-20 09:53:11');
INSERT INTO `sales_customers` VALUES (162, 167, 157, NULL, '2017-09-20 09:56:16', '2017-09-20 09:56:16');
INSERT INTO `sales_customers` VALUES (163, 168, 158, NULL, '2017-09-20 09:59:09', '2017-09-20 09:59:09');
INSERT INTO `sales_customers` VALUES (164, 169, 159, NULL, '2017-09-20 10:01:40', '2017-09-20 10:01:40');
INSERT INTO `sales_customers` VALUES (165, 170, 160, NULL, '2017-09-20 10:04:57', '2017-09-20 10:04:57');
INSERT INTO `sales_customers` VALUES (166, 171, 161, NULL, '2017-09-20 10:08:18', '2017-09-20 10:08:18');
INSERT INTO `sales_customers` VALUES (167, 172, 162, NULL, '2017-09-20 10:10:51', '2017-09-20 10:10:51');
INSERT INTO `sales_customers` VALUES (168, 173, 163, NULL, '2017-09-20 10:14:13', '2017-09-20 10:14:13');
INSERT INTO `sales_customers` VALUES (169, 174, 164, NULL, '2017-09-20 10:17:24', '2017-09-20 10:17:24');
INSERT INTO `sales_customers` VALUES (170, 175, 165, NULL, '2017-09-20 10:26:34', '2017-09-20 10:26:34');
INSERT INTO `sales_customers` VALUES (171, 176, 166, NULL, '2017-09-20 10:30:03', '2017-09-20 10:30:03');
INSERT INTO `sales_customers` VALUES (172, 177, 167, NULL, '2017-09-20 10:35:29', '2017-09-20 10:35:29');
INSERT INTO `sales_customers` VALUES (173, 178, 168, NULL, '2017-09-20 10:38:32', '2017-09-20 10:38:32');
INSERT INTO `sales_customers` VALUES (174, 179, 169, NULL, '2017-09-20 10:42:28', '2017-09-20 10:42:28');
INSERT INTO `sales_customers` VALUES (175, 180, 170, NULL, '2017-09-20 10:45:27', '2017-09-20 10:45:27');
INSERT INTO `sales_customers` VALUES (176, 181, 171, NULL, '2017-09-20 10:49:22', '2017-09-20 10:49:22');
INSERT INTO `sales_customers` VALUES (177, 182, 172, NULL, '2017-09-20 10:51:50', '2017-09-20 10:51:50');
INSERT INTO `sales_customers` VALUES (178, 183, 173, NULL, '2017-09-20 10:54:41', '2017-09-20 10:54:41');
INSERT INTO `sales_customers` VALUES (179, 184, 174, NULL, '2017-09-20 22:35:14', '2017-09-20 22:35:14');
INSERT INTO `sales_customers` VALUES (180, 185, 175, NULL, '2017-09-20 22:38:55', '2017-09-20 22:38:55');
INSERT INTO `sales_customers` VALUES (181, 186, 176, NULL, '2017-09-20 22:40:29', '2017-09-20 22:40:29');
INSERT INTO `sales_customers` VALUES (182, 187, 177, NULL, '2017-09-20 22:43:02', '2017-09-20 22:43:02');
INSERT INTO `sales_customers` VALUES (183, 188, 178, NULL, '2017-09-20 22:46:05', '2017-09-20 22:46:05');
INSERT INTO `sales_customers` VALUES (184, 189, 179, NULL, '2017-09-20 22:54:15', '2017-09-20 22:54:15');
INSERT INTO `sales_customers` VALUES (185, 190, 180, NULL, '2017-09-20 22:57:56', '2017-09-20 22:57:56');
INSERT INTO `sales_customers` VALUES (186, 191, 181, NULL, '2017-09-20 23:00:14', '2017-09-20 23:00:14');
INSERT INTO `sales_customers` VALUES (187, 192, 182, NULL, '2017-09-20 23:05:57', '2017-09-20 23:05:57');
INSERT INTO `sales_customers` VALUES (188, 193, 183, NULL, '2017-09-20 23:10:17', '2017-09-20 23:10:17');
INSERT INTO `sales_customers` VALUES (189, 194, 184, NULL, '2017-09-20 23:14:27', '2017-09-20 23:14:27');
INSERT INTO `sales_customers` VALUES (190, 195, 185, NULL, '2017-09-20 23:18:12', '2017-09-20 23:18:12');
INSERT INTO `sales_customers` VALUES (191, 196, 186, NULL, '2017-09-20 23:22:31', '2017-09-20 23:22:31');
INSERT INTO `sales_customers` VALUES (192, 197, 187, NULL, '2017-09-21 21:13:39', '2017-09-21 21:13:39');
INSERT INTO `sales_customers` VALUES (193, 198, 188, NULL, '2017-09-21 21:17:46', '2017-09-21 21:17:46');
INSERT INTO `sales_customers` VALUES (194, 199, 189, NULL, '2017-09-21 21:20:15', '2017-09-21 21:20:15');
INSERT INTO `sales_customers` VALUES (195, 200, 190, NULL, '2017-09-21 21:22:18', '2017-09-21 21:22:18');
INSERT INTO `sales_customers` VALUES (196, 201, 191, NULL, '2017-09-21 21:24:10', '2017-09-21 21:24:10');
INSERT INTO `sales_customers` VALUES (197, 202, 192, NULL, '2017-09-21 21:27:58', '2017-09-21 21:27:58');
INSERT INTO `sales_customers` VALUES (198, 203, 193, NULL, '2017-09-21 21:34:35', '2017-09-21 21:34:35');
INSERT INTO `sales_customers` VALUES (199, 204, 194, NULL, '2017-09-21 21:40:47', '2017-09-21 21:40:47');
INSERT INTO `sales_customers` VALUES (200, 205, 195, NULL, '2017-09-21 21:55:47', '2017-09-21 21:55:47');
INSERT INTO `sales_customers` VALUES (201, 206, 196, NULL, '2017-09-21 21:59:23', '2017-09-21 21:59:23');
INSERT INTO `sales_customers` VALUES (202, 207, 197, NULL, '2017-09-21 22:02:26', '2017-09-21 22:02:26');
INSERT INTO `sales_customers` VALUES (203, 208, 198, NULL, '2017-09-21 22:05:17', '2017-09-21 22:05:17');
INSERT INTO `sales_customers` VALUES (204, 209, 199, NULL, '2017-09-21 22:07:37', '2017-09-21 22:07:37');
INSERT INTO `sales_customers` VALUES (205, 210, 200, NULL, '2017-09-21 22:10:14', '2017-09-21 22:10:14');
INSERT INTO `sales_customers` VALUES (206, 211, 201, NULL, '2017-09-21 22:13:10', '2017-09-21 22:13:10');
INSERT INTO `sales_customers` VALUES (207, 212, 202, NULL, '2017-09-21 22:15:50', '2017-09-21 22:15:50');
INSERT INTO `sales_customers` VALUES (208, 213, 203, NULL, '2017-09-21 22:18:20', '2017-09-21 22:18:20');
INSERT INTO `sales_customers` VALUES (209, 214, 204, NULL, '2017-09-21 22:26:23', '2017-09-21 22:26:23');
INSERT INTO `sales_customers` VALUES (210, 215, 205, NULL, '2017-09-21 22:28:46', '2017-09-21 22:28:46');
INSERT INTO `sales_customers` VALUES (211, 216, 206, NULL, '2017-09-21 22:31:10', '2017-09-21 22:31:10');
INSERT INTO `sales_customers` VALUES (212, 217, 207, NULL, '2017-09-21 22:33:24', '2017-09-21 22:33:24');
INSERT INTO `sales_customers` VALUES (213, 218, 208, NULL, '2017-09-21 22:36:21', '2017-09-21 22:36:21');
INSERT INTO `sales_customers` VALUES (214, 219, 209, NULL, '2017-09-21 22:38:31', '2017-09-21 22:38:31');
INSERT INTO `sales_customers` VALUES (215, 220, 210, NULL, '2017-09-21 22:40:50', '2017-09-21 22:40:50');
INSERT INTO `sales_customers` VALUES (216, 221, 211, NULL, '2017-09-21 22:43:18', '2017-09-21 22:43:18');
INSERT INTO `sales_customers` VALUES (217, 222, 212, NULL, '2017-09-21 22:47:30', '2017-09-21 22:47:30');
INSERT INTO `sales_customers` VALUES (218, 223, 213, NULL, '2017-09-21 22:50:34', '2017-09-21 22:50:34');
INSERT INTO `sales_customers` VALUES (219, 224, 214, NULL, '2017-09-21 22:53:32', '2017-09-21 22:53:32');
INSERT INTO `sales_customers` VALUES (220, 225, 215, NULL, '2017-09-21 22:55:52', '2017-09-21 22:55:52');
INSERT INTO `sales_customers` VALUES (221, 226, 216, NULL, '2017-09-24 04:11:01', '2017-09-24 04:11:01');
INSERT INTO `sales_customers` VALUES (222, 227, 217, NULL, '2017-09-24 04:13:46', '2017-09-24 04:13:46');
INSERT INTO `sales_customers` VALUES (223, 228, 218, NULL, '2017-09-24 05:17:41', '2017-09-24 05:17:41');
INSERT INTO `sales_customers` VALUES (224, 229, 219, NULL, '2017-09-24 05:20:49', '2017-09-24 05:20:49');
INSERT INTO `sales_customers` VALUES (225, 230, 220, NULL, '2017-09-24 06:36:28', '2017-09-24 06:36:28');
INSERT INTO `sales_customers` VALUES (226, 231, 221, NULL, '2017-09-24 06:40:49', '2017-09-24 06:40:49');
INSERT INTO `sales_customers` VALUES (227, 232, 222, NULL, '2017-09-24 06:42:22', '2017-09-24 06:42:22');
INSERT INTO `sales_customers` VALUES (228, 233, 223, NULL, '2017-09-24 06:44:30', '2017-09-24 06:44:30');
INSERT INTO `sales_customers` VALUES (229, 234, 224, NULL, '2017-09-24 06:46:21', '2017-09-24 06:46:21');
INSERT INTO `sales_customers` VALUES (230, 235, 225, NULL, '2017-09-24 06:51:30', '2017-09-24 06:51:30');
INSERT INTO `sales_customers` VALUES (231, 236, 226, NULL, '2017-09-24 06:54:34', '2017-09-24 06:54:34');
INSERT INTO `sales_customers` VALUES (232, 237, 227, NULL, '2017-09-24 07:03:13', '2017-09-24 07:03:13');
INSERT INTO `sales_customers` VALUES (233, 238, 228, NULL, '2017-09-24 07:06:21', '2017-09-24 07:06:21');
INSERT INTO `sales_customers` VALUES (234, 239, 229, NULL, '2017-10-24 23:20:46', '2017-10-24 23:20:46');
INSERT INTO `sales_customers` VALUES (235, 240, 230, NULL, '2017-10-24 23:26:07', '2017-10-24 23:26:07');
INSERT INTO `sales_customers` VALUES (236, 241, 231, NULL, '2017-10-24 23:29:25', '2017-10-24 23:29:25');
INSERT INTO `sales_customers` VALUES (237, 242, 219, NULL, '2017-10-24 23:34:27', '2017-10-24 23:34:27');
INSERT INTO `sales_customers` VALUES (238, 243, 232, NULL, '2017-10-24 23:40:55', '2017-10-24 23:40:55');
INSERT INTO `sales_customers` VALUES (239, 244, 233, NULL, '2017-10-24 23:46:33', '2017-10-24 23:46:33');
INSERT INTO `sales_customers` VALUES (240, 245, 184, NULL, '2017-10-24 23:50:04', '2017-10-24 23:50:04');
INSERT INTO `sales_customers` VALUES (241, 246, 234, NULL, '2017-10-24 23:57:21', '2017-10-24 23:57:21');
INSERT INTO `sales_customers` VALUES (242, 247, 235, NULL, '2017-10-25 00:00:20', '2017-10-25 00:00:20');
INSERT INTO `sales_customers` VALUES (243, 248, 236, NULL, '2017-12-21 13:50:10', '2017-12-21 13:50:10');
INSERT INTO `sales_customers` VALUES (244, 249, 237, NULL, '2017-12-21 13:51:18', '2017-12-21 13:51:18');
INSERT INTO `sales_customers` VALUES (245, 250, 238, NULL, '2017-12-21 13:56:07', '2017-12-21 13:56:07');
INSERT INTO `sales_customers` VALUES (246, 251, 239, NULL, '2017-12-21 14:02:13', '2017-12-21 14:02:13');
INSERT INTO `sales_customers` VALUES (247, 252, 240, NULL, '2017-12-21 15:04:06', '2017-12-21 15:04:06');
INSERT INTO `sales_customers` VALUES (248, 253, 241, NULL, '2017-12-21 15:06:37', '2017-12-21 15:06:37');
INSERT INTO `sales_customers` VALUES (249, 254, 214, NULL, '2017-12-21 15:10:22', '2017-12-21 15:10:22');
INSERT INTO `sales_customers` VALUES (250, 255, 242, NULL, '2017-12-21 15:14:33', '2017-12-21 15:14:33');
INSERT INTO `sales_customers` VALUES (251, 256, 243, NULL, '2017-12-21 15:27:43', '2017-12-21 15:27:43');
INSERT INTO `sales_customers` VALUES (252, 257, 244, NULL, '2017-12-21 15:30:46', '2017-12-21 15:30:46');
INSERT INTO `sales_customers` VALUES (253, 258, 241, NULL, '2017-12-21 15:35:16', '2017-12-21 15:35:16');
INSERT INTO `sales_customers` VALUES (254, 259, 245, NULL, '2017-12-21 15:38:03', '2017-12-21 15:38:03');
INSERT INTO `sales_customers` VALUES (255, 260, 246, NULL, '2017-12-21 15:41:56', '2017-12-21 15:41:56');
INSERT INTO `sales_customers` VALUES (256, 261, 247, NULL, '2017-12-21 15:47:51', '2017-12-21 15:47:51');
INSERT INTO `sales_customers` VALUES (257, 262, 248, NULL, '2017-12-21 15:53:29', '2017-12-21 15:53:29');
INSERT INTO `sales_customers` VALUES (258, 263, 249, NULL, '2017-12-21 15:56:35', '2017-12-21 15:56:35');
INSERT INTO `sales_customers` VALUES (259, 264, 250, NULL, '2017-12-21 15:59:26', '2017-12-21 15:59:26');
INSERT INTO `sales_customers` VALUES (260, 265, 251, NULL, '2017-12-21 16:02:03', '2017-12-21 16:02:03');
INSERT INTO `sales_customers` VALUES (261, 266, 252, NULL, '2017-12-21 16:05:26', '2017-12-21 16:05:26');
INSERT INTO `sales_customers` VALUES (262, 267, 253, NULL, '2017-12-21 16:54:34', '2017-12-21 16:54:34');
INSERT INTO `sales_customers` VALUES (263, 268, 254, NULL, '2017-12-21 16:58:45', '2017-12-21 16:58:45');
INSERT INTO `sales_customers` VALUES (264, 269, 255, NULL, '2017-12-21 17:01:17', '2017-12-21 17:01:17');
INSERT INTO `sales_customers` VALUES (265, 270, 256, NULL, '2017-12-21 17:06:17', '2017-12-21 17:06:17');
INSERT INTO `sales_customers` VALUES (266, 271, 257, NULL, '2017-12-21 18:57:15', '2017-12-21 18:57:15');
INSERT INTO `sales_customers` VALUES (267, 272, 258, NULL, '2017-12-21 19:00:07', '2017-12-21 19:00:07');
INSERT INTO `sales_customers` VALUES (268, 273, 259, NULL, '2017-12-21 19:03:00', '2017-12-21 19:03:00');
INSERT INTO `sales_customers` VALUES (269, 274, 260, NULL, '2017-12-21 19:06:26', '2017-12-21 19:06:26');
INSERT INTO `sales_customers` VALUES (270, 275, 261, NULL, '2017-12-21 19:10:28', '2017-12-21 19:10:28');
INSERT INTO `sales_customers` VALUES (271, 276, 262, NULL, '2017-12-21 19:13:47', '2017-12-21 19:13:47');
INSERT INTO `sales_customers` VALUES (272, 277, 263, NULL, '2017-12-21 19:16:00', '2017-12-21 19:16:00');
INSERT INTO `sales_customers` VALUES (273, 278, 264, NULL, '2017-12-21 19:18:17', '2017-12-21 19:18:17');

-- ----------------------------
-- Table structure for sales_items
-- ----------------------------
CREATE TABLE `sales_items`  (
  `id` int(10) UNSIGNED NOT NULL AUTO_INCREMENT,
  `id_sales` int(11) NOT NULL,
  `id_product` int(11) NOT NULL,
  `commission` double(8, 2) NOT NULL,
  `retail` double(8, 2) NOT NULL,
  `quantity` int(11) NOT NULL,
  `deleted_at` timestamp(0) NULL DEFAULT NULL,
  `created_at` timestamp(0) NULL DEFAULT NULL,
  `updated_at` timestamp(0) NULL DEFAULT NULL,
  PRIMARY KEY (`id`) USING BTREE,
  INDEX `sales_items_id_sales_foreign`(`id_sales`) USING BTREE,
  INDEX `sales_items_id_product_foreign`(`id_product`) USING BTREE
) ENGINE = MyISAM AUTO_INCREMENT = 782 CHARACTER SET = utf8 COLLATE = utf8_unicode_ci ROW_FORMAT = Fixed;

-- ----------------------------
-- Records of sales_items
-- ----------------------------
INSERT INTO `sales_items` VALUES (1, 1, 24, 1.00, 49.00, 1, NULL, '2017-05-21 15:40:24', '2017-05-21 15:40:24');
INSERT INTO `sales_items` VALUES (2, 1, 32, 0.00, 12.00, 1, NULL, '2017-05-21 15:40:24', '2017-05-21 15:40:24');
INSERT INTO `sales_items` VALUES (3, 2, 1, 2.50, 68.00, 1, NULL, '2017-05-21 15:45:46', '2017-05-21 15:45:46');
INSERT INTO `sales_items` VALUES (4, 2, 3, 0.50, 19.00, 1, NULL, '2017-05-21 15:45:46', '2017-05-21 15:45:46');
INSERT INTO `sales_items` VALUES (5, 3, 1, 2.50, 68.00, 1, NULL, '2017-05-21 15:50:20', '2017-05-21 15:50:20');
INSERT INTO `sales_items` VALUES (6, 3, 2, 2.00, 57.00, 1, NULL, '2017-05-21 15:50:20', '2017-05-21 15:50:20');
INSERT INTO `sales_items` VALUES (7, 3, 4, 2.00, 59.00, 1, NULL, '2017-05-21 15:50:20', '2017-05-21 15:50:20');
INSERT INTO `sales_items` VALUES (8, 3, 3, 0.50, 19.00, 1, NULL, '2017-05-21 15:50:20', '2017-05-21 15:50:20');
INSERT INTO `sales_items` VALUES (9, 3, 13, 1.00, 43.00, 1, NULL, '2017-05-21 15:50:20', '2017-05-21 15:50:20');
INSERT INTO `sales_items` VALUES (10, 4, 23, 3.00, 89.00, 1, NULL, '2017-05-21 15:53:28', '2017-05-21 15:53:28');
INSERT INTO `sales_items` VALUES (11, 4, 24, 1.00, 45.00, 1, NULL, '2017-05-21 15:53:28', '2017-05-21 15:53:28');
INSERT INTO `sales_items` VALUES (12, 5, 5, 15.00, 350.00, 1, NULL, '2017-05-21 16:04:14', '2017-05-21 16:04:14');
INSERT INTO `sales_items` VALUES (13, 5, 6, 5.00, 180.00, 1, NULL, '2017-05-21 16:04:14', '2017-05-21 16:04:14');
INSERT INTO `sales_items` VALUES (14, 6, 37, 0.00, 10.00, 1, NULL, '2017-05-21 16:12:09', '2017-05-21 16:12:09');
INSERT INTO `sales_items` VALUES (15, 7, 4, 2.00, 59.00, 1, NULL, '2017-05-21 16:18:06', '2017-05-21 16:18:06');
INSERT INTO `sales_items` VALUES (16, 7, 37, 0.00, 8.00, 1, NULL, '2017-05-21 16:18:06', '2017-05-21 16:18:06');
INSERT INTO `sales_items` VALUES (17, 8, 37, 0.00, 10.00, 1, NULL, '2017-05-21 16:26:45', '2017-05-21 16:26:45');
INSERT INTO `sales_items` VALUES (18, 9, 4, 2.00, 59.00, 1, NULL, '2017-05-21 16:31:06', '2017-05-21 16:31:06');
INSERT INTO `sales_items` VALUES (19, 9, 37, 0.00, 10.00, 1, NULL, '2017-05-21 16:31:06', '2017-05-21 16:31:06');
INSERT INTO `sales_items` VALUES (20, 10, 5, 15.00, 350.00, 1, NULL, '2017-05-21 16:36:48', '2017-05-21 16:36:48');
INSERT INTO `sales_items` VALUES (21, 10, 4, 2.00, 49.00, 1, NULL, '2017-05-21 16:36:48', '2017-05-21 16:36:48');
INSERT INTO `sales_items` VALUES (22, 10, 37, 0.00, 10.00, 0, NULL, '2017-05-21 16:36:48', '2017-05-21 16:36:48');
INSERT INTO `sales_items` VALUES (23, 11, 14, 0.00, 69.90, 1, NULL, '2017-05-21 16:42:11', '2017-05-21 16:42:11');
INSERT INTO `sales_items` VALUES (24, 11, 37, 0.00, 10.00, 1, NULL, '2017-05-21 16:42:11', '2017-05-21 16:42:11');
INSERT INTO `sales_items` VALUES (25, 12, 7, 1.00, 38.00, 2, NULL, '2017-05-21 16:49:52', '2017-05-21 16:49:52');
INSERT INTO `sales_items` VALUES (26, 12, 37, 0.00, 10.00, 1, NULL, '2017-05-21 16:49:52', '2017-05-21 16:49:52');
INSERT INTO `sales_items` VALUES (27, 13, 4, 2.00, 50.00, 2, NULL, '2017-05-21 17:06:21', '2017-05-21 17:06:21');
INSERT INTO `sales_items` VALUES (28, 13, 37, 0.00, 0.00, 1, NULL, '2017-05-21 17:06:21', '2017-05-21 17:06:21');
INSERT INTO `sales_items` VALUES (29, 14, 1, 2.50, 68.00, 1, NULL, '2017-05-21 17:11:39', '2017-05-21 17:11:39');
INSERT INTO `sales_items` VALUES (30, 14, 2, 2.00, 57.00, 1, NULL, '2017-05-21 17:11:39', '2017-05-21 17:11:39');
INSERT INTO `sales_items` VALUES (31, 14, 37, 0.00, 10.00, 1, NULL, '2017-05-21 17:11:39', '2017-05-21 17:11:39');
INSERT INTO `sales_items` VALUES (32, 15, 1, 2.50, 68.00, 1, NULL, '2017-05-21 19:31:47', '2017-05-21 19:31:47');
INSERT INTO `sales_items` VALUES (33, 15, 2, 2.00, 57.00, 1, NULL, '2017-05-21 19:31:47', '2017-05-21 19:31:47');
INSERT INTO `sales_items` VALUES (34, 15, 37, 0.00, 10.00, 1, NULL, '2017-05-21 19:31:47', '2017-05-21 19:31:47');
INSERT INTO `sales_items` VALUES (35, 16, 23, 3.00, 95.00, 1, NULL, '2017-05-21 19:45:21', '2017-05-21 19:45:21');
INSERT INTO `sales_items` VALUES (36, 16, 24, 1.00, 45.00, 1, NULL, '2017-05-21 19:45:21', '2017-05-21 19:45:21');
INSERT INTO `sales_items` VALUES (37, 17, 24, 1.00, 35.00, 2, NULL, '2017-05-21 19:49:11', '2017-05-21 19:49:11');
INSERT INTO `sales_items` VALUES (38, 18, 1, 2.50, 70.00, 1, NULL, '2017-05-21 19:52:30', '2017-05-21 19:52:30');
INSERT INTO `sales_items` VALUES (39, 19, 23, 3.00, 79.00, 1, NULL, '2017-05-21 19:55:23', '2017-05-21 19:55:23');
INSERT INTO `sales_items` VALUES (40, 20, 18, 0.50, 25.00, 1, NULL, '2017-05-21 20:04:54', '2017-05-21 20:04:54');
INSERT INTO `sales_items` VALUES (41, 20, 29, 1.00, 75.00, 1, NULL, '2017-05-21 20:04:54', '2017-05-21 20:04:54');
INSERT INTO `sales_items` VALUES (42, 20, 13, 1.00, 45.00, 1, NULL, '2017-05-21 20:04:54', '2017-05-21 20:04:54');
INSERT INTO `sales_items` VALUES (43, 20, 3, 0.50, 19.00, 2, NULL, '2017-05-21 20:04:54', '2017-05-21 20:04:54');
INSERT INTO `sales_items` VALUES (44, 20, 10, 0.00, 29.00, 1, NULL, '2017-05-21 20:04:54', '2017-05-21 20:04:54');
INSERT INTO `sales_items` VALUES (45, 20, 22, 0.00, 10.00, 1, NULL, '2017-05-21 20:04:54', '2017-05-21 20:04:54');
INSERT INTO `sales_items` VALUES (46, 20, 4, 2.00, 0.00, 1, NULL, '2017-05-21 20:04:54', '2017-05-21 20:04:54');
INSERT INTO `sales_items` VALUES (47, 21, 24, 1.00, 20.00, 1, NULL, '2017-05-21 20:08:23', '2017-05-21 20:08:23');
INSERT INTO `sales_items` VALUES (48, 21, 35, 0.50, 15.00, 1, NULL, '2017-05-21 20:08:23', '2017-05-21 20:08:23');
INSERT INTO `sales_items` VALUES (49, 22, 24, 1.00, 49.00, 1, NULL, '2017-05-21 20:11:23', '2017-05-21 20:11:23');
INSERT INTO `sales_items` VALUES (50, 23, 16, 2.00, 135.00, 1, NULL, '2017-05-21 20:14:31', '2017-05-21 20:14:31');
INSERT INTO `sales_items` VALUES (51, 27, 1, 2.50, 68.00, 1, NULL, '2017-05-21 22:43:12', '2017-05-21 22:43:12');
INSERT INTO `sales_items` VALUES (52, 27, 2, 2.00, 57.00, 1, NULL, '2017-05-21 22:43:12', '2017-05-21 22:43:12');
INSERT INTO `sales_items` VALUES (53, 27, 37, 0.00, 10.00, 1, NULL, '2017-05-21 22:43:12', '2017-05-21 22:43:12');
INSERT INTO `sales_items` VALUES (54, 28, 1, 2.50, 68.00, 1, NULL, '2017-05-22 01:07:03', '2017-05-22 01:07:03');
INSERT INTO `sales_items` VALUES (55, 28, 3, 0.50, 19.00, 2, NULL, '2017-05-22 01:07:03', '2017-05-22 01:07:03');
INSERT INTO `sales_items` VALUES (56, 28, 4, 2.00, 59.00, 1, NULL, '2017-05-22 01:07:03', '2017-05-22 01:07:03');
INSERT INTO `sales_items` VALUES (57, 28, 37, 0.00, 10.00, 1, NULL, '2017-05-22 01:07:03', '2017-05-22 01:07:03');
INSERT INTO `sales_items` VALUES (58, 29, 25, 0.50, 20.00, 10, NULL, '2017-05-22 01:27:36', '2017-05-22 01:27:36');
INSERT INTO `sales_items` VALUES (59, 29, 26, 0.50, 0.00, 1, NULL, '2017-05-22 01:27:36', '2017-05-22 01:27:36');
INSERT INTO `sales_items` VALUES (60, 29, 37, 0.00, 0.00, 1, NULL, '2017-05-22 01:27:36', '2017-05-22 01:27:36');
INSERT INTO `sales_items` VALUES (61, 30, 1, 2.50, 68.00, 1, NULL, '2017-05-22 02:57:46', '2017-05-22 02:57:46');
INSERT INTO `sales_items` VALUES (62, 30, 2, 2.00, 57.00, 1, NULL, '2017-05-22 02:57:46', '2017-05-22 02:57:46');
INSERT INTO `sales_items` VALUES (63, 30, 4, 2.00, 59.00, 1, NULL, '2017-05-22 02:57:46', '2017-05-22 02:57:46');
INSERT INTO `sales_items` VALUES (64, 30, 37, 0.00, 10.00, 1, NULL, '2017-05-22 02:57:46', '2017-05-22 02:57:46');
INSERT INTO `sales_items` VALUES (65, 31, 1, 2.50, 68.00, 1, NULL, '2017-05-22 03:14:45', '2017-05-22 03:14:45');
INSERT INTO `sales_items` VALUES (66, 31, 2, 2.00, 57.00, 1, NULL, '2017-05-22 03:14:45', '2017-05-22 03:14:45');
INSERT INTO `sales_items` VALUES (67, 31, 37, 0.00, 10.00, 1, NULL, '2017-05-22 03:14:45', '2017-05-22 03:14:45');
INSERT INTO `sales_items` VALUES (68, 32, 25, 0.50, 11.00, 1, NULL, '2017-05-22 03:21:12', '2017-05-22 03:21:12');
INSERT INTO `sales_items` VALUES (69, 32, 37, 0.00, 10.00, 1, NULL, '2017-05-22 03:21:12', '2017-05-22 03:21:12');
INSERT INTO `sales_items` VALUES (70, 33, 6, 5.00, 165.00, 1, NULL, '2017-05-22 03:27:57', '2017-05-22 03:27:57');
INSERT INTO `sales_items` VALUES (71, 33, 4, 2.00, 50.00, 1, NULL, '2017-05-22 03:27:57', '2017-05-22 03:27:57');
INSERT INTO `sales_items` VALUES (72, 33, 37, 0.00, 10.00, 1, NULL, '2017-05-22 03:27:57', '2017-05-22 03:27:57');
INSERT INTO `sales_items` VALUES (73, 34, 1, 2.50, 68.00, 2, NULL, '2017-05-22 03:59:44', '2017-05-22 03:59:44');
INSERT INTO `sales_items` VALUES (74, 34, 4, 2.00, 50.00, 2, NULL, '2017-05-22 03:59:44', '2017-05-22 03:59:44');
INSERT INTO `sales_items` VALUES (75, 34, 37, 0.00, 10.00, 1, NULL, '2017-05-22 03:59:44', '2017-05-22 03:59:44');
INSERT INTO `sales_items` VALUES (76, 35, 24, 1.00, 20.00, 1, NULL, '2017-05-22 04:09:34', '2017-05-22 04:09:34');
INSERT INTO `sales_items` VALUES (77, 35, 8, 0.50, 10.00, 1, NULL, '2017-05-22 04:09:34', '2017-05-22 04:09:34');
INSERT INTO `sales_items` VALUES (78, 35, 37, 0.00, 10.00, 1, NULL, '2017-05-22 04:09:34', '2017-05-22 04:09:34');
INSERT INTO `sales_items` VALUES (79, 36, 3, 0.50, 16.67, 3, NULL, '2017-05-22 04:17:19', '2017-05-22 04:17:19');
INSERT INTO `sales_items` VALUES (80, 36, 29, 1.00, 85.00, 1, NULL, '2017-05-22 04:17:19', '2017-05-22 04:17:19');
INSERT INTO `sales_items` VALUES (81, 36, 37, 0.00, 10.00, 1, NULL, '2017-05-22 04:17:19', '2017-05-22 04:17:19');
INSERT INTO `sales_items` VALUES (82, 37, 3, 0.50, 16.66, 3, NULL, '2017-05-22 12:51:20', '2017-05-22 15:35:58');
INSERT INTO `sales_items` VALUES (83, 37, 10, 0.00, 29.00, 1, NULL, '2017-05-22 12:51:20', '2017-05-22 12:51:20');
INSERT INTO `sales_items` VALUES (84, 37, 4, 2.00, 59.00, 1, NULL, '2017-05-22 12:51:20', '2017-05-22 12:51:20');
INSERT INTO `sales_items` VALUES (85, 37, 8, 0.50, 8.00, 1, NULL, '2017-05-22 12:51:20', '2017-05-22 12:51:20');
INSERT INTO `sales_items` VALUES (86, 37, 37, 0.00, 10.00, 1, NULL, '2017-05-22 12:51:20', '2017-05-22 12:51:20');
INSERT INTO `sales_items` VALUES (87, 38, 16, 2.00, 135.00, 1, NULL, '2017-05-22 13:00:20', '2017-05-22 13:00:20');
INSERT INTO `sales_items` VALUES (88, 38, 15, 0.50, 40.00, 1, NULL, '2017-05-22 13:00:20', '2017-05-22 13:00:20');
INSERT INTO `sales_items` VALUES (89, 38, 37, 0.00, 10.00, 1, NULL, '2017-05-22 13:00:20', '2017-05-22 13:00:20');
INSERT INTO `sales_items` VALUES (90, 39, 29, 1.00, 72.00, 1, NULL, '2017-05-22 13:05:50', '2017-05-22 13:05:50');
INSERT INTO `sales_items` VALUES (91, 39, 8, 0.50, 0.00, 2, NULL, '2017-05-22 13:05:50', '2017-05-22 13:05:50');
INSERT INTO `sales_items` VALUES (92, 39, 37, 0.00, 10.00, 1, NULL, '2017-05-22 13:05:50', '2017-05-22 13:05:50');
INSERT INTO `sales_items` VALUES (93, 40, 10, 0.00, 25.00, 1, NULL, '2017-05-22 13:11:57', '2017-05-22 13:11:57');
INSERT INTO `sales_items` VALUES (94, 40, 37, 0.00, 10.00, 1, NULL, '2017-05-22 13:11:57', '2017-05-22 13:11:57');
INSERT INTO `sales_items` VALUES (95, 41, 1, 2.50, 68.00, 2, NULL, '2017-05-22 14:18:46', '2017-05-22 14:18:46');
INSERT INTO `sales_items` VALUES (96, 41, 14, 0.00, 65.00, 1, NULL, '2017-05-22 14:18:46', '2017-05-22 14:18:46');
INSERT INTO `sales_items` VALUES (97, 41, 21, 0.00, 15.00, 1, NULL, '2017-05-22 14:18:46', '2017-05-22 14:18:46');
INSERT INTO `sales_items` VALUES (98, 41, 20, 0.00, 29.00, 1, NULL, '2017-05-22 14:18:46', '2017-05-22 14:18:46');
INSERT INTO `sales_items` VALUES (99, 41, 34, 0.50, 23.00, 2, NULL, '2017-05-22 14:18:46', '2017-05-22 14:18:46');
INSERT INTO `sales_items` VALUES (100, 41, 15, 0.50, 39.00, 1, NULL, '2017-05-22 14:18:46', '2017-05-22 14:18:46');
INSERT INTO `sales_items` VALUES (101, 41, 18, 0.50, 25.00, 1, NULL, '2017-05-22 14:18:46', '2017-05-22 14:18:46');
INSERT INTO `sales_items` VALUES (102, 41, 37, 0.00, 0.00, 2, NULL, '2017-05-22 14:18:46', '2017-05-22 14:18:46');
INSERT INTO `sales_items` VALUES (103, 42, 24, 1.00, 33.00, 1, NULL, '2017-05-22 14:29:37', '2017-05-22 14:29:37');
INSERT INTO `sales_items` VALUES (104, 42, 37, 0.00, 10.00, 1, NULL, '2017-05-22 14:29:37', '2017-05-22 14:29:37');
INSERT INTO `sales_items` VALUES (105, 43, 1, 2.50, 68.00, 1, NULL, '2017-05-22 14:35:13', '2017-05-22 14:35:13');
INSERT INTO `sales_items` VALUES (106, 43, 2, 2.00, 57.00, 1, NULL, '2017-05-22 14:35:13', '2017-05-22 14:35:13');
INSERT INTO `sales_items` VALUES (107, 43, 4, 2.00, 59.00, 1, NULL, '2017-05-22 14:35:13', '2017-05-22 14:35:13');
INSERT INTO `sales_items` VALUES (108, 43, 3, 0.50, 17.00, 1, NULL, '2017-05-22 14:35:13', '2017-05-22 14:35:13');
INSERT INTO `sales_items` VALUES (109, 43, 8, 0.50, 8.00, 3, NULL, '2017-05-22 14:35:13', '2017-05-22 14:35:13');
INSERT INTO `sales_items` VALUES (110, 43, 37, 0.00, 0.00, 1, NULL, '2017-05-22 14:35:13', '2017-05-22 14:35:13');
INSERT INTO `sales_items` VALUES (111, 44, 15, 0.50, 36.00, 1, NULL, '2017-05-22 14:40:43', '2017-05-22 14:40:43');
INSERT INTO `sales_items` VALUES (112, 44, 37, 0.00, 10.00, 1, NULL, '2017-05-22 14:40:43', '2017-05-22 14:40:43');
INSERT INTO `sales_items` VALUES (113, 45, 14, 0.00, 69.90, 1, NULL, '2017-05-22 15:01:25', '2017-05-22 15:01:25');
INSERT INTO `sales_items` VALUES (114, 45, 37, 0.00, 0.10, 1, NULL, '2017-05-22 15:01:25', '2017-05-22 15:01:25');
INSERT INTO `sales_items` VALUES (115, 46, 4, 2.00, 50.00, 2, NULL, '2017-05-22 15:07:35', '2017-05-22 15:07:35');
INSERT INTO `sales_items` VALUES (116, 46, 37, 0.00, 0.00, 1, NULL, '2017-05-22 15:07:35', '2017-05-22 15:07:35');
INSERT INTO `sales_items` VALUES (117, 47, 3, 0.50, 19.00, 4, NULL, '2017-06-04 18:43:38', '2017-06-04 18:43:38');
INSERT INTO `sales_items` VALUES (118, 47, 19, 0.00, 19.00, 1, NULL, '2017-06-04 18:43:38', '2017-06-04 18:43:38');
INSERT INTO `sales_items` VALUES (119, 47, 34, 0.50, 24.00, 3, NULL, '2017-06-04 18:43:38', '2017-06-04 18:43:38');
INSERT INTO `sales_items` VALUES (120, 47, 11, 1.00, 39.00, 1, NULL, '2017-06-04 18:43:38', '2017-06-04 18:43:38');
INSERT INTO `sales_items` VALUES (121, 47, 37, 0.00, 24.00, 1, NULL, '2017-06-04 18:43:38', '2017-06-04 18:43:38');
INSERT INTO `sales_items` VALUES (122, 48, 4, 2.00, 50.00, 2, NULL, '2017-06-04 18:52:23', '2017-06-04 18:52:23');
INSERT INTO `sales_items` VALUES (123, 49, 24, 1.00, 40.00, 1, NULL, '2017-06-04 18:56:03', '2017-06-04 18:56:03');
INSERT INTO `sales_items` VALUES (124, 49, 24, 1.00, 30.00, 1, NULL, '2017-06-04 18:56:03', '2017-06-04 18:56:03');
INSERT INTO `sales_items` VALUES (125, 50, 1, 2.50, 68.00, 1, NULL, '2017-06-04 19:03:35', '2017-06-04 19:03:35');
INSERT INTO `sales_items` VALUES (126, 50, 2, 2.00, 57.00, 1, NULL, '2017-06-04 19:03:35', '2017-06-04 19:03:35');
INSERT INTO `sales_items` VALUES (127, 50, 19, 0.00, 15.00, 1, NULL, '2017-06-04 19:03:35', '2017-06-04 19:03:35');
INSERT INTO `sales_items` VALUES (128, 50, 11, 1.00, 49.00, 1, NULL, '2017-06-04 19:03:35', '2017-06-04 19:03:35');
INSERT INTO `sales_items` VALUES (129, 50, 37, 0.00, 4.00, 1, NULL, '2017-06-04 19:03:35', '2017-06-04 19:03:35');
INSERT INTO `sales_items` VALUES (130, 51, 1, 2.50, 68.00, 1, NULL, '2017-06-04 19:09:38', '2017-06-04 19:09:38');
INSERT INTO `sales_items` VALUES (131, 51, 2, 2.00, 57.00, 1, NULL, '2017-06-04 19:09:38', '2017-06-04 19:09:38');
INSERT INTO `sales_items` VALUES (132, 51, 3, 0.50, 19.00, 1, NULL, '2017-06-04 19:09:38', '2017-06-04 19:09:38');
INSERT INTO `sales_items` VALUES (133, 51, 4, 2.00, 59.00, 1, NULL, '2017-06-04 19:09:38', '2017-06-04 19:09:38');
INSERT INTO `sales_items` VALUES (134, 51, 37, 0.00, 7.00, 1, NULL, '2017-06-04 19:09:38', '2017-06-04 19:09:38');
INSERT INTO `sales_items` VALUES (135, 52, 16, 2.00, 135.00, 1, NULL, '2017-06-04 19:20:45', '2017-06-04 19:20:45');
INSERT INTO `sales_items` VALUES (136, 52, 18, 0.50, 25.00, 1, NULL, '2017-06-04 19:20:45', '2017-06-04 19:20:45');
INSERT INTO `sales_items` VALUES (137, 52, 4, 2.00, 1.00, 1, NULL, '2017-06-04 19:20:45', '2017-06-04 19:20:45');
INSERT INTO `sales_items` VALUES (138, 52, 15, 0.50, 39.00, 1, NULL, '2017-06-04 19:20:45', '2017-06-04 19:20:45');
INSERT INTO `sales_items` VALUES (139, 52, 17, 1.00, 120.00, 1, NULL, '2017-06-04 19:20:45', '2017-06-04 19:20:45');
INSERT INTO `sales_items` VALUES (140, 52, 37, 0.00, 15.00, 2, NULL, '2017-06-04 19:20:45', '2017-06-04 19:20:45');
INSERT INTO `sales_items` VALUES (141, 53, 3, 0.50, 19.00, 2, NULL, '2017-06-04 21:14:08', '2017-06-04 21:14:08');
INSERT INTO `sales_items` VALUES (142, 53, 1, 2.50, 68.00, 1, NULL, '2017-06-04 21:14:08', '2017-06-04 21:14:08');
INSERT INTO `sales_items` VALUES (143, 53, 2, 2.00, 57.00, 1, NULL, '2017-06-04 21:14:08', '2017-06-04 21:14:08');
INSERT INTO `sales_items` VALUES (144, 53, 37, 0.00, 10.00, 1, NULL, '2017-06-04 21:14:08', '2017-06-04 21:14:08');
INSERT INTO `sales_items` VALUES (145, 54, 1, 2.50, 68.00, 1, NULL, '2017-06-04 21:20:12', '2017-06-04 21:20:12');
INSERT INTO `sales_items` VALUES (146, 54, 2, 2.00, 57.00, 1, NULL, '2017-06-04 21:20:12', '2017-06-04 21:20:12');
INSERT INTO `sales_items` VALUES (147, 54, 37, 0.00, 10.00, 1, NULL, '2017-06-04 21:20:12', '2017-06-04 21:20:12');
INSERT INTO `sales_items` VALUES (148, 55, 14, 0.00, 69.00, 1, NULL, '2017-06-04 21:37:50', '2017-06-04 21:37:50');
INSERT INTO `sales_items` VALUES (149, 55, 19, 0.00, 19.00, 1, NULL, '2017-06-04 21:37:50', '2017-06-04 21:37:50');
INSERT INTO `sales_items` VALUES (150, 55, 37, 0.00, 10.00, 1, NULL, '2017-06-04 21:37:50', '2017-06-04 21:37:50');
INSERT INTO `sales_items` VALUES (151, 56, 1, 2.50, 68.00, 1, NULL, '2017-06-05 17:53:27', '2017-06-05 17:53:27');
INSERT INTO `sales_items` VALUES (152, 56, 2, 2.00, 57.00, 1, NULL, '2017-06-05 17:53:27', '2017-06-05 17:53:27');
INSERT INTO `sales_items` VALUES (153, 56, 4, 2.00, 0.00, 1, NULL, '2017-06-05 17:53:27', '2017-06-05 17:53:27');
INSERT INTO `sales_items` VALUES (154, 56, 37, 0.00, 10.00, 1, NULL, '2017-06-05 17:53:27', '2017-06-05 17:53:27');
INSERT INTO `sales_items` VALUES (155, 57, 28, 1.00, 58.90, 1, NULL, '2017-06-05 17:59:46', '2017-06-05 17:59:46');
INSERT INTO `sales_items` VALUES (156, 57, 22, 0.00, 15.00, 1, NULL, '2017-06-05 17:59:46', '2017-06-05 17:59:46');
INSERT INTO `sales_items` VALUES (157, 57, 4, 2.00, 0.00, 1, NULL, '2017-06-05 17:59:46', '2017-06-05 17:59:46');
INSERT INTO `sales_items` VALUES (158, 57, 37, 0.00, 6.10, 1, NULL, '2017-06-05 17:59:46', '2017-06-05 17:59:46');
INSERT INTO `sales_items` VALUES (159, 58, 4, 2.00, 50.00, 2, NULL, '2017-06-05 18:09:33', '2017-06-05 18:09:33');
INSERT INTO `sales_items` VALUES (160, 58, 37, 0.00, 0.00, 1, NULL, '2017-06-05 18:09:33', '2017-06-05 18:09:33');
INSERT INTO `sales_items` VALUES (161, 59, 5, 15.00, 344.00, 2, NULL, '2017-06-05 21:48:25', '2017-06-05 21:48:25');
INSERT INTO `sales_items` VALUES (162, 59, 37, 0.00, 0.00, 1, NULL, '2017-06-05 21:48:25', '2017-06-05 21:48:25');
INSERT INTO `sales_items` VALUES (163, 60, 3, 0.50, 17.00, 1, NULL, '2017-06-05 21:58:18', '2017-06-05 21:58:18');
INSERT INTO `sales_items` VALUES (164, 60, 21, 0.00, 15.00, 1, NULL, '2017-06-05 21:58:18', '2017-06-05 21:58:18');
INSERT INTO `sales_items` VALUES (165, 60, 37, 0.00, 10.00, 1, NULL, '2017-06-05 21:58:18', '2017-06-05 21:58:18');
INSERT INTO `sales_items` VALUES (166, 61, 1, 2.50, 68.00, 2, NULL, '2017-06-05 22:05:58', '2017-06-05 22:05:58');
INSERT INTO `sales_items` VALUES (167, 61, 2, 2.00, 57.00, 2, NULL, '2017-06-05 22:05:58', '2017-06-05 22:05:58');
INSERT INTO `sales_items` VALUES (168, 61, 4, 2.00, 59.00, 1, NULL, '2017-06-05 22:05:58', '2017-06-05 22:05:58');
INSERT INTO `sales_items` VALUES (169, 61, 3, 0.50, 16.66, 3, NULL, '2017-06-05 22:05:58', '2017-06-05 22:05:58');
INSERT INTO `sales_items` VALUES (170, 61, 37, 0.00, 6.00, 1, NULL, '2017-06-05 22:05:58', '2017-06-05 22:05:58');
INSERT INTO `sales_items` VALUES (171, 62, 18, 0.50, 25.00, 1, NULL, '2017-06-05 22:13:59', '2017-06-05 22:13:59');
INSERT INTO `sales_items` VALUES (172, 62, 16, 2.00, 135.00, 1, NULL, '2017-06-05 22:13:59', '2017-06-05 22:13:59');
INSERT INTO `sales_items` VALUES (173, 62, 37, 0.00, 11.00, 1, NULL, '2017-06-05 22:13:59', '2017-06-05 22:13:59');
INSERT INTO `sales_items` VALUES (174, 63, 14, 0.00, 69.90, 1, NULL, '2017-06-05 22:20:30', '2017-06-05 22:20:30');
INSERT INTO `sales_items` VALUES (175, 63, 19, 0.00, 18.90, 1, NULL, '2017-06-05 22:20:30', '2017-06-05 22:20:30');
INSERT INTO `sales_items` VALUES (176, 63, 37, 0.00, 10.00, 1, NULL, '2017-06-05 22:20:30', '2017-06-05 22:20:30');
INSERT INTO `sales_items` VALUES (177, 64, 24, 1.00, 40.00, 1, NULL, '2017-06-07 04:33:03', '2017-06-07 04:33:03');
INSERT INTO `sales_items` VALUES (178, 65, 32, 0.00, 10.00, 2, NULL, '2017-06-07 04:37:15', '2017-06-07 04:37:15');
INSERT INTO `sales_items` VALUES (179, 65, 25, 0.50, 20.00, 1, NULL, '2017-06-07 04:37:15', '2017-06-07 04:37:15');
INSERT INTO `sales_items` VALUES (180, 65, 27, 0.50, 15.00, 1, NULL, '2017-06-07 04:37:15', '2017-06-07 04:37:15');
INSERT INTO `sales_items` VALUES (181, 65, 36, 0.00, 5.00, 1, NULL, '2017-06-07 04:37:15', '2017-06-07 04:37:15');
INSERT INTO `sales_items` VALUES (182, 66, 23, 3.00, 79.00, 1, NULL, '2017-06-07 04:40:19', '2017-06-07 04:40:19');
INSERT INTO `sales_items` VALUES (183, 66, 24, 1.00, 40.00, 1, NULL, '2017-06-07 04:40:19', '2017-06-07 04:40:19');
INSERT INTO `sales_items` VALUES (184, 67, 1, 2.50, 68.00, 1, NULL, '2017-06-07 04:45:42', '2017-06-07 04:45:42');
INSERT INTO `sales_items` VALUES (185, 67, 2, 2.00, 57.00, 1, NULL, '2017-06-07 04:45:42', '2017-06-07 04:45:42');
INSERT INTO `sales_items` VALUES (186, 67, 19, 0.00, 19.00, 1, NULL, '2017-06-07 04:45:42', '2017-06-07 04:45:42');
INSERT INTO `sales_items` VALUES (187, 67, 35, 0.50, 19.00, 1, NULL, '2017-06-07 04:45:42', '2017-06-07 04:45:42');
INSERT INTO `sales_items` VALUES (188, 68, 23, 3.00, 60.00, 2, NULL, '2017-06-07 19:35:05', '2017-06-07 19:35:05');
INSERT INTO `sales_items` VALUES (189, 69, 4, 2.00, 50.00, 2, NULL, '2017-06-07 19:42:38', '2017-06-07 19:42:38');
INSERT INTO `sales_items` VALUES (190, 69, 37, 0.00, 0.00, 1, NULL, '2017-06-07 19:42:38', '2017-06-07 19:42:38');
INSERT INTO `sales_items` VALUES (191, 70, 4, 2.00, 50.00, 2, NULL, '2017-06-07 19:49:52', '2017-06-07 19:49:52');
INSERT INTO `sales_items` VALUES (192, 70, 37, 0.00, 0.00, 1, NULL, '2017-06-07 19:49:52', '2017-06-07 19:49:52');
INSERT INTO `sales_items` VALUES (193, 71, 6, 5.00, 120.00, 2, NULL, '2017-06-07 19:55:40', '2017-06-07 19:55:40');
INSERT INTO `sales_items` VALUES (194, 71, 4, 2.00, 0.00, 1, NULL, '2017-06-07 19:55:40', '2017-06-07 19:55:40');
INSERT INTO `sales_items` VALUES (195, 71, 37, 0.00, 10.00, 1, NULL, '2017-06-07 19:55:40', '2017-06-07 19:55:40');
INSERT INTO `sales_items` VALUES (196, 72, 6, 5.00, 120.00, 2, NULL, '2017-06-07 20:02:22', '2017-06-07 20:02:22');
INSERT INTO `sales_items` VALUES (197, 72, 37, 0.00, 10.00, 1, NULL, '2017-06-07 20:02:22', '2017-06-07 20:02:22');
INSERT INTO `sales_items` VALUES (198, 73, 1, 2.50, 68.00, 1, NULL, '2017-06-07 20:12:02', '2017-06-07 20:12:02');
INSERT INTO `sales_items` VALUES (199, 73, 4, 2.00, 50.00, 2, NULL, '2017-06-07 20:12:02', '2017-06-07 20:12:02');
INSERT INTO `sales_items` VALUES (200, 73, 37, 0.00, 10.00, 1, NULL, '2017-06-07 20:12:02', '2017-06-07 20:12:02');
INSERT INTO `sales_items` VALUES (201, 74, 4, 2.00, 59.00, 1, NULL, '2017-06-07 20:20:29', '2017-06-07 20:20:29');
INSERT INTO `sales_items` VALUES (202, 74, 37, 0.00, 8.00, 1, NULL, '2017-06-07 20:20:29', '2017-06-07 20:20:29');
INSERT INTO `sales_items` VALUES (203, 75, 1, 2.50, 68.00, 1, NULL, '2017-06-07 20:27:55', '2017-06-07 20:27:55');
INSERT INTO `sales_items` VALUES (204, 75, 2, 2.00, 57.00, 1, NULL, '2017-06-07 20:27:55', '2017-06-07 20:27:55');
INSERT INTO `sales_items` VALUES (205, 75, 3, 0.50, 17.00, 1, NULL, '2017-06-07 20:27:55', '2017-06-07 20:27:55');
INSERT INTO `sales_items` VALUES (206, 75, 4, 2.00, 59.00, 1, NULL, '2017-06-07 20:27:55', '2017-06-07 20:27:55');
INSERT INTO `sales_items` VALUES (207, 75, 8, 0.50, 2.00, 1, NULL, '2017-06-07 20:27:55', '2017-06-07 20:27:55');
INSERT INTO `sales_items` VALUES (208, 75, 37, 0.00, 10.00, 1, NULL, '2017-06-07 20:27:55', '2017-06-07 20:27:55');
INSERT INTO `sales_items` VALUES (209, 76, 4, 2.00, 59.00, 1, NULL, '2017-06-07 20:36:33', '2017-06-07 20:36:33');
INSERT INTO `sales_items` VALUES (210, 76, 37, 0.00, 8.00, 1, NULL, '2017-06-07 20:36:33', '2017-06-07 20:36:33');
INSERT INTO `sales_items` VALUES (211, 77, 4, 2.00, 59.00, 1, NULL, '2017-06-07 20:49:34', '2017-06-07 20:49:34');
INSERT INTO `sales_items` VALUES (212, 77, 37, 0.00, 8.00, 1, NULL, '2017-06-07 20:49:34', '2017-06-07 20:49:34');
INSERT INTO `sales_items` VALUES (213, 78, 4, 2.00, 59.00, 1, NULL, '2017-06-07 21:07:58', '2017-06-07 21:07:58');
INSERT INTO `sales_items` VALUES (214, 78, 37, 0.00, 8.00, 1, NULL, '2017-06-07 21:07:58', '2017-06-07 21:07:58');
INSERT INTO `sales_items` VALUES (215, 79, 6, 5.00, 120.00, 1, NULL, '2017-06-07 21:13:50', '2017-06-07 21:13:50');
INSERT INTO `sales_items` VALUES (216, 79, 4, 2.00, 30.00, 1, NULL, '2017-06-07 21:13:50', '2017-06-07 21:13:50');
INSERT INTO `sales_items` VALUES (217, 79, 37, 0.00, 8.00, 1, NULL, '2017-06-07 21:13:50', '2017-06-07 21:13:50');
INSERT INTO `sales_items` VALUES (218, 80, 18, 0.50, 25.00, 1, NULL, '2017-06-07 21:21:03', '2017-06-07 21:21:03');
INSERT INTO `sales_items` VALUES (219, 80, 16, 2.00, 135.00, 1, NULL, '2017-06-07 21:21:03', '2017-06-07 21:21:03');
INSERT INTO `sales_items` VALUES (220, 80, 15, 0.50, 35.00, 1, NULL, '2017-06-07 21:21:03', '2017-06-07 21:21:03');
INSERT INTO `sales_items` VALUES (221, 80, 17, 1.00, 120.00, 1, NULL, '2017-06-07 21:21:03', '2017-06-07 21:21:03');
INSERT INTO `sales_items` VALUES (222, 80, 37, 0.00, 0.00, 1, NULL, '2017-06-07 21:21:03', '2017-06-07 21:21:03');
INSERT INTO `sales_items` VALUES (223, 81, 1, 2.50, 68.00, 1, NULL, '2017-06-07 21:26:34', '2017-06-07 21:26:34');
INSERT INTO `sales_items` VALUES (224, 81, 8, 0.50, 0.00, 1, NULL, '2017-06-07 21:26:34', '2017-06-07 21:26:34');
INSERT INTO `sales_items` VALUES (225, 81, 37, 0.00, 7.00, 1, NULL, '2017-06-07 21:26:34', '2017-06-07 21:26:34');
INSERT INTO `sales_items` VALUES (226, 82, 29, 1.00, 85.00, 1, NULL, '2017-06-07 21:33:23', '2017-06-07 21:33:23');
INSERT INTO `sales_items` VALUES (227, 82, 12, 0.00, 40.00, 1, NULL, '2017-06-07 21:33:23', '2017-06-07 21:33:23');
INSERT INTO `sales_items` VALUES (228, 82, 3, 0.50, 17.00, 1, NULL, '2017-06-07 21:33:23', '2017-06-07 21:33:23');
INSERT INTO `sales_items` VALUES (229, 82, 4, 2.00, 47.00, 1, NULL, '2017-06-07 21:33:23', '2017-06-07 21:33:23');
INSERT INTO `sales_items` VALUES (230, 83, 14, 0.00, 69.00, 1, NULL, '2017-06-07 21:50:56', '2017-06-07 21:50:56');
INSERT INTO `sales_items` VALUES (231, 83, 4, 2.00, 0.00, 1, NULL, '2017-06-07 21:50:56', '2017-06-07 21:50:56');
INSERT INTO `sales_items` VALUES (232, 83, 37, 0.00, 10.00, 1, NULL, '2017-06-07 21:50:56', '2017-06-07 21:50:56');
INSERT INTO `sales_items` VALUES (233, 84, 1, 2.50, 68.00, 1, NULL, '2017-06-07 21:58:17', '2017-06-07 21:58:17');
INSERT INTO `sales_items` VALUES (234, 84, 2, 2.00, 57.00, 1, NULL, '2017-06-07 21:58:17', '2017-06-07 21:58:17');
INSERT INTO `sales_items` VALUES (235, 84, 14, 0.00, 69.00, 1, NULL, '2017-06-07 21:58:17', '2017-06-07 21:58:17');
INSERT INTO `sales_items` VALUES (236, 84, 19, 0.00, 15.00, 1, NULL, '2017-06-07 21:58:17', '2017-06-07 21:58:17');
INSERT INTO `sales_items` VALUES (237, 84, 4, 2.00, 0.00, 1, NULL, '2017-06-07 21:58:17', '2017-06-07 21:58:17');
INSERT INTO `sales_items` VALUES (238, 84, 37, 0.00, 14.00, 1, NULL, '2017-06-07 21:58:17', '2017-06-07 21:58:17');
INSERT INTO `sales_items` VALUES (239, 85, 1, 2.50, 68.00, 1, NULL, '2017-06-08 00:36:13', '2017-06-08 00:36:13');
INSERT INTO `sales_items` VALUES (240, 85, 2, 2.00, 57.00, 1, NULL, '2017-06-08 00:36:13', '2017-06-08 00:36:13');
INSERT INTO `sales_items` VALUES (241, 85, 4, 2.00, 59.00, 1, NULL, '2017-06-08 00:36:13', '2017-06-08 00:36:13');
INSERT INTO `sales_items` VALUES (242, 85, 3, 0.50, 18.00, 1, NULL, '2017-06-08 00:36:13', '2017-06-08 00:36:13');
INSERT INTO `sales_items` VALUES (243, 85, 14, 0.00, 60.00, 1, NULL, '2017-06-08 00:36:13', '2017-06-08 00:36:13');
INSERT INTO `sales_items` VALUES (244, 85, 11, 1.00, 49.00, 1, NULL, '2017-06-08 00:36:13', '2017-06-08 00:36:13');
INSERT INTO `sales_items` VALUES (245, 85, 37, 0.00, 0.00, 1, NULL, '2017-06-08 00:36:13', '2017-06-08 00:36:13');
INSERT INTO `sales_items` VALUES (246, 86, 4, 2.00, 59.00, 1, NULL, '2017-06-08 00:42:21', '2017-06-08 00:42:21');
INSERT INTO `sales_items` VALUES (247, 86, 37, 0.00, 8.00, 1, NULL, '2017-06-08 00:42:21', '2017-06-08 00:42:21');
INSERT INTO `sales_items` VALUES (248, 87, 21, 0.00, 15.00, 2, NULL, '2017-06-08 00:48:03', '2017-06-08 00:48:03');
INSERT INTO `sales_items` VALUES (249, 87, 37, 0.00, 7.00, 1, NULL, '2017-06-08 00:48:03', '2017-06-08 00:48:03');
INSERT INTO `sales_items` VALUES (250, 88, 4, 2.00, 50.00, 2, NULL, '2017-06-08 04:14:06', '2017-06-08 04:14:06');
INSERT INTO `sales_items` VALUES (251, 88, 37, 0.00, 0.00, 1, NULL, '2017-06-08 04:14:06', '2017-06-08 04:14:06');
INSERT INTO `sales_items` VALUES (252, 89, 21, 0.00, 15.00, 1, NULL, '2017-06-08 04:18:57', '2017-06-08 04:18:57');
INSERT INTO `sales_items` VALUES (253, 89, 37, 0.00, 8.00, 1, NULL, '2017-06-08 04:18:57', '2017-06-08 04:18:57');
INSERT INTO `sales_items` VALUES (254, 90, 24, 1.00, 49.00, 1, NULL, '2017-06-08 19:13:51', '2017-06-08 19:13:51');
INSERT INTO `sales_items` VALUES (255, 91, 29, 1.00, 80.00, 1, NULL, '2017-06-08 19:18:20', '2017-06-08 19:18:20');
INSERT INTO `sales_items` VALUES (256, 92, 35, 0.50, 38.00, 1, NULL, '2017-06-08 19:22:00', '2017-06-08 19:22:00');
INSERT INTO `sales_items` VALUES (257, 93, 23, 3.00, 85.00, 1, NULL, '2017-06-08 19:25:40', '2017-06-08 19:25:40');
INSERT INTO `sales_items` VALUES (258, 94, 24, 1.00, 49.00, 1, NULL, '2017-06-08 19:27:52', '2017-06-08 19:27:52');
INSERT INTO `sales_items` VALUES (259, 95, 35, 0.50, 18.00, 1, NULL, '2017-06-08 19:31:27', '2017-06-08 19:31:27');
INSERT INTO `sales_items` VALUES (260, 95, 29, 1.00, 80.00, 1, NULL, '2017-06-08 19:31:27', '2017-06-08 19:31:27');
INSERT INTO `sales_items` VALUES (261, 95, 13, 1.00, 45.00, 1, NULL, '2017-06-08 19:31:27', '2017-06-08 19:31:27');
INSERT INTO `sales_items` VALUES (262, 95, 19, 0.00, 19.00, 1, NULL, '2017-06-08 19:31:27', '2017-06-08 19:31:27');
INSERT INTO `sales_items` VALUES (263, 96, 29, 1.00, 80.00, 1, NULL, '2017-06-08 19:35:28', '2017-06-08 19:35:28');
INSERT INTO `sales_items` VALUES (264, 96, 3, 0.50, 19.00, 3, NULL, '2017-06-08 19:35:28', '2017-06-08 19:35:28');
INSERT INTO `sales_items` VALUES (265, 96, 9, 0.50, 35.00, 1, NULL, '2017-06-08 19:35:28', '2017-06-08 19:35:28');
INSERT INTO `sales_items` VALUES (266, 96, 15, 0.50, 39.00, 1, NULL, '2017-06-08 19:42:18', '2017-06-08 19:42:18');
INSERT INTO `sales_items` VALUES (267, 96, 19, 0.00, 19.00, 1, NULL, '2017-06-08 19:42:18', '2017-06-08 19:42:18');
INSERT INTO `sales_items` VALUES (268, 96, 4, 2.00, 54.50, 2, NULL, '2017-06-08 19:42:18', '2017-06-08 19:42:18');
INSERT INTO `sales_items` VALUES (269, 96, 10, 0.00, 29.00, 1, NULL, '2017-06-08 19:42:18', '2017-06-08 19:42:18');
INSERT INTO `sales_items` VALUES (270, 96, 9, 0.50, 45.00, 1, NULL, '2017-06-08 19:42:18', '2017-06-08 19:42:18');
INSERT INTO `sales_items` VALUES (271, 96, 1, 2.50, 67.00, 1, NULL, '2017-06-08 19:42:18', '2017-06-08 19:42:18');
INSERT INTO `sales_items` VALUES (272, 97, 24, 1.00, 40.00, 3, NULL, '2017-06-08 19:49:44', '2017-06-08 19:49:44');
INSERT INTO `sales_items` VALUES (273, 96, 37, 0.00, 10.00, 1, NULL, '2017-06-08 19:52:33', '2017-06-08 19:52:33');
INSERT INTO `sales_items` VALUES (274, 98, 4, 2.00, 50.00, 2, NULL, '2017-06-12 12:25:24', '2017-06-12 12:25:24');
INSERT INTO `sales_items` VALUES (275, 98, 37, 0.00, 0.00, 1, NULL, '2017-06-12 12:25:24', '2017-06-12 12:25:24');
INSERT INTO `sales_items` VALUES (276, 99, 4, 2.00, 50.00, 2, NULL, '2017-06-12 12:32:14', '2017-06-12 12:32:14');
INSERT INTO `sales_items` VALUES (277, 99, 37, 0.00, 0.00, 1, NULL, '2017-06-12 12:32:14', '2017-06-12 12:32:14');
INSERT INTO `sales_items` VALUES (278, 100, 1, 2.50, 68.00, 1, NULL, '2017-06-12 12:36:54', '2017-06-12 12:36:54');
INSERT INTO `sales_items` VALUES (279, 100, 19, 0.00, 16.00, 1, NULL, '2017-06-12 12:36:54', '2017-06-12 12:36:54');
INSERT INTO `sales_items` VALUES (280, 100, 8, 0.50, 0.00, 1, NULL, '2017-06-12 12:36:54', '2017-06-12 12:36:54');
INSERT INTO `sales_items` VALUES (281, 100, 37, 0.00, 10.00, 1, NULL, '2017-06-12 12:36:54', '2017-06-12 12:36:54');
INSERT INTO `sales_items` VALUES (282, 101, 4, 2.00, 50.00, 2, NULL, '2017-06-12 12:41:33', '2017-06-12 12:41:33');
INSERT INTO `sales_items` VALUES (283, 101, 8, 0.50, 0.00, 1, NULL, '2017-06-12 12:41:33', '2017-06-12 12:41:33');
INSERT INTO `sales_items` VALUES (284, 101, 37, 0.00, 0.00, 1, NULL, '2017-06-12 12:41:33', '2017-06-12 12:41:33');
INSERT INTO `sales_items` VALUES (285, 102, 7, 1.00, 33.33, 3, NULL, '2017-06-12 12:45:52', '2017-06-12 12:45:52');
INSERT INTO `sales_items` VALUES (286, 102, 4, 2.00, 0.00, 1, NULL, '2017-06-12 12:45:52', '2017-06-12 12:45:52');
INSERT INTO `sales_items` VALUES (287, 102, 37, 0.00, 0.00, 1, NULL, '2017-06-12 12:45:52', '2017-06-12 12:45:52');
INSERT INTO `sales_items` VALUES (288, 103, 7, 1.00, 33.33, 3, NULL, '2017-06-12 12:50:56', '2017-06-12 12:50:56');
INSERT INTO `sales_items` VALUES (289, 103, 8, 0.50, 0.00, 1, NULL, '2017-06-12 12:50:56', '2017-06-12 12:50:56');
INSERT INTO `sales_items` VALUES (290, 103, 4, 2.00, 0.00, 1, NULL, '2017-06-12 12:50:56', '2017-06-12 12:50:56');
INSERT INTO `sales_items` VALUES (291, 103, 37, 0.00, 0.00, 1, NULL, '2017-06-12 12:50:56', '2017-06-12 12:50:56');
INSERT INTO `sales_items` VALUES (292, 104, 16, 2.00, 135.00, 1, NULL, '2017-06-12 12:57:21', '2017-06-12 12:57:21');
INSERT INTO `sales_items` VALUES (293, 104, 37, 0.00, 5.00, 1, NULL, '2017-06-12 12:57:21', '2017-06-12 12:57:21');
INSERT INTO `sales_items` VALUES (294, 105, 14, 0.00, 67.00, 1, NULL, '2017-06-12 16:27:33', '2017-06-12 16:27:33');
INSERT INTO `sales_items` VALUES (295, 105, 37, 0.00, 10.00, 1, NULL, '2017-06-12 16:27:33', '2017-06-12 16:27:33');
INSERT INTO `sales_items` VALUES (296, 106, 7, 1.00, 33.33, 3, NULL, '2017-06-12 16:32:56', '2017-06-12 16:32:56');
INSERT INTO `sales_items` VALUES (297, 106, 4, 2.00, 0.00, 1, NULL, '2017-06-12 16:32:56', '2017-06-12 16:32:56');
INSERT INTO `sales_items` VALUES (298, 106, 37, 0.00, 8.00, 1, NULL, '2017-06-12 16:32:56', '2017-06-12 16:32:56');
INSERT INTO `sales_items` VALUES (299, 107, 1, 2.50, 68.00, 1, NULL, '2017-06-12 16:38:25', '2017-06-12 16:38:25');
INSERT INTO `sales_items` VALUES (300, 107, 2, 2.00, 57.00, 1, NULL, '2017-06-12 16:38:25', '2017-06-12 16:38:25');
INSERT INTO `sales_items` VALUES (301, 107, 8, 0.50, 0.00, 1, NULL, '2017-06-12 16:38:25', '2017-06-12 16:38:25');
INSERT INTO `sales_items` VALUES (302, 107, 37, 0.00, 10.00, 1, NULL, '2017-06-12 16:38:25', '2017-06-12 16:38:25');
INSERT INTO `sales_items` VALUES (303, 108, 4, 2.00, 50.00, 2, NULL, '2017-06-12 16:44:11', '2017-06-12 16:44:11');
INSERT INTO `sales_items` VALUES (304, 108, 37, 0.00, 0.00, 1, NULL, '2017-06-12 16:44:11', '2017-06-12 16:44:11');
INSERT INTO `sales_items` VALUES (305, 109, 6, 5.00, 200.00, 1, NULL, '2017-06-12 16:49:42', '2017-06-12 16:49:42');
INSERT INTO `sales_items` VALUES (306, 109, 37, 0.00, 0.00, 1, NULL, '2017-06-12 16:49:42', '2017-06-12 16:49:42');
INSERT INTO `sales_items` VALUES (307, 110, 1, 2.50, 68.00, 1, NULL, '2017-06-12 16:57:02', '2017-06-12 16:57:02');
INSERT INTO `sales_items` VALUES (308, 110, 2, 2.00, 57.00, 1, NULL, '2017-06-12 16:57:02', '2017-06-12 16:57:02');
INSERT INTO `sales_items` VALUES (309, 110, 4, 2.00, 50.00, 1, NULL, '2017-06-12 16:57:02', '2017-06-12 16:57:02');
INSERT INTO `sales_items` VALUES (310, 110, 35, 0.50, 15.00, 1, NULL, '2017-06-12 16:57:02', '2017-06-12 16:57:02');
INSERT INTO `sales_items` VALUES (311, 110, 14, 0.00, 69.00, 1, NULL, '2017-06-12 16:57:02', '2017-06-12 16:57:02');
INSERT INTO `sales_items` VALUES (312, 110, 3, 0.50, 16.66, 3, NULL, '2017-06-12 16:57:02', '2017-06-12 16:57:02');
INSERT INTO `sales_items` VALUES (313, 110, 37, 0.00, 1.00, 1, NULL, '2017-06-12 16:57:02', '2017-06-12 16:57:02');
INSERT INTO `sales_items` VALUES (314, 111, 4, 2.00, 50.00, 2, NULL, '2017-06-12 17:01:37', '2017-06-12 17:01:37');
INSERT INTO `sales_items` VALUES (315, 111, 37, 0.00, 0.00, 1, NULL, '2017-06-12 17:01:37', '2017-06-12 17:01:37');
INSERT INTO `sales_items` VALUES (316, 112, 15, 0.50, 39.00, 1, NULL, '2017-06-12 17:06:53', '2017-06-12 17:06:53');
INSERT INTO `sales_items` VALUES (317, 112, 37, 0.00, 9.00, 1, NULL, '2017-06-12 17:06:53', '2017-06-12 17:06:53');
INSERT INTO `sales_items` VALUES (318, 113, 1, 2.50, 68.00, 1, NULL, '2017-06-12 17:11:11', '2017-06-12 17:11:11');
INSERT INTO `sales_items` VALUES (319, 113, 37, 0.00, 10.00, 1, NULL, '2017-06-12 17:11:11', '2017-06-12 17:11:11');
INSERT INTO `sales_items` VALUES (320, 114, 23, 3.00, 85.00, 1, NULL, '2017-06-12 19:19:04', '2017-06-12 19:19:04');
INSERT INTO `sales_items` VALUES (321, 115, 23, 3.00, 70.00, 1, NULL, '2017-06-12 19:22:35', '2017-06-12 19:22:35');
INSERT INTO `sales_items` VALUES (322, 115, 24, 1.00, 30.00, 1, NULL, '2017-06-12 19:22:35', '2017-06-12 19:22:35');
INSERT INTO `sales_items` VALUES (323, 115, 22, 0.00, 2.50, 1, NULL, '2017-06-12 19:22:35', '2017-06-12 19:22:35');
INSERT INTO `sales_items` VALUES (324, 116, 4, 2.00, 50.00, 2, NULL, '2017-06-12 19:25:17', '2017-06-12 19:25:17');
INSERT INTO `sales_items` VALUES (325, 116, 21, 0.00, 15.00, 1, NULL, '2017-06-12 19:25:17', '2017-06-12 19:25:17');
INSERT INTO `sales_items` VALUES (326, 117, 35, 0.50, 15.00, 1, NULL, '2017-06-12 19:28:57', '2017-06-12 19:28:57');
INSERT INTO `sales_items` VALUES (327, 117, 20, 0.00, 29.00, 2, NULL, '2017-06-12 19:28:57', '2017-06-12 19:28:57');
INSERT INTO `sales_items` VALUES (328, 117, 1, 2.50, 68.00, 1, NULL, '2017-06-12 19:28:57', '2017-06-12 19:28:57');
INSERT INTO `sales_items` VALUES (329, 118, 1, 2.50, 68.00, 1, NULL, '2017-06-12 19:34:24', '2017-06-12 19:34:24');
INSERT INTO `sales_items` VALUES (330, 118, 2, 2.00, 57.00, 1, NULL, '2017-06-12 19:34:24', '2017-06-12 19:34:24');
INSERT INTO `sales_items` VALUES (331, 118, 4, 2.00, 0.00, 1, NULL, '2017-06-12 19:34:24', '2017-06-12 19:34:24');
INSERT INTO `sales_items` VALUES (332, 118, 37, 0.00, 0.00, 1, NULL, '2017-06-12 19:34:24', '2017-06-12 19:34:24');
INSERT INTO `sales_items` VALUES (333, 119, 6, 5.00, 210.00, 1, NULL, '2017-06-12 19:39:27', '2017-06-12 19:39:27');
INSERT INTO `sales_items` VALUES (334, 119, 37, 0.00, 10.00, 1, NULL, '2017-06-12 19:39:27', '2017-06-12 19:39:27');
INSERT INTO `sales_items` VALUES (335, 119, 8, 0.50, 5.00, 1, NULL, '2017-06-12 19:39:27', '2017-06-12 19:39:27');
INSERT INTO `sales_items` VALUES (336, 120, 7, 1.00, 39.00, 3, NULL, '2017-06-12 19:46:03', '2017-06-12 19:46:03');
INSERT INTO `sales_items` VALUES (337, 120, 37, 0.00, 3.00, 1, NULL, '2017-06-12 19:46:03', '2017-06-12 19:46:03');
INSERT INTO `sales_items` VALUES (338, 121, 15, 0.50, 39.00, 1, NULL, '2017-06-12 19:52:11', '2017-06-12 19:52:11');
INSERT INTO `sales_items` VALUES (339, 121, 18, 0.50, 25.00, 1, NULL, '2017-06-12 19:52:11', '2017-06-12 19:52:11');
INSERT INTO `sales_items` VALUES (340, 121, 37, 0.00, 0.00, 1, NULL, '2017-06-12 19:52:11', '2017-06-12 19:52:11');
INSERT INTO `sales_items` VALUES (341, 122, 1, 2.50, 68.00, 1, NULL, '2017-06-12 19:57:57', '2017-06-12 19:57:57');
INSERT INTO `sales_items` VALUES (342, 122, 37, 0.00, 8.00, 1, NULL, '2017-06-12 19:57:57', '2017-06-12 19:57:57');
INSERT INTO `sales_items` VALUES (343, 123, 5, 15.00, 399.00, 1, NULL, '2017-06-12 22:12:52', '2017-06-12 22:12:52');
INSERT INTO `sales_items` VALUES (344, 123, 4, 2.00, 0.00, 1, NULL, '2017-06-12 22:12:52', '2017-06-12 22:12:52');
INSERT INTO `sales_items` VALUES (345, 123, 37, 0.00, 0.00, 1, NULL, '2017-06-12 22:12:52', '2017-06-12 22:12:52');
INSERT INTO `sales_items` VALUES (346, 124, 4, 2.00, 50.00, 2, NULL, '2017-06-12 22:17:42', '2017-06-12 22:17:42');
INSERT INTO `sales_items` VALUES (347, 124, 4, 2.00, 0.00, 1, NULL, '2017-06-12 22:17:42', '2017-06-12 22:17:42');
INSERT INTO `sales_items` VALUES (348, 124, 37, 0.00, 0.00, 1, NULL, '2017-06-12 22:17:42', '2017-06-12 22:17:42');
INSERT INTO `sales_items` VALUES (349, 125, 1, 2.50, 68.00, 1, NULL, '2017-06-12 22:23:45', '2017-06-12 22:23:45');
INSERT INTO `sales_items` VALUES (350, 125, 2, 2.00, 57.00, 1, NULL, '2017-06-12 22:23:45', '2017-06-12 22:23:45');
INSERT INTO `sales_items` VALUES (351, 125, 4, 2.00, 55.00, 1, NULL, '2017-06-12 22:23:45', '2017-06-12 22:23:45');
INSERT INTO `sales_items` VALUES (352, 125, 3, 0.50, 16.66, 3, NULL, '2017-06-12 22:23:45', '2017-06-12 22:23:45');
INSERT INTO `sales_items` VALUES (353, 125, 37, 0.00, 10.00, 1, NULL, '2017-06-12 22:23:45', '2017-06-12 22:23:45');
INSERT INTO `sales_items` VALUES (354, 126, 1, 2.50, 68.00, 1, NULL, '2017-08-06 21:41:03', '2017-08-06 21:41:03');
INSERT INTO `sales_items` VALUES (355, 126, 37, 0.00, 10.00, 1, NULL, '2017-08-06 21:41:03', '2017-08-06 21:41:03');
INSERT INTO `sales_items` VALUES (356, 127, 1, 2.50, 68.00, 1, NULL, '2017-08-06 21:46:22', '2017-08-06 21:46:22');
INSERT INTO `sales_items` VALUES (357, 127, 2, 2.00, 57.00, 1, NULL, '2017-08-06 21:46:22', '2017-08-06 21:46:22');
INSERT INTO `sales_items` VALUES (358, 127, 37, 0.00, 10.00, 1, NULL, '2017-08-06 21:46:22', '2017-08-06 21:46:22');
INSERT INTO `sales_items` VALUES (359, 128, 29, 1.00, 85.00, 1, NULL, '2017-08-06 21:52:55', '2017-08-06 21:52:55');
INSERT INTO `sales_items` VALUES (360, 128, 10, 0.00, 29.00, 1, NULL, '2017-08-06 21:52:55', '2017-08-06 21:52:55');
INSERT INTO `sales_items` VALUES (361, 128, 37, 0.00, 30.00, 1, NULL, '2017-08-06 21:52:55', '2017-08-06 21:52:55');
INSERT INTO `sales_items` VALUES (362, 129, 5, 15.00, 300.00, 1, NULL, '2017-08-06 21:58:25', '2017-08-06 21:58:25');
INSERT INTO `sales_items` VALUES (363, 129, 37, 0.00, 10.00, 1, NULL, '2017-08-06 21:58:25', '2017-08-06 21:58:25');
INSERT INTO `sales_items` VALUES (364, 130, 19, 0.00, 15.00, 1, NULL, '2017-08-06 22:06:19', '2017-08-06 22:06:19');
INSERT INTO `sales_items` VALUES (365, 130, 3, 0.50, 17.00, 1, NULL, '2017-08-06 22:06:19', '2017-08-06 22:06:19');
INSERT INTO `sales_items` VALUES (366, 130, 1, 2.50, 68.00, 1, NULL, '2017-08-06 22:06:19', '2017-08-06 22:06:19');
INSERT INTO `sales_items` VALUES (367, 130, 2, 2.00, 57.00, 1, NULL, '2017-08-06 22:06:19', '2017-08-06 22:06:19');
INSERT INTO `sales_items` VALUES (368, 130, 15, 0.50, 39.00, 1, NULL, '2017-08-06 22:06:19', '2017-08-06 22:06:19');
INSERT INTO `sales_items` VALUES (369, 130, 10, 0.00, 29.00, 1, NULL, '2017-08-06 22:06:19', '2017-08-06 22:06:19');
INSERT INTO `sales_items` VALUES (370, 130, 25, 0.50, 20.00, 5, NULL, '2017-08-06 22:06:19', '2017-08-06 22:06:19');
INSERT INTO `sales_items` VALUES (371, 130, 37, 0.00, 10.00, 1, NULL, '2017-08-06 22:06:19', '2017-08-06 22:06:19');
INSERT INTO `sales_items` VALUES (372, 130, 4, 2.00, 15.00, 1, NULL, '2017-08-06 22:06:19', '2017-08-06 22:06:19');
INSERT INTO `sales_items` VALUES (373, 131, 5, 15.00, 350.00, 1, NULL, '2017-08-06 22:12:50', '2017-08-06 22:12:50');
INSERT INTO `sales_items` VALUES (374, 131, 37, 0.00, 0.00, 1, NULL, '2017-08-06 22:12:50', '2017-08-06 22:12:50');
INSERT INTO `sales_items` VALUES (375, 132, 9, 0.50, 33.00, 1, NULL, '2017-08-06 22:38:01', '2017-08-06 22:38:01');
INSERT INTO `sales_items` VALUES (376, 132, 15, 0.50, 39.00, 1, NULL, '2017-08-06 22:38:01', '2017-08-06 22:38:01');
INSERT INTO `sales_items` VALUES (377, 132, 37, 0.00, 0.00, 1, NULL, '2017-08-06 22:38:01', '2017-08-06 22:38:01');
INSERT INTO `sales_items` VALUES (378, 133, 18, 0.50, 25.00, 1, NULL, '2017-08-06 23:14:52', '2017-08-06 23:14:52');
INSERT INTO `sales_items` VALUES (379, 133, 3, 0.50, 19.00, 1, NULL, '2017-08-06 23:14:52', '2017-08-06 23:14:52');
INSERT INTO `sales_items` VALUES (380, 133, 8, 0.50, 3.33, 3, NULL, '2017-08-06 23:14:52', '2017-09-20 22:17:35');
INSERT INTO `sales_items` VALUES (381, 134, 1, 2.50, 68.00, 1, NULL, '2017-08-06 23:18:39', '2017-08-06 23:18:39');
INSERT INTO `sales_items` VALUES (382, 134, 22, 0.00, 15.00, 1, NULL, '2017-08-06 23:18:39', '2017-08-06 23:18:39');
INSERT INTO `sales_items` VALUES (383, 134, 9, 0.50, 22.00, 1, NULL, '2017-08-06 23:18:39', '2017-08-06 23:18:39');
INSERT INTO `sales_items` VALUES (384, 135, 1, 2.50, 68.00, 1, NULL, '2017-08-06 23:27:51', '2017-08-06 23:27:51');
INSERT INTO `sales_items` VALUES (385, 135, 2, 2.00, 57.00, 1, NULL, '2017-08-06 23:27:51', '2017-08-06 23:27:51');
INSERT INTO `sales_items` VALUES (386, 135, 37, 0.00, 10.00, 1, NULL, '2017-08-06 23:27:51', '2017-08-06 23:27:51');
INSERT INTO `sales_items` VALUES (387, 136, 1, 2.50, 68.00, 1, NULL, '2017-08-06 23:32:21', '2017-08-06 23:32:21');
INSERT INTO `sales_items` VALUES (388, 136, 2, 2.00, 57.00, 1, NULL, '2017-08-06 23:32:21', '2017-08-06 23:32:21');
INSERT INTO `sales_items` VALUES (389, 136, 37, 0.00, 10.00, 1, NULL, '2017-08-06 23:32:21', '2017-08-06 23:32:21');
INSERT INTO `sales_items` VALUES (390, 137, 7, 1.00, 33.33, 3, NULL, '2017-08-06 23:46:17', '2017-08-06 23:46:17');
INSERT INTO `sales_items` VALUES (391, 137, 37, 0.00, 10.00, 1, NULL, '2017-08-06 23:46:17', '2017-08-06 23:46:17');
INSERT INTO `sales_items` VALUES (392, 138, 23, 3.00, 89.00, 1, NULL, '2017-08-06 23:57:12', '2017-08-06 23:57:12');
INSERT INTO `sales_items` VALUES (393, 138, 37, 0.00, 9.00, 1, NULL, '2017-08-06 23:57:12', '2017-08-06 23:57:12');
INSERT INTO `sales_items` VALUES (394, 139, 33, 1.00, 80.00, 1, NULL, '2017-08-07 00:28:42', '2017-08-07 00:28:42');
INSERT INTO `sales_items` VALUES (395, 139, 37, 0.00, 0.00, 1, NULL, '2017-08-07 00:28:42', '2017-08-07 00:28:42');
INSERT INTO `sales_items` VALUES (396, 140, 9, 0.50, 25.00, 2, NULL, '2017-08-07 00:33:06', '2017-08-07 00:33:06');
INSERT INTO `sales_items` VALUES (397, 140, 37, 0.00, 2.00, 1, NULL, '2017-08-07 00:33:06', '2017-08-07 00:33:06');
INSERT INTO `sales_items` VALUES (398, 141, 9, 0.50, 25.00, 2, NULL, '2017-08-07 00:49:14', '2017-08-07 00:49:14');
INSERT INTO `sales_items` VALUES (399, 141, 37, 0.00, 2.00, 1, NULL, '2017-08-07 00:49:14', '2017-08-07 00:49:14');
INSERT INTO `sales_items` VALUES (400, 142, 29, 1.00, 75.00, 1, NULL, '2017-08-07 00:53:27', '2017-08-07 00:53:27');
INSERT INTO `sales_items` VALUES (401, 142, 37, 0.00, 0.00, 1, NULL, '2017-08-07 00:53:27', '2017-08-07 00:53:27');
INSERT INTO `sales_items` VALUES (402, 143, 5, 15.00, 350.00, 1, NULL, '2017-08-09 01:15:55', '2017-08-09 01:15:55');
INSERT INTO `sales_items` VALUES (403, 143, 37, 0.00, 10.00, 1, NULL, '2017-08-09 01:15:55', '2017-08-09 01:15:55');
INSERT INTO `sales_items` VALUES (404, 144, 24, 1.00, 49.00, 1, NULL, '2017-08-09 01:19:10', '2017-08-09 01:19:10');
INSERT INTO `sales_items` VALUES (405, 145, 23, 3.00, 85.00, 1, NULL, '2017-08-09 01:24:41', '2017-08-09 01:24:41');
INSERT INTO `sales_items` VALUES (406, 146, 24, 1.00, 40.00, 1, NULL, '2017-08-09 01:27:38', '2017-08-09 01:27:38');
INSERT INTO `sales_items` VALUES (407, 147, 24, 1.00, 45.00, 2, NULL, '2017-08-09 01:30:39', '2017-08-09 01:30:39');
INSERT INTO `sales_items` VALUES (408, 148, 24, 1.00, 30.00, 2, NULL, '2017-08-09 01:33:12', '2017-08-09 01:33:12');
INSERT INTO `sales_items` VALUES (409, 149, 23, 3.00, 79.00, 1, NULL, '2017-08-13 22:17:02', '2017-08-13 22:17:02');
INSERT INTO `sales_items` VALUES (410, 150, 31, 0.50, 38.00, 1, NULL, '2017-08-13 22:20:00', '2017-08-13 22:20:00');
INSERT INTO `sales_items` VALUES (411, 150, 31, 0.50, 25.00, 1, NULL, '2017-08-13 22:20:00', '2017-08-13 22:20:00');
INSERT INTO `sales_items` VALUES (412, 151, 14, 0.00, 69.90, 1, NULL, '2017-08-13 22:26:13', '2017-08-13 22:26:13');
INSERT INTO `sales_items` VALUES (413, 151, 15, 0.50, 39.00, 1, NULL, '2017-08-13 22:26:13', '2017-08-13 22:26:13');
INSERT INTO `sales_items` VALUES (414, 151, 8, 0.50, 5.00, 1, NULL, '2017-08-13 22:26:13', '2017-08-13 22:26:13');
INSERT INTO `sales_items` VALUES (415, 151, 37, 0.00, 10.00, 1, NULL, '2017-08-13 22:26:13', '2017-08-13 22:26:13');
INSERT INTO `sales_items` VALUES (416, 152, 1, 2.50, 68.00, 1, NULL, '2017-08-13 22:33:35', '2017-08-13 22:33:35');
INSERT INTO `sales_items` VALUES (417, 152, 2, 2.00, 57.00, 1, NULL, '2017-08-13 22:33:35', '2017-08-13 22:33:35');
INSERT INTO `sales_items` VALUES (418, 152, 14, 0.00, 69.90, 1, NULL, '2017-08-13 22:33:35', '2017-08-13 22:33:35');
INSERT INTO `sales_items` VALUES (419, 152, 19, 0.00, 19.00, 1, NULL, '2017-08-13 22:33:35', '2017-08-13 22:33:35');
INSERT INTO `sales_items` VALUES (420, 152, 37, 0.00, 10.00, 1, NULL, '2017-08-13 22:33:35', '2017-08-13 22:33:35');
INSERT INTO `sales_items` VALUES (421, 153, 7, 1.00, 33.33, 3, NULL, '2017-08-13 22:38:17', '2017-08-13 22:38:17');
INSERT INTO `sales_items` VALUES (422, 153, 19, 0.00, 19.00, 1, NULL, '2017-08-13 22:38:17', '2017-08-13 22:38:17');
INSERT INTO `sales_items` VALUES (423, 153, 37, 0.00, 10.00, 1, NULL, '2017-08-13 22:38:17', '2017-08-13 22:38:17');
INSERT INTO `sales_items` VALUES (424, 154, 7, 1.00, 33.33, 3, NULL, '2017-08-13 22:44:15', '2017-08-13 22:44:15');
INSERT INTO `sales_items` VALUES (425, 154, 4, 2.00, 0.00, 1, NULL, '2017-08-13 22:44:15', '2017-08-13 22:44:15');
INSERT INTO `sales_items` VALUES (426, 154, 37, 0.00, 10.00, 1, NULL, '2017-08-13 22:44:15', '2017-08-13 22:44:15');
INSERT INTO `sales_items` VALUES (427, 155, 6, 5.00, 180.00, 1, NULL, '2017-08-13 22:56:47', '2017-08-13 22:56:47');
INSERT INTO `sales_items` VALUES (428, 155, 37, 0.00, 10.00, 1, NULL, '2017-08-13 22:56:47', '2017-08-13 22:56:47');
INSERT INTO `sales_items` VALUES (429, 156, 7, 1.00, 33.33, 3, NULL, '2017-08-13 23:08:21', '2017-08-13 23:08:21');
INSERT INTO `sales_items` VALUES (430, 156, 37, 0.00, 10.00, 1, NULL, '2017-08-13 23:08:21', '2017-08-13 23:08:21');
INSERT INTO `sales_items` VALUES (431, 157, 1, 2.50, 68.00, 1, NULL, '2017-08-13 23:18:01', '2017-08-13 23:18:01');
INSERT INTO `sales_items` VALUES (432, 157, 2, 2.00, 57.00, 1, NULL, '2017-08-13 23:18:01', '2017-08-13 23:18:01');
INSERT INTO `sales_items` VALUES (433, 157, 3, 0.50, 19.00, 2, NULL, '2017-08-13 23:18:01', '2017-08-13 23:18:01');
INSERT INTO `sales_items` VALUES (434, 157, 37, 0.00, 10.00, 1, NULL, '2017-08-13 23:18:01', '2017-08-13 23:18:01');
INSERT INTO `sales_items` VALUES (435, 158, 5, 15.00, 399.00, 1, NULL, '2017-08-13 23:28:10', '2017-08-13 23:28:10');
INSERT INTO `sales_items` VALUES (436, 158, 37, 0.00, 10.00, 1, NULL, '2017-08-13 23:28:10', '2017-08-13 23:28:10');
INSERT INTO `sales_items` VALUES (437, 158, 4, 2.00, 40.00, 1, NULL, '2017-08-13 23:28:10', '2017-08-13 23:28:10');
INSERT INTO `sales_items` VALUES (438, 159, 7, 1.00, 33.33, 3, NULL, '2017-08-13 23:34:58', '2017-08-13 23:34:58');
INSERT INTO `sales_items` VALUES (439, 159, 4, 2.00, 0.00, 1, NULL, '2017-08-13 23:34:58', '2017-08-13 23:34:58');
INSERT INTO `sales_items` VALUES (440, 159, 37, 0.00, 8.00, 1, NULL, '2017-08-13 23:34:58', '2017-08-13 23:34:58');
INSERT INTO `sales_items` VALUES (441, 160, 9, 0.50, 20.00, 1, NULL, '2017-08-13 23:38:41', '2017-08-13 23:38:41');
INSERT INTO `sales_items` VALUES (442, 160, 37, 0.00, 10.00, 1, NULL, '2017-08-13 23:38:41', '2017-08-13 23:38:41');
INSERT INTO `sales_items` VALUES (443, 161, 1, 2.50, 68.00, 1, NULL, '2017-08-13 23:43:02', '2017-08-13 23:43:02');
INSERT INTO `sales_items` VALUES (444, 161, 37, 0.00, 10.00, 1, NULL, '2017-08-13 23:43:02', '2017-08-13 23:43:02');
INSERT INTO `sales_items` VALUES (445, 162, 1, 2.50, 68.00, 1, NULL, '2017-08-13 23:48:37', '2017-08-13 23:48:37');
INSERT INTO `sales_items` VALUES (446, 162, 2, 2.00, 57.00, 1, NULL, '2017-08-13 23:48:37', '2017-08-13 23:48:37');
INSERT INTO `sales_items` VALUES (447, 162, 4, 2.00, 59.00, 1, NULL, '2017-08-13 23:48:37', '2017-08-13 23:48:37');
INSERT INTO `sales_items` VALUES (448, 162, 8, 0.50, 0.00, 1, NULL, '2017-08-13 23:48:37', '2017-08-13 23:48:37');
INSERT INTO `sales_items` VALUES (449, 162, 37, 0.00, 6.00, 1, NULL, '2017-08-13 23:48:37', '2017-08-13 23:48:37');
INSERT INTO `sales_items` VALUES (450, 163, 1, 2.50, 68.00, 1, NULL, '2017-08-13 23:53:53', '2017-08-13 23:53:53');
INSERT INTO `sales_items` VALUES (451, 163, 2, 2.00, 57.00, 1, NULL, '2017-08-13 23:53:53', '2017-08-13 23:53:53');
INSERT INTO `sales_items` VALUES (452, 163, 8, 0.50, 0.00, 1, NULL, '2017-08-13 23:53:53', '2017-08-13 23:53:53');
INSERT INTO `sales_items` VALUES (453, 163, 37, 0.00, 10.00, 1, NULL, '2017-08-13 23:53:53', '2017-08-13 23:53:53');
INSERT INTO `sales_items` VALUES (454, 164, 5, 15.00, 310.00, 1, NULL, '2017-08-14 00:11:03', '2017-08-14 00:11:03');
INSERT INTO `sales_items` VALUES (455, 164, 9, 0.50, 32.00, 1, NULL, '2017-08-14 00:11:03', '2017-08-14 00:11:03');
INSERT INTO `sales_items` VALUES (456, 164, 8, 0.50, 0.00, 1, NULL, '2017-08-14 00:11:03', '2017-08-14 00:11:03');
INSERT INTO `sales_items` VALUES (457, 164, 37, 0.00, 10.00, 1, NULL, '2017-08-14 00:11:03', '2017-08-14 00:11:03');
INSERT INTO `sales_items` VALUES (458, 165, 1, 2.50, 65.00, 1, NULL, '2017-08-14 00:37:30', '2017-08-14 00:37:30');
INSERT INTO `sales_items` VALUES (459, 165, 37, 0.00, 10.00, 1, NULL, '2017-08-14 00:37:30', '2017-08-14 00:37:30');
INSERT INTO `sales_items` VALUES (460, 166, 1, 2.50, 68.00, 1, NULL, '2017-09-20 09:53:11', '2017-09-20 09:53:11');
INSERT INTO `sales_items` VALUES (461, 166, 4, 2.00, 50.00, 2, NULL, '2017-09-20 09:53:11', '2017-09-20 09:53:11');
INSERT INTO `sales_items` VALUES (462, 166, 8, 0.50, 0.00, 1, NULL, '2017-09-20 09:53:11', '2017-09-20 09:53:11');
INSERT INTO `sales_items` VALUES (463, 166, 37, 0.00, 10.00, 1, NULL, '2017-09-20 09:53:11', '2017-09-20 09:53:11');
INSERT INTO `sales_items` VALUES (464, 167, 1, 2.50, 68.00, 1, NULL, '2017-09-20 09:56:16', '2017-09-20 09:56:16');
INSERT INTO `sales_items` VALUES (465, 167, 2, 2.00, 57.00, 1, NULL, '2017-09-20 09:56:16', '2017-09-20 09:56:16');
INSERT INTO `sales_items` VALUES (466, 167, 37, 0.00, 10.00, 1, NULL, '2017-09-20 09:56:16', '2017-09-20 09:56:16');
INSERT INTO `sales_items` VALUES (467, 168, 3, 0.50, 25.00, 2, NULL, '2017-09-20 09:59:09', '2017-09-20 09:59:09');
INSERT INTO `sales_items` VALUES (468, 168, 37, 0.00, 10.00, 1, NULL, '2017-09-20 09:59:09', '2017-09-20 09:59:09');
INSERT INTO `sales_items` VALUES (469, 169, 5, 2.00, 83.00, 1, NULL, '2017-09-20 10:01:40', '2017-09-20 10:01:40');
INSERT INTO `sales_items` VALUES (470, 169, 37, 0.00, 10.00, 1, NULL, '2017-09-20 10:01:40', '2017-09-20 10:01:40');
INSERT INTO `sales_items` VALUES (471, 170, 5, 2.00, 83.00, 1, NULL, '2017-09-20 10:04:57', '2017-09-20 10:04:57');
INSERT INTO `sales_items` VALUES (472, 170, 7, 1.00, 33.33, 3, NULL, '2017-09-20 10:04:57', '2017-09-20 10:04:57');
INSERT INTO `sales_items` VALUES (473, 170, 4, 2.00, 0.00, 1, NULL, '2017-09-20 10:04:57', '2017-09-20 10:04:57');
INSERT INTO `sales_items` VALUES (474, 170, 37, 0.00, 10.00, 1, NULL, '2017-09-20 10:04:57', '2017-09-20 10:04:57');
INSERT INTO `sales_items` VALUES (475, 171, 5, 2.00, 83.00, 1, NULL, '2017-09-20 10:08:18', '2017-09-20 10:08:18');
INSERT INTO `sales_items` VALUES (476, 171, 8, 0.50, 5.00, 1, NULL, '2017-09-20 10:08:18', '2017-09-20 10:08:18');
INSERT INTO `sales_items` VALUES (477, 171, 37, 0.00, 10.00, 1, NULL, '2017-09-20 10:08:18', '2017-09-20 10:08:18');
INSERT INTO `sales_items` VALUES (478, 172, 5, 2.00, 83.00, 1, NULL, '2017-09-20 10:10:51', '2017-09-20 10:10:51');
INSERT INTO `sales_items` VALUES (479, 172, 8, 0.50, 0.00, 1, NULL, '2017-09-20 10:10:51', '2017-09-20 10:10:51');
INSERT INTO `sales_items` VALUES (480, 172, 37, 0.00, 10.00, 1, NULL, '2017-09-20 10:10:51', '2017-09-20 10:10:51');
INSERT INTO `sales_items` VALUES (481, 173, 5, 2.00, 83.00, 1, NULL, '2017-09-20 10:14:13', '2017-09-20 10:14:13');
INSERT INTO `sales_items` VALUES (482, 173, 7, 1.00, 33.33, 3, NULL, '2017-09-20 10:14:13', '2017-09-20 10:14:13');
INSERT INTO `sales_items` VALUES (483, 173, 4, 2.00, 0.00, 1, NULL, '2017-09-20 10:14:13', '2017-09-20 10:14:13');
INSERT INTO `sales_items` VALUES (484, 173, 37, 0.00, 10.00, 1, NULL, '2017-09-20 10:14:13', '2017-09-20 10:14:13');
INSERT INTO `sales_items` VALUES (485, 174, 16, 2.00, 135.00, 1, NULL, '2017-09-20 10:17:24', '2017-09-20 10:17:24');
INSERT INTO `sales_items` VALUES (486, 174, 8, 0.50, 0.00, 1, NULL, '2017-09-20 10:17:24', '2017-09-20 10:17:24');
INSERT INTO `sales_items` VALUES (487, 174, 37, 0.00, 15.00, 1, NULL, '2017-09-20 10:17:24', '2017-09-20 10:17:24');
INSERT INTO `sales_items` VALUES (488, 175, 16, 2.00, 135.00, 1, NULL, '2017-09-20 10:26:34', '2017-09-20 10:26:34');
INSERT INTO `sales_items` VALUES (489, 175, 17, 1.00, 120.00, 1, NULL, '2017-09-20 10:26:34', '2017-09-20 10:26:34');
INSERT INTO `sales_items` VALUES (490, 175, 15, 0.50, 39.00, 1, NULL, '2017-09-20 10:26:34', '2017-09-20 10:26:34');
INSERT INTO `sales_items` VALUES (491, 175, 18, 0.50, 25.00, 1, NULL, '2017-09-20 10:26:34', '2017-09-20 10:26:34');
INSERT INTO `sales_items` VALUES (492, 175, 37, 0.00, 15.00, 1, NULL, '2017-09-20 10:26:34', '2017-09-20 10:26:34');
INSERT INTO `sales_items` VALUES (493, 176, 16, 2.00, 135.00, 1, NULL, '2017-09-20 10:30:03', '2017-09-20 10:30:03');
INSERT INTO `sales_items` VALUES (494, 176, 15, 0.50, 39.00, 1, NULL, '2017-09-20 10:30:03', '2017-09-20 10:30:03');
INSERT INTO `sales_items` VALUES (495, 176, 8, 0.50, 0.00, 1, NULL, '2017-09-20 10:30:03', '2017-09-20 10:30:03');
INSERT INTO `sales_items` VALUES (496, 176, 37, 0.00, 30.00, 1, NULL, '2017-09-20 10:30:03', '2017-09-20 10:30:03');
INSERT INTO `sales_items` VALUES (497, 177, 1, 2.50, 68.00, 1, NULL, '2017-09-20 10:35:29', '2017-09-20 10:35:29');
INSERT INTO `sales_items` VALUES (498, 177, 37, 0.00, 8.00, 1, NULL, '2017-09-20 10:35:29', '2017-09-20 10:35:29');
INSERT INTO `sales_items` VALUES (499, 178, 14, 0.00, 70.00, 1, NULL, '2017-09-20 10:38:32', '2017-09-20 10:38:32');
INSERT INTO `sales_items` VALUES (500, 178, 37, 0.00, 15.00, 1, NULL, '2017-09-20 10:38:32', '2017-09-20 10:38:32');
INSERT INTO `sales_items` VALUES (501, 179, 9, 0.50, 35.00, 1, NULL, '2017-09-20 10:42:28', '2017-09-20 10:42:28');
INSERT INTO `sales_items` VALUES (502, 179, 10, 0.00, 29.00, 1, NULL, '2017-09-20 10:42:28', '2017-09-20 10:42:28');
INSERT INTO `sales_items` VALUES (503, 179, 19, 0.00, 16.00, 1, NULL, '2017-09-20 10:42:28', '2017-09-20 10:42:28');
INSERT INTO `sales_items` VALUES (504, 179, 8, 0.50, 3.00, 1, NULL, '2017-09-20 10:42:28', '2017-09-20 10:42:28');
INSERT INTO `sales_items` VALUES (505, 179, 37, 0.00, 10.00, 1, NULL, '2017-09-20 10:42:28', '2017-09-20 10:42:28');
INSERT INTO `sales_items` VALUES (506, 180, 1, 2.50, 68.00, 1, NULL, '2017-09-20 10:45:27', '2017-09-20 10:45:27');
INSERT INTO `sales_items` VALUES (507, 180, 2, 2.00, 57.00, 1, NULL, '2017-09-20 10:45:27', '2017-09-20 10:45:27');
INSERT INTO `sales_items` VALUES (508, 180, 8, 0.50, 0.00, 1, NULL, '2017-09-20 10:45:27', '2017-09-20 10:45:27');
INSERT INTO `sales_items` VALUES (509, 180, 37, 0.00, 10.00, 1, NULL, '2017-09-20 10:45:27', '2017-09-20 10:45:27');
INSERT INTO `sales_items` VALUES (510, 181, 16, 2.00, 135.00, 1, NULL, '2017-09-20 10:49:22', '2017-09-20 10:49:22');
INSERT INTO `sales_items` VALUES (511, 181, 15, 0.50, 39.00, 1, NULL, '2017-09-20 10:49:22', '2017-09-20 10:49:22');
INSERT INTO `sales_items` VALUES (512, 181, 8, 0.50, 0.00, 1, NULL, '2017-09-20 10:49:22', '2017-09-20 10:49:22');
INSERT INTO `sales_items` VALUES (513, 181, 37, 0.00, 20.00, 1, NULL, '2017-09-20 10:49:22', '2017-09-20 10:49:22');
INSERT INTO `sales_items` VALUES (514, 182, 1, 2.50, 68.00, 1, NULL, '2017-09-20 10:51:50', '2017-09-20 10:51:50');
INSERT INTO `sales_items` VALUES (515, 182, 37, 0.00, 10.00, 1, NULL, '2017-09-20 10:51:50', '2017-09-20 10:51:50');
INSERT INTO `sales_items` VALUES (516, 183, 23, 3.00, 89.00, 1, NULL, '2017-09-20 10:54:41', '2017-09-20 10:54:41');
INSERT INTO `sales_items` VALUES (517, 183, 8, 0.50, 0.00, 1, NULL, '2017-09-20 10:54:41', '2017-09-20 10:54:41');
INSERT INTO `sales_items` VALUES (518, 183, 37, 0.00, 10.00, 1, NULL, '2017-09-20 10:54:41', '2017-09-20 10:54:41');
INSERT INTO `sales_items` VALUES (519, 184, 23, 3.00, 89.00, 1, NULL, '2017-09-20 22:35:14', '2017-09-20 22:35:14');
INSERT INTO `sales_items` VALUES (520, 185, 36, 0.00, 7.50, 2, NULL, '2017-09-20 22:38:55', '2017-09-20 22:38:55');
INSERT INTO `sales_items` VALUES (521, 186, 32, 0.00, 10.00, 3, NULL, '2017-09-20 22:40:29', '2017-09-20 22:40:29');
INSERT INTO `sales_items` VALUES (522, 187, 1, 2.50, 68.00, 1, NULL, '2017-09-20 22:43:02', '2017-09-20 22:43:02');
INSERT INTO `sales_items` VALUES (523, 187, 2, 2.00, 57.00, 1, NULL, '2017-09-20 22:43:02', '2017-09-20 22:43:02');
INSERT INTO `sales_items` VALUES (524, 187, 37, 0.00, 10.00, 1, NULL, '2017-09-20 22:43:02', '2017-09-20 22:43:02');
INSERT INTO `sales_items` VALUES (525, 188, 5, 10.00, 300.00, 1, NULL, '2017-09-20 22:46:05', '2017-09-20 22:49:47');
INSERT INTO `sales_items` VALUES (526, 188, 37, 0.00, 10.00, 1, NULL, '2017-09-20 22:46:05', '2017-09-20 22:46:05');
INSERT INTO `sales_items` VALUES (527, 189, 1, 2.50, 68.00, 1, NULL, '2017-09-20 22:54:15', '2017-09-20 22:54:15');
INSERT INTO `sales_items` VALUES (528, 189, 2, 2.00, 57.00, 1, NULL, '2017-09-20 22:54:15', '2017-09-20 22:54:15');
INSERT INTO `sales_items` VALUES (529, 189, 3, 0.50, 16.67, 3, NULL, '2017-09-20 22:54:15', '2017-09-20 22:54:15');
INSERT INTO `sales_items` VALUES (530, 189, 4, 2.00, 55.00, 1, NULL, '2017-09-20 22:54:15', '2017-09-20 22:54:15');
INSERT INTO `sales_items` VALUES (531, 189, 37, 0.00, 10.00, 1, NULL, '2017-09-20 22:54:15', '2017-09-20 22:54:15');
INSERT INTO `sales_items` VALUES (532, 190, 1, 2.50, 68.00, 1, NULL, '2017-09-20 22:57:56', '2017-09-20 22:57:56');
INSERT INTO `sales_items` VALUES (533, 190, 2, 2.00, 57.00, 1, NULL, '2017-09-20 22:57:56', '2017-09-20 22:57:56');
INSERT INTO `sales_items` VALUES (534, 190, 3, 0.50, 17.00, 2, NULL, '2017-09-20 22:57:56', '2017-09-20 22:57:56');
INSERT INTO `sales_items` VALUES (535, 190, 8, 0.50, 8.00, 2, NULL, '2017-09-20 22:57:56', '2017-09-20 22:57:56');
INSERT INTO `sales_items` VALUES (536, 190, 37, 0.00, 9.00, 1, NULL, '2017-09-20 22:57:56', '2017-09-20 22:57:56');
INSERT INTO `sales_items` VALUES (537, 190, 8, 0.50, 0.00, 1, NULL, '2017-09-20 22:57:56', '2017-09-20 22:57:56');
INSERT INTO `sales_items` VALUES (538, 191, 5, 10.00, 300.00, 1, NULL, '2017-09-20 23:00:14', '2017-09-20 23:00:52');
INSERT INTO `sales_items` VALUES (539, 191, 8, 0.50, 0.00, 1, NULL, '2017-09-20 23:00:14', '2017-09-20 23:00:14');
INSERT INTO `sales_items` VALUES (540, 191, 37, 0.00, 10.00, 1, NULL, '2017-09-20 23:00:14', '2017-09-20 23:00:14');
INSERT INTO `sales_items` VALUES (541, 192, 9, 0.50, 35.00, 1, NULL, '2017-09-20 23:05:57', '2017-09-20 23:05:57');
INSERT INTO `sales_items` VALUES (542, 192, 4, 2.00, 59.00, 1, NULL, '2017-09-20 23:05:57', '2017-09-20 23:05:57');
INSERT INTO `sales_items` VALUES (543, 192, 3, 0.50, 17.00, 1, NULL, '2017-09-20 23:05:57', '2017-09-20 23:05:57');
INSERT INTO `sales_items` VALUES (544, 192, 19, 0.00, 16.00, 1, NULL, '2017-09-20 23:05:57', '2017-09-20 23:05:57');
INSERT INTO `sales_items` VALUES (545, 192, 10, 0.00, 29.00, 1, NULL, '2017-09-20 23:05:57', '2017-09-20 23:05:57');
INSERT INTO `sales_items` VALUES (546, 192, 37, 0.00, 9.00, 1, NULL, '2017-09-20 23:05:57', '2017-09-20 23:05:57');
INSERT INTO `sales_items` VALUES (547, 192, 15, 0.50, 35.00, 1, NULL, '2017-09-20 23:05:57', '2017-09-20 23:05:57');
INSERT INTO `sales_items` VALUES (548, 193, 1, 2.50, 68.00, 1, NULL, '2017-09-20 23:10:17', '2017-09-20 23:10:17');
INSERT INTO `sales_items` VALUES (549, 193, 2, 2.00, 57.00, 1, NULL, '2017-09-20 23:10:17', '2017-09-20 23:10:17');
INSERT INTO `sales_items` VALUES (550, 193, 37, 0.00, 10.00, 1, NULL, '2017-09-20 23:10:17', '2017-09-20 23:10:17');
INSERT INTO `sales_items` VALUES (551, 194, 5, 2.00, 83.00, 1, NULL, '2017-09-20 23:14:27', '2017-09-20 23:14:27');
INSERT INTO `sales_items` VALUES (552, 194, 7, 1.00, 33.33, 3, NULL, '2017-09-20 23:14:27', '2017-09-20 23:14:27');
INSERT INTO `sales_items` VALUES (553, 194, 37, 0.00, 6.00, 1, NULL, '2017-09-20 23:14:27', '2017-09-20 23:14:27');
INSERT INTO `sales_items` VALUES (554, 195, 16, 2.00, 135.00, 1, NULL, '2017-09-20 23:18:12', '2017-09-20 23:18:12');
INSERT INTO `sales_items` VALUES (555, 195, 18, 0.50, 25.00, 1, NULL, '2017-09-20 23:18:12', '2017-09-20 23:18:12');
INSERT INTO `sales_items` VALUES (556, 195, 37, 0.00, 20.00, 1, NULL, '2017-09-20 23:18:12', '2017-09-20 23:18:12');
INSERT INTO `sales_items` VALUES (557, 196, 16, 2.00, 135.00, 1, NULL, '2017-09-20 23:22:31', '2017-09-20 23:22:31');
INSERT INTO `sales_items` VALUES (558, 196, 15, 0.50, 39.00, 1, NULL, '2017-09-20 23:22:31', '2017-09-20 23:22:31');
INSERT INTO `sales_items` VALUES (559, 196, 3, 0.50, 17.00, 1, NULL, '2017-09-20 23:22:31', '2017-09-20 23:22:31');
INSERT INTO `sales_items` VALUES (560, 196, 17, 1.00, 120.00, 1, NULL, '2017-09-20 23:22:31', '2017-09-20 23:22:31');
INSERT INTO `sales_items` VALUES (561, 196, 18, 0.50, 25.00, 1, NULL, '2017-09-20 23:22:31', '2017-09-20 23:22:31');
INSERT INTO `sales_items` VALUES (562, 196, 37, 0.00, 4.00, 1, NULL, '2017-09-20 23:22:31', '2017-09-20 23:22:31');
INSERT INTO `sales_items` VALUES (563, 197, 5, 2.00, 60.00, 10, NULL, '2017-09-21 21:13:39', '2017-09-21 21:13:39');
INSERT INTO `sales_items` VALUES (564, 197, 4, 2.00, 0.00, 1, NULL, '2017-09-21 21:13:39', '2017-09-21 21:13:39');
INSERT INTO `sales_items` VALUES (565, 197, 37, 0.00, 30.00, 1, NULL, '2017-09-21 21:13:39', '2017-09-21 21:13:39');
INSERT INTO `sales_items` VALUES (566, 198, 23, 3.00, 99.00, 1, NULL, '2017-09-21 21:17:46', '2017-09-21 21:17:46');
INSERT INTO `sales_items` VALUES (567, 198, 30, 2.00, 59.00, 1, NULL, '2017-09-21 21:17:46', '2017-09-21 21:17:46');
INSERT INTO `sales_items` VALUES (568, 198, 21, 0.00, 12.90, 1, NULL, '2017-09-21 21:17:46', '2017-09-21 21:17:46');
INSERT INTO `sales_items` VALUES (569, 199, 19, 0.00, 10.00, 1, NULL, '2017-09-21 21:20:15', '2017-09-21 21:20:15');
INSERT INTO `sales_items` VALUES (570, 200, 5, 2.00, 83.00, 1, NULL, '2017-09-21 21:22:18', '2017-09-21 21:22:18');
INSERT INTO `sales_items` VALUES (571, 200, 28, 1.00, 45.00, 1, NULL, '2017-09-21 21:22:18', '2017-09-21 21:22:18');
INSERT INTO `sales_items` VALUES (572, 201, 5, 2.00, 83.00, 1, NULL, '2017-09-21 21:24:10', '2017-09-21 21:24:10');
INSERT INTO `sales_items` VALUES (573, 201, 4, 2.00, 0.00, 1, NULL, '2017-09-21 21:24:10', '2017-09-21 21:24:10');
INSERT INTO `sales_items` VALUES (574, 201, 9, 0.50, 30.00, 1, NULL, '2017-09-21 21:24:10', '2017-09-21 21:24:10');
INSERT INTO `sales_items` VALUES (575, 202, 1, 2.50, 68.00, 1, NULL, '2017-09-21 21:27:58', '2017-09-21 21:27:58');
INSERT INTO `sales_items` VALUES (576, 202, 2, 2.00, 57.00, 1, NULL, '2017-09-21 21:27:58', '2017-09-21 21:27:58');
INSERT INTO `sales_items` VALUES (577, 202, 4, 2.00, 0.00, 1, NULL, '2017-09-21 21:27:58', '2017-09-21 21:27:58');
INSERT INTO `sales_items` VALUES (578, 202, 37, 0.00, 10.00, 1, NULL, '2017-09-21 21:27:58', '2017-09-21 21:27:58');
INSERT INTO `sales_items` VALUES (579, 203, 5, 2.00, 83.00, 1, NULL, '2017-09-21 21:34:35', '2017-09-21 21:34:35');
INSERT INTO `sales_items` VALUES (580, 203, 37, 0.00, 10.00, 1, NULL, '2017-09-21 21:34:35', '2017-09-21 21:34:35');
INSERT INTO `sales_items` VALUES (581, 203, 8, 0.00, 0.00, 1, NULL, '2017-09-21 21:34:35', '2017-09-21 21:34:35');
INSERT INTO `sales_items` VALUES (582, 204, 5, 2.00, 83.00, 2, NULL, '2017-09-21 21:40:47', '2017-09-21 21:40:47');
INSERT INTO `sales_items` VALUES (583, 204, 37, 0.00, 0.00, 1, NULL, '2017-09-21 21:40:47', '2017-09-21 21:40:47');
INSERT INTO `sales_items` VALUES (584, 205, 5, 2.00, 83.00, 1, NULL, '2017-09-21 21:55:47', '2017-09-21 21:55:47');
INSERT INTO `sales_items` VALUES (585, 205, 8, 0.00, 0.00, 2, NULL, '2017-09-21 21:55:47', '2017-09-21 21:55:47');
INSERT INTO `sales_items` VALUES (586, 205, 37, 0.00, 10.00, 1, NULL, '2017-09-21 21:55:47', '2017-09-21 21:55:47');
INSERT INTO `sales_items` VALUES (587, 206, 5, 2.00, 83.00, 4, NULL, '2017-09-21 21:59:23', '2017-09-21 21:59:23');
INSERT INTO `sales_items` VALUES (588, 206, 37, 0.00, 10.00, 1, NULL, '2017-09-21 21:59:23', '2017-09-21 21:59:23');
INSERT INTO `sales_items` VALUES (589, 206, 4, 2.00, 0.00, 1, NULL, '2017-09-21 21:59:23', '2017-09-21 21:59:23');
INSERT INTO `sales_items` VALUES (590, 206, 8, 0.00, 0.00, 2, NULL, '2017-09-21 21:59:23', '2017-09-21 21:59:23');
INSERT INTO `sales_items` VALUES (591, 207, 28, 1.00, 69.00, 1, NULL, '2017-09-21 22:02:26', '2017-09-21 22:02:26');
INSERT INTO `sales_items` VALUES (592, 207, 37, 0.00, 10.00, 1, NULL, '2017-09-21 22:02:26', '2017-09-21 22:02:26');
INSERT INTO `sales_items` VALUES (593, 208, 5, 2.00, 83.00, 1, NULL, '2017-09-21 22:05:17', '2017-09-21 22:05:17');
INSERT INTO `sales_items` VALUES (594, 208, 8, 0.00, 0.00, 2, NULL, '2017-09-21 22:05:17', '2017-09-21 22:05:17');
INSERT INTO `sales_items` VALUES (595, 208, 37, 0.00, 10.00, 1, NULL, '2017-09-21 22:05:17', '2017-09-21 22:05:17');
INSERT INTO `sales_items` VALUES (596, 209, 5, 2.00, 83.00, 1, NULL, '2017-09-21 22:07:37', '2017-09-21 22:07:37');
INSERT INTO `sales_items` VALUES (597, 209, 37, 0.00, 10.00, 1, NULL, '2017-09-21 22:07:37', '2017-09-21 22:07:37');
INSERT INTO `sales_items` VALUES (598, 210, 5, 2.00, 83.00, 1, NULL, '2017-09-21 22:10:14', '2017-09-21 22:10:14');
INSERT INTO `sales_items` VALUES (599, 210, 8, 0.00, 0.00, 2, NULL, '2017-09-21 22:10:14', '2017-09-21 22:10:14');
INSERT INTO `sales_items` VALUES (600, 210, 37, 0.00, 10.00, 1, NULL, '2017-09-21 22:10:14', '2017-09-21 22:10:14');
INSERT INTO `sales_items` VALUES (601, 211, 5, 2.00, 83.00, 1, NULL, '2017-09-21 22:13:10', '2017-09-21 22:13:10');
INSERT INTO `sales_items` VALUES (602, 211, 37, 0.00, 10.00, 1, NULL, '2017-09-21 22:13:10', '2017-09-21 22:13:10');
INSERT INTO `sales_items` VALUES (603, 212, 5, 2.00, 83.00, 1, NULL, '2017-09-21 22:15:50', '2017-09-21 22:15:50');
INSERT INTO `sales_items` VALUES (604, 212, 37, 0.00, 10.00, 1, NULL, '2017-09-21 22:15:50', '2017-09-21 22:15:50');
INSERT INTO `sales_items` VALUES (605, 212, 4, 2.00, 0.00, 1, NULL, '2017-09-21 22:15:50', '2017-09-21 22:15:50');
INSERT INTO `sales_items` VALUES (606, 213, 1, 2.50, 68.00, 1, NULL, '2017-09-21 22:18:20', '2017-09-21 22:18:20');
INSERT INTO `sales_items` VALUES (607, 213, 2, 2.00, 57.00, 1, NULL, '2017-09-21 22:18:20', '2017-09-21 22:18:20');
INSERT INTO `sales_items` VALUES (608, 213, 37, 0.00, 10.00, 1, NULL, '2017-09-21 22:18:20', '2017-09-21 22:18:20');
INSERT INTO `sales_items` VALUES (609, 213, 4, 2.00, 0.00, 1, NULL, '2017-09-21 22:18:20', '2017-09-21 22:18:20');
INSERT INTO `sales_items` VALUES (610, 214, 5, 2.00, 83.00, 1, NULL, '2017-09-21 22:26:23', '2017-09-21 22:26:23');
INSERT INTO `sales_items` VALUES (611, 214, 4, 2.00, 0.00, 1, NULL, '2017-09-21 22:26:23', '2017-09-21 22:26:23');
INSERT INTO `sales_items` VALUES (612, 214, 37, 0.00, 10.00, 1, NULL, '2017-09-21 22:26:23', '2017-09-21 22:26:23');
INSERT INTO `sales_items` VALUES (613, 215, 15, 0.50, 39.00, 2, NULL, '2017-09-21 22:28:46', '2017-09-21 22:28:46');
INSERT INTO `sales_items` VALUES (614, 215, 8, 0.00, 0.00, 1, NULL, '2017-09-21 22:28:46', '2017-09-21 22:28:46');
INSERT INTO `sales_items` VALUES (615, 215, 37, 0.00, 10.00, 1, NULL, '2017-09-21 22:28:46', '2017-09-21 22:28:46');
INSERT INTO `sales_items` VALUES (616, 216, 23, 3.00, 89.00, 1, NULL, '2017-09-21 22:31:10', '2017-09-21 22:31:10');
INSERT INTO `sales_items` VALUES (617, 216, 37, 0.00, 10.00, 1, NULL, '2017-09-21 22:31:10', '2017-09-21 22:31:10');
INSERT INTO `sales_items` VALUES (618, 216, 8, 0.00, 0.00, 1, NULL, '2017-09-21 22:31:10', '2017-09-21 22:31:10');
INSERT INTO `sales_items` VALUES (619, 217, 5, 2.00, 83.00, 3, NULL, '2017-09-21 22:33:24', '2017-09-21 22:33:24');
INSERT INTO `sales_items` VALUES (620, 217, 37, 0.00, 10.00, 1, NULL, '2017-09-21 22:33:24', '2017-09-21 22:33:24');
INSERT INTO `sales_items` VALUES (621, 218, 9, 0.50, 22.00, 1, NULL, '2017-09-21 22:36:21', '2017-09-21 22:36:21');
INSERT INTO `sales_items` VALUES (622, 218, 37, 0.00, 10.00, 1, NULL, '2017-09-21 22:36:21', '2017-09-21 22:36:21');
INSERT INTO `sales_items` VALUES (623, 219, 5, 2.00, 83.00, 1, NULL, '2017-09-21 22:38:31', '2017-09-21 22:38:31');
INSERT INTO `sales_items` VALUES (624, 219, 4, 2.00, 0.00, 1, NULL, '2017-09-21 22:38:31', '2017-09-21 22:38:31');
INSERT INTO `sales_items` VALUES (625, 219, 37, 0.00, 10.00, 1, NULL, '2017-09-21 22:38:31', '2017-09-21 22:38:31');
INSERT INTO `sales_items` VALUES (626, 220, 5, 2.00, 83.00, 1, NULL, '2017-09-21 22:40:50', '2017-09-21 22:40:50');
INSERT INTO `sales_items` VALUES (627, 220, 37, 0.00, 10.00, 1, NULL, '2017-09-21 22:40:50', '2017-09-21 22:40:50');
INSERT INTO `sales_items` VALUES (628, 220, 4, 2.00, 0.00, 1, NULL, '2017-09-21 22:40:50', '2017-09-21 22:40:50');
INSERT INTO `sales_items` VALUES (629, 221, 5, 2.00, 83.00, 1, NULL, '2017-09-21 22:43:18', '2017-09-21 22:43:18');
INSERT INTO `sales_items` VALUES (630, 221, 37, 0.00, 10.00, 1, NULL, '2017-09-21 22:43:18', '2017-09-21 22:43:18');
INSERT INTO `sales_items` VALUES (631, 221, 4, 2.00, 0.00, 1, NULL, '2017-09-21 22:43:18', '2017-09-21 22:43:18');
INSERT INTO `sales_items` VALUES (632, 222, 5, 2.00, 83.00, 1, NULL, '2017-09-21 22:47:30', '2017-09-21 22:47:30');
INSERT INTO `sales_items` VALUES (633, 222, 37, 0.00, 10.00, 1, NULL, '2017-09-21 22:47:30', '2017-09-21 22:47:30');
INSERT INTO `sales_items` VALUES (634, 222, 8, 0.00, 0.00, 1, NULL, '2017-09-21 22:47:30', '2017-09-21 22:47:30');
INSERT INTO `sales_items` VALUES (635, 223, 5, 2.00, 83.00, 2, NULL, '2017-09-21 22:50:34', '2017-09-21 22:50:34');
INSERT INTO `sales_items` VALUES (636, 223, 37, 0.00, 10.00, 1, NULL, '2017-09-21 22:50:34', '2017-09-21 22:50:34');
INSERT INTO `sales_items` VALUES (637, 223, 4, 2.00, 0.00, 1, NULL, '2017-09-21 22:50:34', '2017-09-21 22:50:34');
INSERT INTO `sales_items` VALUES (638, 224, 5, 2.00, 83.00, 2, NULL, '2017-09-21 22:53:32', '2017-09-21 22:53:32');
INSERT INTO `sales_items` VALUES (639, 224, 37, 0.00, 10.00, 1, NULL, '2017-09-21 22:53:32', '2017-09-21 22:53:32');
INSERT INTO `sales_items` VALUES (640, 224, 4, 2.00, 0.00, 1, NULL, '2017-09-21 22:53:32', '2017-09-21 22:53:32');
INSERT INTO `sales_items` VALUES (641, 225, 5, 2.00, 83.00, 1, NULL, '2017-09-21 22:55:52', '2017-09-21 22:55:52');
INSERT INTO `sales_items` VALUES (642, 225, 37, 0.00, 10.00, 1, NULL, '2017-09-21 22:55:52', '2017-09-21 22:55:52');
INSERT INTO `sales_items` VALUES (643, 225, 4, 2.00, 0.00, 1, NULL, '2017-09-21 22:55:52', '2017-09-21 22:55:52');
INSERT INTO `sales_items` VALUES (644, 226, 15, 0.50, 37.00, 1, NULL, '2017-09-24 04:11:01', '2017-09-24 04:11:01');
INSERT INTO `sales_items` VALUES (645, 226, 37, 0.00, 10.00, 1, NULL, '2017-09-24 04:11:01', '2017-09-24 04:11:01');
INSERT INTO `sales_items` VALUES (646, 227, 4, 2.00, 50.00, 2, NULL, '2017-09-24 04:13:46', '2017-09-24 04:13:46');
INSERT INTO `sales_items` VALUES (647, 227, 37, 0.00, 0.00, 1, NULL, '2017-09-24 04:13:46', '2017-09-24 04:13:46');
INSERT INTO `sales_items` VALUES (648, 228, 5, 2.00, 83.00, 2, NULL, '2017-09-24 05:17:41', '2017-09-24 05:17:41');
INSERT INTO `sales_items` VALUES (649, 228, 37, 0.00, 10.00, 1, NULL, '2017-09-24 05:17:41', '2017-09-24 05:17:41');
INSERT INTO `sales_items` VALUES (650, 229, 5, 2.00, 83.00, 1, NULL, '2017-09-24 05:20:49', '2017-09-24 05:20:49');
INSERT INTO `sales_items` VALUES (651, 229, 37, 0.00, 10.00, 1, NULL, '2017-09-24 05:20:49', '2017-09-24 05:20:49');
INSERT INTO `sales_items` VALUES (652, 230, 3, 0.50, 19.00, 1, NULL, '2017-09-24 06:36:28', '2017-09-24 06:36:28');
INSERT INTO `sales_items` VALUES (653, 230, 19, 0.00, 19.00, 1, NULL, '2017-09-24 06:36:28', '2017-09-24 06:36:28');
INSERT INTO `sales_items` VALUES (654, 230, 34, 0.50, 20.00, 1, NULL, '2017-09-24 06:36:28', '2017-09-24 06:36:28');
INSERT INTO `sales_items` VALUES (655, 231, 23, 3.00, 89.00, 1, NULL, '2017-09-24 06:40:49', '2017-09-24 06:40:49');
INSERT INTO `sales_items` VALUES (656, 232, 23, 3.00, 50.00, 1, NULL, '2017-09-24 06:42:22', '2017-09-24 06:42:22');
INSERT INTO `sales_items` VALUES (657, 233, 23, 3.00, 75.00, 1, NULL, '2017-09-24 06:44:30', '2017-09-24 06:44:30');
INSERT INTO `sales_items` VALUES (658, 233, 19, 0.00, 19.00, 1, NULL, '2017-09-24 06:44:30', '2017-09-24 06:44:30');
INSERT INTO `sales_items` VALUES (659, 233, 3, 0.50, 16.00, 1, NULL, '2017-09-24 06:44:30', '2017-09-24 06:44:30');
INSERT INTO `sales_items` VALUES (660, 234, 1, 2.50, 68.00, 1, NULL, '2017-09-24 06:46:21', '2017-09-24 06:46:21');
INSERT INTO `sales_items` VALUES (661, 234, 3, 0.50, 19.00, 1, NULL, '2017-09-24 06:46:21', '2017-09-24 06:46:21');
INSERT INTO `sales_items` VALUES (662, 234, 2, 2.00, 57.00, 1, NULL, '2017-09-24 06:46:21', '2017-09-24 06:46:21');
INSERT INTO `sales_items` VALUES (663, 235, 16, 2.00, 135.00, 1, NULL, '2017-09-24 06:51:30', '2017-09-24 06:51:30');
INSERT INTO `sales_items` VALUES (664, 235, 18, 0.50, 25.00, 1, NULL, '2017-09-24 06:51:30', '2017-09-24 06:51:30');
INSERT INTO `sales_items` VALUES (665, 235, 15, 0.50, 39.00, 1, NULL, '2017-09-24 06:51:30', '2017-09-24 06:51:30');
INSERT INTO `sales_items` VALUES (666, 235, 17, 1.00, 120.00, 1, NULL, '2017-09-24 06:51:30', '2017-09-24 06:51:30');
INSERT INTO `sales_items` VALUES (667, 235, 37, 0.00, 21.00, 1, NULL, '2017-09-24 06:51:30', '2017-09-24 06:51:30');
INSERT INTO `sales_items` VALUES (668, 236, 16, 2.00, 135.00, 1, NULL, '2017-09-24 06:54:34', '2017-09-24 06:54:34');
INSERT INTO `sales_items` VALUES (669, 236, 15, 0.50, 39.00, 1, NULL, '2017-09-24 06:54:34', '2017-09-24 06:54:34');
INSERT INTO `sales_items` VALUES (670, 236, 17, 1.00, 120.00, 1, NULL, '2017-09-24 06:54:34', '2017-09-24 06:54:34');
INSERT INTO `sales_items` VALUES (671, 236, 37, 0.00, 26.00, 1, NULL, '2017-09-24 06:54:34', '2017-09-24 06:54:34');
INSERT INTO `sales_items` VALUES (672, 237, 16, 2.00, 150.00, 1, NULL, '2017-09-24 07:03:13', '2017-09-24 07:03:13');
INSERT INTO `sales_items` VALUES (673, 237, 37, 0.00, 20.00, 1, NULL, '2017-09-24 07:03:13', '2017-09-24 07:03:13');
INSERT INTO `sales_items` VALUES (674, 238, 16, 2.00, 135.00, 1, NULL, '2017-09-24 07:06:21', '2017-09-24 07:06:21');
INSERT INTO `sales_items` VALUES (675, 238, 37, 0.00, 20.00, 1, NULL, '2017-09-24 07:06:21', '2017-09-24 07:06:21');
INSERT INTO `sales_items` VALUES (676, 238, 15, 0.50, 39.00, 1, NULL, '2017-09-24 07:06:21', '2017-09-24 07:06:21');
INSERT INTO `sales_items` VALUES (677, 239, 5, 2.00, 83.00, 2, NULL, '2017-10-24 23:20:46', '2017-10-24 23:20:46');
INSERT INTO `sales_items` VALUES (678, 239, 37, 0.00, 10.00, 1, NULL, '2017-10-24 23:20:46', '2017-10-24 23:20:46');
INSERT INTO `sales_items` VALUES (679, 239, 4, 2.00, 59.00, 1, NULL, '2017-10-24 23:20:46', '2017-10-24 23:20:46');
INSERT INTO `sales_items` VALUES (680, 240, 5, 2.00, 83.00, 1, NULL, '2017-10-24 23:26:07', '2017-10-24 23:26:07');
INSERT INTO `sales_items` VALUES (681, 240, 37, 0.00, 10.00, 1, NULL, '2017-10-24 23:26:07', '2017-10-24 23:26:07');
INSERT INTO `sales_items` VALUES (682, 241, 5, 2.00, 83.00, 2, NULL, '2017-10-24 23:29:25', '2017-10-24 23:29:25');
INSERT INTO `sales_items` VALUES (683, 241, 37, 0.00, 10.00, 1, NULL, '2017-10-24 23:29:25', '2017-10-24 23:29:25');
INSERT INTO `sales_items` VALUES (684, 242, 5, 2.00, 83.00, 1, NULL, '2017-10-24 23:34:27', '2017-10-24 23:34:27');
INSERT INTO `sales_items` VALUES (685, 242, 37, 0.00, 10.00, 1, NULL, '2017-10-24 23:34:27', '2017-10-24 23:34:27');
INSERT INTO `sales_items` VALUES (686, 243, 4, 2.00, 50.00, 1, NULL, '2017-10-24 23:40:55', '2017-10-24 23:40:55');
INSERT INTO `sales_items` VALUES (687, 243, 3, 0.50, 15.00, 2, NULL, '2017-10-24 23:40:55', '2017-10-24 23:40:55');
INSERT INTO `sales_items` VALUES (688, 243, 15, 0.50, 39.00, 1, NULL, '2017-10-24 23:40:55', '2017-10-24 23:40:55');
INSERT INTO `sales_items` VALUES (689, 243, 9, 0.50, 35.00, 1, NULL, '2017-10-24 23:40:55', '2017-10-24 23:40:55');
INSERT INTO `sales_items` VALUES (690, 243, 10, 0.00, 27.00, 1, NULL, '2017-10-24 23:40:55', '2017-10-24 23:40:55');
INSERT INTO `sales_items` VALUES (691, 243, 19, 0.00, 15.00, 1, NULL, '2017-10-24 23:40:55', '2017-10-24 23:40:55');
INSERT INTO `sales_items` VALUES (692, 243, 8, 0.00, 0.00, 1, NULL, '2017-10-24 23:40:55', '2017-10-24 23:40:55');
INSERT INTO `sales_items` VALUES (693, 244, 2, 2.00, 57.00, 1, NULL, '2017-10-24 23:46:33', '2017-10-24 23:46:33');
INSERT INTO `sales_items` VALUES (694, 244, 19, 0.00, 19.00, 1, NULL, '2017-10-24 23:46:33', '2017-10-24 23:46:33');
INSERT INTO `sales_items` VALUES (695, 244, 37, 0.00, 10.00, 1, NULL, '2017-10-24 23:46:33', '2017-10-24 23:46:33');
INSERT INTO `sales_items` VALUES (696, 245, 5, 2.00, 75.00, 3, NULL, '2017-10-24 23:50:04', '2017-10-24 23:50:04');
INSERT INTO `sales_items` VALUES (697, 245, 37, 0.00, 0.00, 1, NULL, '2017-10-24 23:50:04', '2017-10-24 23:50:04');
INSERT INTO `sales_items` VALUES (698, 246, 5, 2.00, 83.00, 2, NULL, '2017-10-24 23:57:21', '2017-10-24 23:57:21');
INSERT INTO `sales_items` VALUES (699, 246, 37, 0.00, 10.00, 1, NULL, '2017-10-24 23:57:21', '2017-10-24 23:57:21');
INSERT INTO `sales_items` VALUES (700, 247, 5, 2.00, 83.00, 1, NULL, '2017-10-25 00:00:20', '2017-10-25 00:00:20');
INSERT INTO `sales_items` VALUES (701, 247, 37, 0.00, 10.00, 1, NULL, '2017-10-25 00:00:20', '2017-10-25 00:00:20');
INSERT INTO `sales_items` VALUES (702, 248, 5, 2.00, 83.00, 1, NULL, '2017-12-21 13:50:10', '2017-12-21 13:50:10');
INSERT INTO `sales_items` VALUES (703, 249, 32, 0.00, 12.00, 1, NULL, '2017-12-21 13:51:18', '2017-12-21 13:51:18');
INSERT INTO `sales_items` VALUES (704, 250, 5, 2.00, 83.00, 1, NULL, '2017-12-21 13:56:07', '2017-12-21 13:56:07');
INSERT INTO `sales_items` VALUES (705, 250, 8, 0.00, 0.00, 1, NULL, '2017-12-21 13:56:07', '2017-12-21 13:56:07');
INSERT INTO `sales_items` VALUES (706, 250, 37, 0.00, 10.00, 1, NULL, '2017-12-21 13:56:07', '2017-12-21 13:56:07');
INSERT INTO `sales_items` VALUES (707, 251, 1, 2.50, 68.00, 1, NULL, '2017-12-21 14:02:13', '2017-12-21 14:02:13');
INSERT INTO `sales_items` VALUES (708, 251, 2, 2.00, 57.00, 1, NULL, '2017-12-21 14:02:13', '2017-12-21 14:02:13');
INSERT INTO `sales_items` VALUES (709, 251, 4, 2.00, 59.00, 1, NULL, '2017-12-21 14:02:13', '2017-12-21 14:02:13');
INSERT INTO `sales_items` VALUES (710, 251, 37, 0.00, 10.00, 1, NULL, '2017-12-21 14:02:13', '2017-12-21 14:02:13');
INSERT INTO `sales_items` VALUES (711, 252, 9, 0.50, 35.00, 1, NULL, '2017-12-21 15:04:06', '2017-12-21 15:04:06');
INSERT INTO `sales_items` VALUES (712, 252, 3, 0.50, 19.00, 1, NULL, '2017-12-21 15:04:06', '2017-12-21 15:04:06');
INSERT INTO `sales_items` VALUES (713, 252, 37, 0.00, 10.00, 1, NULL, '2017-12-21 15:04:06', '2017-12-21 15:04:06');
INSERT INTO `sales_items` VALUES (714, 253, 5, 2.00, 83.00, 1, NULL, '2017-12-21 15:06:37', '2017-12-21 15:06:37');
INSERT INTO `sales_items` VALUES (715, 253, 8, 0.00, 0.00, 1, NULL, '2017-12-21 15:06:37', '2017-12-21 15:06:37');
INSERT INTO `sales_items` VALUES (716, 253, 37, 0.00, 10.00, 1, NULL, '2017-12-21 15:06:37', '2017-12-21 15:06:37');
INSERT INTO `sales_items` VALUES (717, 254, 4, 2.00, 50.00, 2, NULL, '2017-12-21 15:10:22', '2017-12-21 15:10:22');
INSERT INTO `sales_items` VALUES (718, 254, 37, 0.00, 8.00, 1, NULL, '2017-12-21 15:10:22', '2017-12-21 15:10:22');
INSERT INTO `sales_items` VALUES (719, 255, 16, 2.00, 135.00, 1, NULL, '2017-12-21 15:14:33', '2017-12-21 15:14:33');
INSERT INTO `sales_items` VALUES (720, 255, 37, 0.00, 30.00, 1, NULL, '2017-12-21 15:14:33', '2017-12-21 15:14:33');
INSERT INTO `sales_items` VALUES (721, 256, 37, 0.00, 20.00, 1, NULL, '2017-12-21 15:27:43', '2017-12-21 15:27:43');
INSERT INTO `sales_items` VALUES (722, 257, 5, 2.00, 83.00, 1, NULL, '2017-12-21 15:30:46', '2017-12-21 15:30:46');
INSERT INTO `sales_items` VALUES (723, 257, 37, 0.00, 10.00, 1, NULL, '2017-12-21 15:30:46', '2017-12-21 15:30:46');
INSERT INTO `sales_items` VALUES (724, 258, 5, 2.00, 83.00, 1, NULL, '2017-12-21 15:35:16', '2017-12-21 15:35:16');
INSERT INTO `sales_items` VALUES (725, 258, 8, 0.00, 0.00, 1, NULL, '2017-12-21 15:35:16', '2017-12-21 15:35:16');
INSERT INTO `sales_items` VALUES (726, 258, 37, 0.00, 10.00, 1, NULL, '2017-12-21 15:35:16', '2017-12-21 15:35:16');
INSERT INTO `sales_items` VALUES (727, 259, 5, 2.00, 83.00, 1, NULL, '2017-12-21 15:38:03', '2017-12-21 15:38:03');
INSERT INTO `sales_items` VALUES (728, 259, 4, 2.00, 0.00, 1, NULL, '2017-12-21 15:38:03', '2017-12-21 15:38:03');
INSERT INTO `sales_items` VALUES (729, 259, 37, 0.00, 10.00, 1, NULL, '2017-12-21 15:38:03', '2017-12-21 15:38:03');
INSERT INTO `sales_items` VALUES (730, 260, 5, 2.00, 83.00, 1, NULL, '2017-12-21 15:41:56', '2017-12-21 15:41:56');
INSERT INTO `sales_items` VALUES (731, 260, 37, 0.00, 10.00, 1, NULL, '2017-12-21 15:41:56', '2017-12-21 15:41:56');
INSERT INTO `sales_items` VALUES (732, 260, 7, 1.00, 0.00, 1, NULL, '2017-12-21 15:41:56', '2017-12-21 15:41:56');
INSERT INTO `sales_items` VALUES (733, 261, 7, 1.00, 33.33, 3, NULL, '2017-12-21 15:47:51', '2017-12-21 15:47:51');
INSERT INTO `sales_items` VALUES (734, 261, 37, 0.00, 10.00, 1, NULL, '2017-12-21 15:47:51', '2017-12-21 15:47:51');
INSERT INTO `sales_items` VALUES (735, 261, 4, 2.00, 59.00, 1, NULL, '2017-12-21 15:47:51', '2017-12-21 15:47:51');
INSERT INTO `sales_items` VALUES (736, 262, 5, 2.00, 83.00, 1, NULL, '2017-12-21 15:53:29', '2017-12-21 15:53:29');
INSERT INTO `sales_items` VALUES (737, 262, 4, 2.00, 0.00, 1, NULL, '2017-12-21 15:53:29', '2017-12-21 15:53:29');
INSERT INTO `sales_items` VALUES (738, 262, 37, 0.00, 10.00, 1, NULL, '2017-12-21 15:53:29', '2017-12-21 15:53:29');
INSERT INTO `sales_items` VALUES (739, 263, 5, 2.00, 83.00, 1, NULL, '2017-12-21 15:56:35', '2017-12-21 15:56:35');
INSERT INTO `sales_items` VALUES (740, 263, 8, 0.00, 0.00, 1, NULL, '2017-12-21 15:56:35', '2017-12-21 15:56:35');
INSERT INTO `sales_items` VALUES (741, 263, 37, 0.00, 10.00, 1, NULL, '2017-12-21 15:56:35', '2017-12-21 15:56:35');
INSERT INTO `sales_items` VALUES (742, 264, 5, 2.00, 83.00, 1, NULL, '2017-12-21 15:59:26', '2017-12-21 15:59:26');
INSERT INTO `sales_items` VALUES (743, 264, 8, 0.00, 0.00, 1, NULL, '2017-12-21 15:59:26', '2017-12-21 15:59:26');
INSERT INTO `sales_items` VALUES (744, 264, 37, 0.00, 10.00, 1, NULL, '2017-12-21 15:59:26', '2017-12-21 15:59:26');
INSERT INTO `sales_items` VALUES (745, 265, 5, 2.00, 83.00, 1, NULL, '2017-12-21 16:02:03', '2017-12-21 16:02:03');
INSERT INTO `sales_items` VALUES (746, 265, 4, 2.00, 0.00, 1, NULL, '2017-12-21 16:02:03', '2017-12-21 16:02:03');
INSERT INTO `sales_items` VALUES (747, 265, 37, 0.00, 10.00, 1, NULL, '2017-12-21 16:02:03', '2017-12-21 16:02:03');
INSERT INTO `sales_items` VALUES (748, 266, 5, 2.00, 83.00, 1, NULL, '2017-12-21 16:05:26', '2017-12-21 16:05:26');
INSERT INTO `sales_items` VALUES (749, 266, 8, 0.00, 0.00, 1, NULL, '2017-12-21 16:05:26', '2017-12-21 16:05:26');
INSERT INTO `sales_items` VALUES (750, 266, 37, 0.00, 10.00, 1, NULL, '2017-12-21 16:05:26', '2017-12-21 16:05:26');
INSERT INTO `sales_items` VALUES (751, 267, 1, 2.50, 68.00, 1, NULL, '2017-12-21 16:54:34', '2017-12-21 16:54:34');
INSERT INTO `sales_items` VALUES (752, 268, 24, 1.00, 29.00, 1, NULL, '2017-12-21 16:58:45', '2017-12-21 16:58:45');
INSERT INTO `sales_items` VALUES (753, 268, 36, 0.00, 7.00, 1, NULL, '2017-12-21 16:58:45', '2017-12-21 16:58:45');
INSERT INTO `sales_items` VALUES (754, 269, 23, 3.00, 89.00, 1, NULL, '2017-12-21 17:01:17', '2017-12-21 17:01:17');
INSERT INTO `sales_items` VALUES (755, 269, 24, 1.00, 21.00, 1, NULL, '2017-12-21 17:01:17', '2017-12-21 17:01:17');
INSERT INTO `sales_items` VALUES (756, 270, 16, 2.00, 135.00, 1, NULL, '2017-12-21 17:06:17', '2017-12-21 17:06:17');
INSERT INTO `sales_items` VALUES (757, 270, 17, 1.00, 120.00, 1, NULL, '2017-12-21 17:06:17', '2017-12-21 17:06:17');
INSERT INTO `sales_items` VALUES (758, 270, 15, 0.50, 39.00, 1, NULL, '2017-12-21 17:06:17', '2017-12-21 17:06:17');
INSERT INTO `sales_items` VALUES (759, 270, 18, 0.50, 20.00, 1, NULL, '2017-12-21 17:06:17', '2017-12-21 17:06:17');
INSERT INTO `sales_items` VALUES (760, 270, 3, 0.50, 0.00, 1, NULL, '2017-12-21 17:06:17', '2017-12-21 17:06:17');
INSERT INTO `sales_items` VALUES (761, 271, 5, 2.00, 83.00, 2, NULL, '2017-12-21 18:57:15', '2017-12-21 18:57:15');
INSERT INTO `sales_items` VALUES (762, 271, 37, 0.00, 10.00, 1, NULL, '2017-12-21 18:57:15', '2017-12-21 18:57:15');
INSERT INTO `sales_items` VALUES (763, 272, 36, 0.00, 7.00, 3, NULL, '2017-12-21 19:00:07', '2017-12-21 19:00:07');
INSERT INTO `sales_items` VALUES (764, 272, 37, 0.00, 7.00, 1, NULL, '2017-12-21 19:00:07', '2017-12-21 19:00:07');
INSERT INTO `sales_items` VALUES (765, 273, 5, 2.00, 83.00, 2, NULL, '2017-12-21 19:03:00', '2017-12-21 19:03:00');
INSERT INTO `sales_items` VALUES (766, 273, 4, 2.00, 0.00, 2, NULL, '2017-12-21 19:03:00', '2017-12-21 19:03:00');
INSERT INTO `sales_items` VALUES (767, 273, 37, 0.00, 10.00, 1, NULL, '2017-12-21 19:03:00', '2017-12-21 19:03:00');
INSERT INTO `sales_items` VALUES (768, 274, 7, 1.00, 33.33, 3, NULL, '2017-12-21 19:06:26', '2017-12-21 19:06:26');
INSERT INTO `sales_items` VALUES (769, 274, 4, 2.00, 0.00, 1, NULL, '2017-12-21 19:06:26', '2017-12-21 19:06:26');
INSERT INTO `sales_items` VALUES (770, 274, 37, 0.00, 10.00, 1, NULL, '2017-12-21 19:06:26', '2017-12-21 19:06:26');
INSERT INTO `sales_items` VALUES (771, 275, 1, 2.50, 68.00, 1, NULL, '2017-12-21 19:10:28', '2017-12-21 19:10:28');
INSERT INTO `sales_items` VALUES (772, 275, 2, 2.00, 57.00, 1, NULL, '2017-12-21 19:10:28', '2017-12-21 19:10:28');
INSERT INTO `sales_items` VALUES (773, 275, 37, 0.00, 10.00, 1, NULL, '2017-12-21 19:10:28', '2017-12-21 19:10:28');
INSERT INTO `sales_items` VALUES (774, 276, 9, 0.50, 32.00, 1, NULL, '2017-12-21 19:13:47', '2017-12-21 19:13:47');
INSERT INTO `sales_items` VALUES (775, 276, 4, 2.00, 0.00, 1, NULL, '2017-12-21 19:13:47', '2017-12-21 19:13:47');
INSERT INTO `sales_items` VALUES (776, 276, 37, 0.00, 0.00, 1, NULL, '2017-12-21 19:13:47', '2017-12-21 19:13:47');
INSERT INTO `sales_items` VALUES (777, 277, 1, 2.50, 68.00, 1, NULL, '2017-12-21 19:16:00', '2017-12-21 19:16:00');
INSERT INTO `sales_items` VALUES (778, 277, 2, 2.00, 57.00, 1, NULL, '2017-12-21 19:16:00', '2017-12-21 19:16:00');
INSERT INTO `sales_items` VALUES (779, 277, 37, 0.00, 10.00, 1, NULL, '2017-12-21 19:16:00', '2017-12-21 19:16:00');
INSERT INTO `sales_items` VALUES (780, 278, 16, 2.00, 135.00, 1, NULL, '2017-12-21 19:18:17', '2017-12-21 19:18:17');
INSERT INTO `sales_items` VALUES (781, 278, 37, 0.00, 30.00, 1, NULL, '2017-12-21 19:18:17', '2017-12-21 19:18:17');

-- ----------------------------
